{"id":13259,"date":"2020-03-14T09:22:05","date_gmt":"2020-03-14T08:22:05","guid":{"rendered":"https:\/\/www.akademie-solitude.de\/?post_type=event&#038;p=13259"},"modified":"2021-12-07T20:42:23","modified_gmt":"2021-12-07T19:42:23","slug":"unesco-welttag-der-poesie-mit-luise-boege","status":"publish","type":"event","link":"https:\/\/www.akademie-solitude.de\/de\/event\/unesco-welttag-der-poesie-mit-luise-boege\/","title":{"rendered":"UNESCO-Welttag der Poesie mit Luise Boege"},"content":{"rendered":"","protected":false},"author":8,"featured_media":0,"template":"","categories":[29],"class_list":["post-13259","event","type-event","status-publish","hentry","category-lesung"],"acf":{"bgcolor":"","bgcolor_custom":"","custom_color_css_variable":"","content_type":null,"intro_preview_headline":"","intro_preview_txt":"Aufgrund der Ausbreitung des COVID-19 Virus wurde die Veranstaltung abgesagt!\r\nUnter der Schirmherrschaft der Deutschen UNESCO-Kommission richtet auch 2020 das\u00a0Haus\u00a0f\u00fcr Poesie\u00a0in Berlin die zentrale\u00a0Veranstaltung\u00a0zum Welttag der Poesie\u00a0in Deutschland aus. Autor*innen aus verschiedenen Teilen der Welt lesen ihre Texte im Original \u2013 dazu erklingen die deutschen \u00dcbersetzungen","intro_preview_img":19207,"event_id_old":"","event_subtitle":"","event_date":"2020-03-20 19:00:00","event_date_end":"2020-03-20 19:00:00","event_location":[{"event_location_name":"Stiftung Brandenburger Tor, Max Liebermann Haus, Pariser Platz 7, 10117 Berlin","event_location_link":"https:\/\/stiftungbrandenburgertor.de\/"},{"event_location_name":"Berlin","event_location_link":""}],"event_programme":"","event_taxonomy_category":[29],"event_practice_field":false,"event_opening":"","event_opening_times":"","event_additional_info":"Eintritt frei.","event_txt_old":"Unter der Schirmherrschaft der Deutschen UNESCO-Kommission richtet auch 2020 das\u00a0Haus\u00a0f\u00fcr Poesie\u00a0in Berlin die zentrale\u00a0Veranstaltung\u00a0zum Welttag der Poesie\u00a0in Deutschland aus. Autor*innen aus verschiedenen Teilen der Welt lesen ihre Texte im Original \u2013 dazu erklingen die deutschen \u00dcbersetzungen. Der Welttag der Poesie soll Verlage ermutigen, poetische Werke besonders von jungen Dichter*innen zu unterst\u00fctzen und dazu beitragen, den kulturellen Austausch zwischen den V\u00f6lkern zu intensivieren. W\u00e4hrend des Abends liest Luise Boege, Stipendiatin der Akademie Schloss Solitude 2019, vor. In ihrem Text beschreibt sie eine H\u00f6lle voller Gl\u00fccksspielautomaten. Die weiteren Dichter*innen sind Ali Abdollahi, Ghayath Almadhoun, Nancy Campbell, and Carles Torner.\r\n\r\nEine Veranstaltung der Stiftung Brandenburger Tor in Kooperation mit dem Haus f\u00fcr Poesie, mit der Akademie Schloss Solitude, dem Berliner K\u00fcnstlerprogramm des DAAD und dem Internationalen K\u00fcnstlerhaus Villa Concordia Bamberg. Mit freundlicher Unterst\u00fctzung des Institutes Ramon Llull.\r\n\r\nEintritt frei.\r\n<p class=\"is-size-6\"><strong>Wo: <\/strong>Stiftung Brandenburger Tor, Max Liebermann Haus, Pariser Platz 7, 10117 Berlin\r\n<strong>Wann:<\/strong> Freitag, 20. M\u00e4rz 2020, ab 19 Uhr\r\n<strong>Anmeldung:<\/strong>\u00a0bis zum 13. M\u00e4rz 2020 unter veranstaltungen@stiftungbrandenburgertor.de<\/p>\r\n&nbsp;","event_more_events":"","related_posts_event":[6988]},"_links":{"self":[{"href":"https:\/\/www.akademie-solitude.de\/de\/wp-json\/wp\/v2\/event\/13259","targetHints":{"allow":["GET"]}}],"collection":[{"href":"https:\/\/www.akademie-solitude.de\/de\/wp-json\/wp\/v2\/event"}],"about":[{"href":"https:\/\/www.akademie-solitude.de\/de\/wp-json\/wp\/v2\/types\/event"}],"author":[{"embeddable":true,"href":"https:\/\/www.akademie-solitude.de\/de\/wp-json\/wp\/v2\/users\/8"}],"acf:post":[{"embeddable":true,"href":"https:\/\/www.akademie-solitude.de\/de\/wp-json\/wp\/v2\/person\/6988"}],"acf:term":[{"embeddable":true,"taxonomy":"category","href":"https:\/\/www.akademie-solitude.de\/de\/wp-json\/wp\/v2\/categories\/29"}],"wp:attachment":[{"href":"https:\/\/www.akademie-solitude.de\/de\/wp-json\/wp\/v2\/media?parent=13259"}],"wp:term":[{"taxonomy":"category","embeddable":true,"href":"https:\/\/www.akademie-solitude.de\/de\/wp-json\/wp\/v2\/categories?post=13259"}],"curies":[{"name":"wp","href":"https:\/\/api.w.org\/{rel}","templated":true}]}}

Aufgrund der Ausbreitung des COVID-19 Virus wurde die Veranstaltung abgesagt!
Unter der Schirmherrschaft der Deutschen UNESCO-Kommission richtet auch 2020 das Haus für Poesie in Berlin die zentrale Veranstaltung zum Welttag der Poesie in Deutschland aus. Autor*innen aus verschiedenen Teilen der Welt lesen ihre Texte im Original – dazu erklingen die deutschen Übersetzungen

Unter der Schirmherrschaft der Deutschen UNESCO-Kommission richtet auch 2020 das Haus für Poesie in Berlin die zentrale Veranstaltung zum Welttag der Poesie in Deutschland aus. Autor*innen aus verschiedenen Teilen der Welt lesen ihre Texte im Original – dazu erklingen die deutschen Übersetzungen. Der Welttag der Poesie soll Verlage ermutigen, poetische Werke besonders von jungen Dichter*innen zu unterstützen und dazu beitragen, den kulturellen Austausch zwischen den Völkern zu intensivieren. Während des Abends liest Luise Boege, Stipendiatin der Akademie Schloss Solitude 2019, vor. In ihrem Text beschreibt sie eine Hölle voller Glücksspielautomaten. Die weiteren Dichter*innen sind Ali Abdollahi, Ghayath Almadhoun, Nancy Campbell, and Carles Torner.

Eine Veranstaltung der Stiftung Brandenburger Tor in Kooperation mit dem Haus für Poesie, mit der Akademie Schloss Solitude, dem Berliner Künstlerprogramm des DAAD und dem Internationalen Künstlerhaus Villa Concordia Bamberg. Mit freundlicher Unterstützung des Institutes Ramon Llull.

Eintritt frei.
<p class="is-size-6"><strong>Wo: </strong>Stiftung Brandenburger Tor, Max Liebermann Haus, Pariser Platz 7, 10117 Berlin
<strong>Wann:</strong> Freitag, 20. März 2020, ab 19 Uhr
<strong>Anmeldung:</strong> bis zum 13. März 2020 unter veranstaltungen@stiftungbrandenburgertor.de</p>
&nbsp;
