{"id":21278,"date":"2020-09-11T16:25:23","date_gmt":"2020-09-11T14:25:23","guid":{"rendered":"https:\/\/www.akademie-solitude.de\/?post_type=event&#038;p=21278"},"modified":"2021-08-06T13:52:23","modified_gmt":"2021-08-06T11:52:23","slug":"transformation-unfolding-the-future-nikita-dhawan","status":"publish","type":"event","link":"https:\/\/www.akademie-solitude.de\/de\/event\/transformation-unfolding-the-future-nikita-dhawan\/","title":{"rendered":"\u00bbTransformation \u2013 Unfolding the Future\u00ab"},"content":{"rendered":"","protected":false},"author":8,"featured_media":0,"template":"","categories":[17,34],"class_list":["post-21278","event","type-event","status-publish","hentry","category-diskurs","category-veranstaltungsreihe"],"acf":{"bgcolor":"","bgcolor_custom":"","custom_color_css_variable":"","content_type":[{"acf_fc_layout":"content_txt","acfe_flexible_layout_title":"Text","bgcolor":"","bgcolor_custom":"","layout_col_size":8,"txt_cols":"is-1-txtcol","txt":"<h3 style=\"text-align: center;\"><span class=\"has-font-maison-neue-extended\" style=\"font-family: 'Maison Neue Extended';\">Online-Vortrags- und Workshopreihe \u00bbTransformation \u2014 Unfolding the Future\u00ab<\/span><\/h3>\r\n<div>\r\n\r\n<span class=\"has-font-reckless-light\" style=\"font-family: 'Reckless Regular';\">Die Online-Vortrags- und Workshopreihe \u00bbTransformation \u2013 Unfolding the Future\u00ab bringt internationale Wissenschaftler*innen und K\u00fcnstler*innen zusammen, die in die Debatte um die Gestaltung unserer Gesellschaft und unseres Zusammenlebens wesentliche Beitr\u00e4ge einbringen. Mit ihrer Forschung stellen die Vortragenden Fragen nach sozialer Transformation, politischen Neuerungen und Solidarit\u00e4t. Die Rolle von K\u00fcnstler*innen und k\u00fcnstlerischem Schaffen bei der Gestaltung der Zukunft steht im Mittelpunkt der Vortrags- und Workshopreihe.<\/span>\r\n\r\n<\/div>\r\n<div>\r\n\r\n<span class=\"has-font-reckless-light\" style=\"font-family: 'Reckless Regular';\">Das neuartige digitale Format reagiert sowohl auf die globale Corona-Pandemie als auch die Klimakrise \u2013 und schafft Zug\u00e4nge und Angebote, die ohne reisen zu m\u00fcssen wahrgenommen werden k\u00f6nnen. Es wurde von Nishant Shah, Vizepr\u00e4sident Research an der ArtEZ University of the Arts, The Netherlands zusammen mit der Akademie Schloss Solitude entwickelt. Die Vortrags- und Workshopreihe versteht sich als Forum f\u00fcr Forschung und Austausch in Zeiten von Social Distancing. Dar\u00fcber hinaus l\u00e4dt es das weltweite Netzwerk der Akademie Schloss Solitude zur Teilnahme ein.<\/span>\r\n\r\n<\/div>\r\n<div>\r\n\r\n<span class=\"has-font-reckless-light\" style=\"font-family: 'Reckless Regular';\">Die einzelnen Module bestehen aus einem Impulsvortrag, der f\u00fcr mehrere Wochen online abrufbar ist. W\u00e4hrend dieser Zeit k\u00f6nnen Fragen, Anregungen und Feedback eingebracht und geteilt werden. Die Fragen werden dann zusammengef\u00fchrt und zu Schwerpunkten geb\u00fcndelt. Im n\u00e4chsten Schritt findet ein Online-Live-Event zwischen Moderator*in und Redner*in statt. Aus den Aufnahmen speist sich ein wachsendes Archiv, das dauerhaft auf unserer Webseite zug\u00e4nglich ist.<\/span>\r\n\r\n<\/div>"},{"acf_fc_layout":"content_spacer","acfe_flexible_layout_title":"Leerraum-Container","bgcolor":"","bgcolor_custom":"","layout_col_size":12,"space_height":30},{"acf_fc_layout":"content_spacer","acfe_flexible_layout_title":"Leerraum-Container","bgcolor":"has-bg-grey","bgcolor_custom":"","layout_col_size":2,"space_height":""},{"acf_fc_layout":"content_txt","acfe_flexible_layout_title":"Text","bgcolor":"has-bg-grey","bgcolor_custom":"","layout_col_size":8,"txt_cols":"is-1-txtcol","txt":"<p class=\"is-size-6\"><span class=\"has-font-maison-neue\" style=\"font-family: 'Maison Neue';\">Der Impulsvortrag \u00bbThe Future Is a Risk Masquerading As a Promise\u00ab von Nikita Dhawan wurde am 23. September 2020 um 19 Uhr auf unserer Webseite sowie auf unserem Vimeo-Kanal ver\u00f6ffentlicht. Der Vortrag ist kostenlos und ohne Anmeldung abrufbar.<\/span><\/p>\r\n\r\n<div>\r\n<p class=\"is-size-6\"><span class=\"has-font-maison-neue\" style=\"font-family: 'Maison Neue';\">Am 7. Oktober 2020 um 19 Uhr findet ein Online-Gespr\u00e4ch zwischen Nikita Dhawan und Maria do Mar Castro (Alice-Salomon-Hochschule Berlin) statt. In die Diskussion flie\u00dfen auch das Feedback, Fragen und die Kommentare der Zuschauer*innen des Impulsvortrags ein. \u00dcber die Chatfunktion besteht die M\u00f6glichkeit sich live in das Gespr\u00e4ch zu integrieren. Hier geht es zur Live-Diskussion: <a href=\"https:\/\/vimeo.com\/449580682\">https:\/\/vimeo.com\/449580682<\/a><\/span><\/p>\r\n\r\n<\/div>\r\n<p class=\"is-size-6\"><span class=\"has-font-maison-neue\" style=\"font-family: 'Maison Neue';\">Die Vortr\u00e4ge und Diskussionen finden in englischer Sprache statt.<\/span><\/p>"},{"acf_fc_layout":"content_spacer","acfe_flexible_layout_title":"Leerraum-Container","bgcolor":"has-bg-grey","bgcolor_custom":"","layout_col_size":2,"space_height":""},{"acf_fc_layout":"content_spacer","acfe_flexible_layout_title":"Leerraum-Container","bgcolor":"has-bg-blue","bgcolor_custom":"","layout_col_size":12,"space_height":60},{"acf_fc_layout":"content_spacer","acfe_flexible_layout_title":"Leerraum-Container","bgcolor":"has-bg-blue","bgcolor_custom":"","layout_col_size":2,"space_height":""},{"acf_fc_layout":"content_txt","acfe_flexible_layout_title":"Text","bgcolor":"has-bg-blue","bgcolor_custom":"","layout_col_size":8,"txt_cols":"is-1-txtcol","txt":"<h3 style=\"text-align: center;\"><span class=\"has-font-maison-neue-extended\" style=\"font-family: 'Maison Neue Extended';\">Nikita Dhawan: \u00bbThe Future Is a Risk Masquerading as a Promise\u00ab<\/span><\/h3>\r\n<p class=\"is-size-6\"><span class=\"has-font-maison-neue\" style=\"font-family: 'Maison Neue';\">Impulsvortrag:\u00a0abrufbar ab Mittwoch, 23. September 2020, 19 Uhr<\/span>\r\n<span class=\"has-font-maison-neue\" style=\"font-family: 'Maison Neue';\">Online-Live-Gespr\u00e4ch: Mittwoch, 7. Oktober 2020, 19 Uhr, moderiert von Mar\u00eda do Mar Castro Varela<\/span><\/p>\r\nIn ihrem Impulsvortrag besch\u00e4ftigt sich Nikita Dhawan mit der Frage, wie man eine Zukunft imaginieren kann, die sich von unserer imperialistischen Vergangenheit und Gegenwart abl\u00f6st. Im R\u00fcckgriff auf die historischen Positionen wie Wladimir Lenin, Theodor Adorno und Jacques Derrida n\u00e4hert sie sich der Frage \u00bbWas tun?\u00ab, auf die sie mit Angela Davis' Untersuchungen zu den Bedingungen f\u00fcr sozialen Wandel zu antworten versucht."},{"acf_fc_layout":"content_spacer","acfe_flexible_layout_title":"Leerraum-Container","bgcolor":"has-bg-blue","bgcolor_custom":"","layout_col_size":2,"space_height":""},{"acf_fc_layout":"content_spacer","acfe_flexible_layout_title":"Leerraum-Container","bgcolor":"has-bg-blue","bgcolor_custom":"","layout_col_size":12,"space_height":30},{"acf_fc_layout":"content_spacer","acfe_flexible_layout_title":"Leerraum-Container","bgcolor":"has-bg-blue","bgcolor_custom":"","layout_col_size":2,"space_height":""},{"acf_fc_layout":"content_video","acfe_flexible_layout_title":"Video \/ Film","bgcolor":"has-bg-blue","bgcolor_custom":"","layout_col_size":8,"video_embed":"https:\/\/vimeo.com\/457714954","video":{"video_mp4":null,"video_webm":null}},{"acf_fc_layout":"content_spacer","acfe_flexible_layout_title":"Leerraum-Container","bgcolor":"has-bg-blue","bgcolor_custom":"","layout_col_size":2,"space_height":""},{"acf_fc_layout":"content_spacer","acfe_flexible_layout_title":"Leerraum-Container","bgcolor":"has-bg-blue","bgcolor_custom":"","layout_col_size":12,"space_height":30},{"acf_fc_layout":"content_spacer","acfe_flexible_layout_title":"Leerraum-Container","bgcolor":"has-bg-blue","bgcolor_custom":"","layout_col_size":2,"space_height":""},{"acf_fc_layout":"content_video","acfe_flexible_layout_title":"Video \/ Film","bgcolor":"has-bg-blue","bgcolor_custom":"","layout_col_size":8,"video_embed":"https:\/\/vimeo.com\/457717594","video":{"video_mp4":null,"video_webm":null}},{"acf_fc_layout":"content_spacer","acfe_flexible_layout_title":"Leerraum-Container","bgcolor":"has-bg-blue","bgcolor_custom":"","layout_col_size":2,"space_height":""},{"acf_fc_layout":"content_spacer","acfe_flexible_layout_title":"Leerraum-Container","bgcolor":"has-bg-blue","bgcolor_custom":"","layout_col_size":12,"space_height":30},{"acf_fc_layout":"content_spacer","acfe_flexible_layout_title":"Leerraum-Container","bgcolor":"has-bg-blue","bgcolor_custom":"","layout_col_size":2,"space_height":""},{"acf_fc_layout":"content_video","acfe_flexible_layout_title":"Video \/ Film","bgcolor":"has-bg-blue","bgcolor_custom":"","layout_col_size":8,"video_embed":"https:\/\/vimeo.com\/457719897","video":{"video_mp4":null,"video_webm":null}},{"acf_fc_layout":"content_spacer","acfe_flexible_layout_title":"Leerraum-Container","bgcolor":"has-bg-blue","bgcolor_custom":"","layout_col_size":2,"space_height":""},{"acf_fc_layout":"content_spacer","acfe_flexible_layout_title":"Leerraum-Container","bgcolor":"has-bg-blue","bgcolor_custom":"","layout_col_size":12,"space_height":60},{"acf_fc_layout":"content_sponsors","acfe_flexible_layout_title":"Sponsoren","sponsors":[{"sponsor_name":"","sponsor_link":"https:\/\/www.bwstiftung.de\/startseite\/","sponsor_img":19188},{"sponsor_name":"","sponsor_link":"https:\/\/wuestenrot-stiftung.de\/","sponsor_img":19190}]}],"intro_preview_headline":"","intro_preview_txt":"","intro_preview_img":23214,"event_id_old":"","event_subtitle":"Online-Gespr\u00e4ch mit Nikita Dhawan und Maria do Mar Castro","event_date":"2020-10-07 19:00:00","event_date_end":"2020-10-07 20:00:00","event_location":[{"event_location_name":"Hier online","event_location_link":""}],"event_programme":null,"event_taxonomy_category":[17,34],"event_practice_field":false,"event_opening":"","event_opening_times":"","event_additional_info":"","event_txt_old":"","event_more_events":"","related_posts_event":[7102]},"_links":{"self":[{"href":"https:\/\/www.akademie-solitude.de\/de\/wp-json\/wp\/v2\/event\/21278","targetHints":{"allow":["GET"]}}],"collection":[{"href":"https:\/\/www.akademie-solitude.de\/de\/wp-json\/wp\/v2\/event"}],"about":[{"href":"https:\/\/www.akademie-solitude.de\/de\/wp-json\/wp\/v2\/types\/event"}],"author":[{"embeddable":true,"href":"https:\/\/www.akademie-solitude.de\/de\/wp-json\/wp\/v2\/users\/8"}],"acf:post":[{"embeddable":true,"href":"https:\/\/www.akademie-solitude.de\/de\/wp-json\/wp\/v2\/person\/7102"}],"acf:term":[{"embeddable":true,"taxonomy":"category","href":"https:\/\/www.akademie-solitude.de\/de\/wp-json\/wp\/v2\/categories\/34"},{"embeddable":true,"taxonomy":"category","href":"https:\/\/www.akademie-solitude.de\/de\/wp-json\/wp\/v2\/categories\/17"}],"wp:attachment":[{"href":"https:\/\/www.akademie-solitude.de\/de\/wp-json\/wp\/v2\/media?parent=21278"}],"wp:term":[{"taxonomy":"category","embeddable":true,"href":"https:\/\/www.akademie-solitude.de\/de\/wp-json\/wp\/v2\/categories?post=21278"}],"curies":[{"name":"wp","href":"https:\/\/api.w.org\/{rel}","templated":true}]}}

<h3 style="text-align: center;"><span class="has-font-maison-neue-extended" style="font-family: 'Maison Neue Extended';">Online-Vortrags- und Workshopreihe »Transformation — Unfolding the Future«</span></h3>
<div>

<span class="has-font-reckless-light" style="font-family: 'Reckless Regular';">Die Online-Vortrags- und Workshopreihe »Transformation – Unfolding the Future« bringt internationale Wissenschaftler*innen und Künstler*innen zusammen, die in die Debatte um die Gestaltung unserer Gesellschaft und unseres Zusammenlebens wesentliche Beiträge einbringen. Mit ihrer Forschung stellen die Vortragenden Fragen nach sozialer Transformation, politischen Neuerungen und Solidarität. Die Rolle von Künstler*innen und künstlerischem Schaffen bei der Gestaltung der Zukunft steht im Mittelpunkt der Vortrags- und Workshopreihe.</span>

</div>
<div>

<span class="has-font-reckless-light" style="font-family: 'Reckless Regular';">Das neuartige digitale Format reagiert sowohl auf die globale Corona-Pandemie als auch die Klimakrise – und schafft Zugänge und Angebote, die ohne reisen zu müssen wahrgenommen werden können. Es wurde von Nishant Shah, Vizepräsident Research an der ArtEZ University of the Arts, The Netherlands zusammen mit der Akademie Schloss Solitude entwickelt. Die Vortrags- und Workshopreihe versteht sich als Forum für Forschung und Austausch in Zeiten von Social Distancing. Darüber hinaus lädt es das weltweite Netzwerk der Akademie Schloss Solitude zur Teilnahme ein.</span>

</div>
<div>

<span class="has-font-reckless-light" style="font-family: 'Reckless Regular';">Die einzelnen Module bestehen aus einem Impulsvortrag, der für mehrere Wochen online abrufbar ist. Während dieser Zeit können Fragen, Anregungen und Feedback eingebracht und geteilt werden. Die Fragen werden dann zusammengeführt und zu Schwerpunkten gebündelt. Im nächsten Schritt findet ein Online-Live-Event zwischen Moderator*in und Redner*in statt. Aus den Aufnahmen speist sich ein wachsendes Archiv, das dauerhaft auf unserer Webseite zugänglich ist.</span>

</div>

<p class="is-size-6"><span class="has-font-maison-neue" style="font-family: 'Maison Neue';">Der Impulsvortrag »The Future Is a Risk Masquerading As a Promise« von Nikita Dhawan wurde am 23. September 2020 um 19 Uhr auf unserer Webseite sowie auf unserem Vimeo-Kanal veröffentlicht. Der Vortrag ist kostenlos und ohne Anmeldung abrufbar.</span></p>

<div>
<p class="is-size-6"><span class="has-font-maison-neue" style="font-family: 'Maison Neue';">Am 7. Oktober 2020 um 19 Uhr findet ein Online-Gespräch zwischen Nikita Dhawan und Maria do Mar Castro (Alice-Salomon-Hochschule Berlin) statt. In die Diskussion fließen auch das Feedback, Fragen und die Kommentare der Zuschauer*innen des Impulsvortrags ein. Über die Chatfunktion besteht die Möglichkeit sich live in das Gespräch zu integrieren. Hier geht es zur Live-Diskussion: <a href="https://vimeo.com/449580682">https://vimeo.com/449580682</a></span></p>

</div>
<p class="is-size-6"><span class="has-font-maison-neue" style="font-family: 'Maison Neue';">Die Vorträge und Diskussionen finden in englischer Sprache statt.</span></p>

<h3 style="text-align: center;"><span class="has-font-maison-neue-extended" style="font-family: 'Maison Neue Extended';">Nikita Dhawan: »The Future Is a Risk Masquerading as a Promise«</span></h3>
<p class="is-size-6"><span class="has-font-maison-neue" style="font-family: 'Maison Neue';">Impulsvortrag: abrufbar ab Mittwoch, 23. September 2020, 19 Uhr</span>
<span class="has-font-maison-neue" style="font-family: 'Maison Neue';">Online-Live-Gespräch: Mittwoch, 7. Oktober 2020, 19 Uhr, moderiert von María do Mar Castro Varela</span></p>
In ihrem Impulsvortrag beschäftigt sich Nikita Dhawan mit der Frage, wie man eine Zukunft imaginieren kann, die sich von unserer imperialistischen Vergangenheit und Gegenwart ablöst. Im Rückgriff auf die historischen Positionen wie Wladimir Lenin, Theodor Adorno und Jacques Derrida nähert sie sich der Frage »Was tun?«, auf die sie mit Angela Davis' Untersuchungen zu den Bedingungen für sozialen Wandel zu antworten versucht.

Online-Gespräch mit Nikita Dhawan und Maria do Mar Castro
