{"id":29198,"date":"2021-05-05T15:44:23","date_gmt":"2021-05-05T13:44:23","guid":{"rendered":"https:\/\/www.akademie-solitude.de\/?post_type=event&#038;p=29198"},"modified":"2021-07-05T16:38:54","modified_gmt":"2021-07-05T14:38:54","slug":"online-ausstellungseroeffnung-we-are-all-under-the-same-sky","status":"publish","type":"event","link":"https:\/\/www.akademie-solitude.de\/de\/event\/online-ausstellungseroeffnung-we-are-all-under-the-same-sky\/","title":{"rendered":"Online-Ausstellung \u00bbWe Are All Under the Same Sky\u00ab"},"content":{"rendered":"","protected":false},"author":14,"featured_media":0,"template":"","categories":[15],"class_list":["post-29198","event","type-event","status-publish","hentry","category-ausstellung"],"acf":{"bgcolor":"","bgcolor_custom":"","custom_color_css_variable":"","content_type":[{"acf_fc_layout":"content_txt","acfe_flexible_layout_title":"Text","bgcolor":"","bgcolor_custom":"","layout_col_size":8,"txt_cols":"is-1-txtcol","txt":"<a href=\"https:\/\/hubs.mozilla.com\/GVn4xqP\/GABRIELLA_TORRES-FERRER_EXHIBITION\/\"><em>We Are All Under the Same Sky<\/em><\/a> hinterfragt die Bedeutung des K\u00f6rpers in unserer technologisierten Gegenwart und thematisiert unsere physische und virtuelle Pr\u00e4senz in einer vernetzten, globalisierten und datengesteuerten Welt. Wie sind wir unabh\u00e4ngig von unseren physischen Standorten noch miteinander verbunden? Was beinhalten diese verschiedenen Arten von Beziehungen? Wie erhalten solche Verbindungen traditionelle Machtverh\u00e4ltnisse aufrecht oder geben ihnen neue Formen?\r\n\r\nGabriella Torres-Ferrers transmediale Praxis zielt darauf ab, hegemoniale Narrative aufzubrechen, indem sie Interfaces, Formen des Zuschauens und Materialit\u00e4ten in Frage stellt. Indem Gabriella Torres-Ferrer Verweise auf Netzkultur, neokoloniale Landschaften, \u00d6kologien und Globalisierung untereinander verbindet, sucht xies Arbeit oft nach dem Potenzial f\u00fcr deren jeweilige Transformation. Diese k\u00fcnstlerische Haltung wird im Ausstellungsraum sinnlich erfahrbar, der die <a href=\"https:\/\/hubs.mozilla.com\/GVn4xqP\/GABRIELLA_TORRES-FERRER_EXHIBITION\/\">PRISKA PASQUER VIRTUAL GALLERY<\/a> in einer Wolke verortet. Die Cloud, als wichtiges Element digitaler Infrastrukturen, ist f\u00fcr K\u00fcnstler*in und Kuratorin eine bedeutende Denkfigur. Sie wird zur zentralen visuellen Metapher der Ausstellung, durch die Machtverh\u00e4ltnisse, die der digitalen Sph\u00e4re eingeschrieben sind, erkundet werden.\r\n\r\nDie Ausstellung wird damit auch zu einem Pl\u00e4doyer f\u00fcr alternative Infrastrukturen, die unterdr\u00fcckerische Regime entlarven und ihnen entgegenwirken. Die von Mara-Johanna K\u00f6lmel kuratierte Einzelausstellung von Gabriella Torres-Ferrer erinnert uns daran, dass wir alle unter demselben Himmel leben, und pl\u00e4diert damit f\u00fcr ein radikales Miteinander als Alternative zur vorget\u00e4uschten Empathie, die eine st\u00e4ndige soziale Vernetzung impliziert."},{"acf_fc_layout":"content_video","acfe_flexible_layout_title":"Video \/ Film","bgcolor":"","bgcolor_custom":"","layout_col_size":6,"video_embed":"https:\/\/vimeo.com\/546375851","video":{"video_mp4":null,"video_webm":null}},{"acf_fc_layout":"content_txt","acfe_flexible_layout_title":"Text","bgcolor":"","bgcolor_custom":"","layout_col_size":8,"txt_cols":"is-1-txtcol","txt":"<span class=\"has-font-maison-neue\" style=\"font-family: 'Maison Neue';\">Begleitprogramm<\/span>\r\n\r\n19. Mai, 18 Uhr CEST: Rundgang durch die Ausstellung mit K\u00fcnstlerin und Kuratorin\r\n26. Mai, 18 Uhr CEST: Rundgang durch die Ausstellung\r\n2. Juni, 18 Uhr CEST: Rundgang durch die Ausstellung mit K\u00fcnstlerin und Kuratorin\r\n9. Juni, 18 Uhr CEST: Live sound performance von Gabriella Torres-Ferrer und Enityaset Rodriguez Santos\r\n\r\nAlle Programmpunkte finden digital in der <a href=\"https:\/\/hubs.mozilla.com\/GVn4xqP\/GABRIELLA_TORRES-FERRER_EXHIBITION\/\">PRISKA PASQUER VIRTUAL GALLERY<\/a> statt.\r\n\r\nWeitere Programmpunkte:\r\n2. Juni, 19 Uhr CEST: <em>The Maze of Transparencies: Digital Apocalypse<\/em>, ein Kurzvortrag mit Diskussion und Schreib\u00fcbung mit der Autorin Karen Ah-nwei Lee.\r\n\r\n&nbsp;"}],"intro_preview_headline":"","intro_preview_txt":"","intro_preview_img":29213,"event_id_old":"","event_subtitle":"","event_date":"2021-05-14 19:00:00","event_date_end":"2021-06-13 00:00:00","event_location":[{"event_location_name":"Priska Pasquer Virtual Gallery","event_location_link":"https:\/\/hubs.mozilla.com\/GVn4xqP\/GABRIELLA_TORRES-FERRER_EXHIBITION\/"}],"event_programme":null,"event_taxonomy_category":[15],"event_practice_field":false,"event_opening":"","event_opening_times":"","event_additional_info":"","event_txt_old":"","event_more_events":"","related_posts_event":[13943,13940]},"_links":{"self":[{"href":"https:\/\/www.akademie-solitude.de\/de\/wp-json\/wp\/v2\/event\/29198","targetHints":{"allow":["GET"]}}],"collection":[{"href":"https:\/\/www.akademie-solitude.de\/de\/wp-json\/wp\/v2\/event"}],"about":[{"href":"https:\/\/www.akademie-solitude.de\/de\/wp-json\/wp\/v2\/types\/event"}],"author":[{"embeddable":true,"href":"https:\/\/www.akademie-solitude.de\/de\/wp-json\/wp\/v2\/users\/14"}],"acf:post":[{"embeddable":true,"href":"https:\/\/www.akademie-solitude.de\/de\/wp-json\/wp\/v2\/person\/13940"},{"embeddable":true,"href":"https:\/\/www.akademie-solitude.de\/de\/wp-json\/wp\/v2\/person\/13943"}],"acf:term":[{"embeddable":true,"taxonomy":"category","href":"https:\/\/www.akademie-solitude.de\/de\/wp-json\/wp\/v2\/categories\/15"}],"wp:attachment":[{"href":"https:\/\/www.akademie-solitude.de\/de\/wp-json\/wp\/v2\/media?parent=29198"}],"wp:term":[{"taxonomy":"category","embeddable":true,"href":"https:\/\/www.akademie-solitude.de\/de\/wp-json\/wp\/v2\/categories?post=29198"}],"curies":[{"name":"wp","href":"https:\/\/api.w.org\/{rel}","templated":true}]}}

<a href="https://hubs.mozilla.com/GVn4xqP/GABRIELLA_TORRES-FERRER_EXHIBITION/"><em>We Are All Under the Same Sky</em></a> hinterfragt die Bedeutung des Körpers in unserer technologisierten Gegenwart und thematisiert unsere physische und virtuelle Präsenz in einer vernetzten, globalisierten und datengesteuerten Welt. Wie sind wir unabhängig von unseren physischen Standorten noch miteinander verbunden? Was beinhalten diese verschiedenen Arten von Beziehungen? Wie erhalten solche Verbindungen traditionelle Machtverhältnisse aufrecht oder geben ihnen neue Formen?

Gabriella Torres-Ferrers transmediale Praxis zielt darauf ab, hegemoniale Narrative aufzubrechen, indem sie Interfaces, Formen des Zuschauens und Materialitäten in Frage stellt. Indem Gabriella Torres-Ferrer Verweise auf Netzkultur, neokoloniale Landschaften, Ökologien und Globalisierung untereinander verbindet, sucht xies Arbeit oft nach dem Potenzial für deren jeweilige Transformation. Diese künstlerische Haltung wird im Ausstellungsraum sinnlich erfahrbar, der die <a href="https://hubs.mozilla.com/GVn4xqP/GABRIELLA_TORRES-FERRER_EXHIBITION/">PRISKA PASQUER VIRTUAL GALLERY</a> in einer Wolke verortet. Die Cloud, als wichtiges Element digitaler Infrastrukturen, ist für Künstler*in und Kuratorin eine bedeutende Denkfigur. Sie wird zur zentralen visuellen Metapher der Ausstellung, durch die Machtverhältnisse, die der digitalen Sphäre eingeschrieben sind, erkundet werden.

Die Ausstellung wird damit auch zu einem Plädoyer für alternative Infrastrukturen, die unterdrückerische Regime entlarven und ihnen entgegenwirken. Die von Mara-Johanna Kölmel kuratierte Einzelausstellung von Gabriella Torres-Ferrer erinnert uns daran, dass wir alle unter demselben Himmel leben, und plädiert damit für ein radikales Miteinander als Alternative zur vorgetäuschten Empathie, die eine ständige soziale Vernetzung impliziert.

<span class="has-font-maison-neue" style="font-family: 'Maison Neue';">Begleitprogramm</span>

19. Mai, 18 Uhr CEST: Rundgang durch die Ausstellung mit Künstlerin und Kuratorin
26. Mai, 18 Uhr CEST: Rundgang durch die Ausstellung
2. Juni, 18 Uhr CEST: Rundgang durch die Ausstellung mit Künstlerin und Kuratorin
9. Juni, 18 Uhr CEST: Live sound performance von Gabriella Torres-Ferrer und Enityaset Rodriguez Santos

Alle Programmpunkte finden digital in der <a href="https://hubs.mozilla.com/GVn4xqP/GABRIELLA_TORRES-FERRER_EXHIBITION/">PRISKA PASQUER VIRTUAL GALLERY</a> statt.

Weitere Programmpunkte:
2. Juni, 19 Uhr CEST: <em>The Maze of Transparencies: Digital Apocalypse</em>, ein Kurzvortrag mit Diskussion und Schreibübung mit der Autorin Karen Ah-nwei Lee.

&nbsp;
