{"id":37717,"date":"2023-06-05T16:35:40","date_gmt":"2023-06-05T14:35:40","guid":{"rendered":"https:\/\/www.akademie-solitude.de\/?post_type=event&#038;p=37717"},"modified":"2023-06-06T15:26:01","modified_gmt":"2023-06-06T13:26:01","slug":"ausstellungsabend-unframing-im-projektraum-roemerstrasse","status":"publish","type":"event","link":"https:\/\/www.akademie-solitude.de\/de\/event\/ausstellungsabend-unframing-im-projektraum-roemerstrasse\/","title":{"rendered":"Ausstellungsabend \u00bbUnframing\u00ab im Projektraum R\u00f6merstra\u00dfe"},"content":{"rendered":"","protected":false},"author":4,"featured_media":0,"template":"","categories":[15],"class_list":["post-37717","event","type-event","status-publish","hentry","category-ausstellung"],"acf":{"bgcolor":"","bgcolor_custom":"","custom_color_css_variable":"","content_type":[{"acf_fc_layout":"content_txt","acfe_flexible_layout_title":"Text","bgcolor":"","bgcolor_custom":"","layout_col_size":8,"txt_cols":"is-1-txtcol","txt":"Eine kleine Gruppe aktueller Solitude-Stipendiat*innen l\u00e4dt am 15. Juni 2023 von 18\u201322 Uhr zum Ausstellungsabend <em>Unframing<\/em> in den Projektraum R\u00f6merstra\u00dfe der Akademie Schloss Solitude ein.\r\n\r\nEin Rahmen dient \u00fcblicherweise der Platzierung von Objekten in unserem Blickfeld. Manche Informationen werden in den Mittelpunkt gestellt und andere wiederum ausgeblendet. Die Rahmung bestimmt ma\u00dfgeblich, was n\u00e4her untersucht werden soll \u2013 in Bildern, Texten und Konzepten. Die Beschr\u00e4nkungen werden dann interessant, wenn der Raum begreifbar wird, in welchem sich Objekte oder Figuren bewegen beziehungsweise diesen verlassen k\u00f6nnen. Das Aufbrechen dieser Grenze wird zu einer Geste, die auf Beziehungen oder Kontexte verweist, die sich \u00fcber den Rahmen hinaus erstrecken.\r\n\r\nDie Ausstellung <em>Unframing<\/em> fordert uns auf, \u00fcber die Grenzen des Sichtbaren zu gehen und die Subjektivit\u00e4t dessen, was sichtbar gemacht wird, zu hinterfragen. Die pr\u00e4sentierten Arbeiten untersuchen, wie Strukturen aufgebrochen werden k\u00f6nnen, um konventionelle Wege des Verstehens neu zu gestalten oder sich ihnen zu widersetzen. Welche Informationen und Perspektiven gewinnen wir, wenn der starre Raum innerhalb des Rahmens por\u00f6s wird? Wie k\u00f6nnen wir uns darin \u00fcben, den Rahmen nicht nur zu erweitern, sondern ihn vielleicht sogar ganz abzuschaffen?\r\n\r\nMit Beitr\u00e4gen von: <a href=\"https:\/\/www.akademie-solitude.de\/de\/person\/stefani-j-alvarez\/\">Stefani J. Alvarez<\/a>, <a href=\"https:\/\/www.akademie-solitude.de\/de\/person\/ella-den-elzen\/\">Ella den Elzen<\/a>, <a href=\"https:\/\/www.akademie-solitude.de\/de\/person\/urte-laukaityte\/\">Urte Laukaityte<\/a>, <a href=\"https:\/\/www.akademie-solitude.de\/de\/person\/aline-xavier-mineiro\/\">Aline Xavier Mineiro<\/a>, <a href=\"https:\/\/www.instagram.com\/sophielou_passow\/?hl=de\">Sophie-Luise Passow<\/a>, <a href=\"https:\/\/www.akademie-solitude.de\/de\/person\/cyrus-penarroyo\/\">Cyrus Pe\u00f1arroyo<\/a>, <a href=\"https:\/\/www.akademie-solitude.de\/de\/person\/tatyana-zambrano\/\">Tatyana Zambrano<\/a>"}],"intro_preview_headline":"","intro_preview_txt":"","intro_preview_img":37729,"event_id_old":"","event_subtitle":"Initiiert von aktuellen Stipendiat*innen der Akademie Schloss Solitude","event_date":"2023-06-15 18:00:00","event_date_end":"2023-06-15 22:00:00","event_location":[{"event_location_name":"Projektraum R\u00f6merstra\u00dfe, R\u00f6merstra\u00dfe 2, 70178 Stuttgart","event_location_link":""}],"event_programme":null,"event_taxonomy_category":[15],"event_practice_field":false,"event_opening":"","event_opening_times":"","event_additional_info":"","event_txt_old":"","event_more_events":"","related_posts_event":[36358,36976,34626,36204,36964,24976]},"_links":{"self":[{"href":"https:\/\/www.akademie-solitude.de\/de\/wp-json\/wp\/v2\/event\/37717","targetHints":{"allow":["GET"]}}],"collection":[{"href":"https:\/\/www.akademie-solitude.de\/de\/wp-json\/wp\/v2\/event"}],"about":[{"href":"https:\/\/www.akademie-solitude.de\/de\/wp-json\/wp\/v2\/types\/event"}],"author":[{"embeddable":true,"href":"https:\/\/www.akademie-solitude.de\/de\/wp-json\/wp\/v2\/users\/4"}],"acf:post":[{"embeddable":true,"href":"https:\/\/www.akademie-solitude.de\/de\/wp-json\/wp\/v2\/person\/24976"},{"embeddable":true,"href":"https:\/\/www.akademie-solitude.de\/de\/wp-json\/wp\/v2\/person\/36964"},{"embeddable":true,"href":"https:\/\/www.akademie-solitude.de\/de\/wp-json\/wp\/v2\/person\/36204"},{"embeddable":true,"href":"https:\/\/www.akademie-solitude.de\/de\/wp-json\/wp\/v2\/person\/34626"},{"embeddable":true,"href":"https:\/\/www.akademie-solitude.de\/de\/wp-json\/wp\/v2\/person\/36976"},{"embeddable":true,"href":"https:\/\/www.akademie-solitude.de\/de\/wp-json\/wp\/v2\/person\/36358"}],"acf:term":[{"embeddable":true,"taxonomy":"category","href":"https:\/\/www.akademie-solitude.de\/de\/wp-json\/wp\/v2\/categories\/15"}],"wp:attachment":[{"href":"https:\/\/www.akademie-solitude.de\/de\/wp-json\/wp\/v2\/media?parent=37717"}],"wp:term":[{"taxonomy":"category","embeddable":true,"href":"https:\/\/www.akademie-solitude.de\/de\/wp-json\/wp\/v2\/categories?post=37717"}],"curies":[{"name":"wp","href":"https:\/\/api.w.org\/{rel}","templated":true}]}}

Ausstellungsabend »Unframing« im Projektraum Römerstraße

Eine kleine Gruppe aktueller Solitude-Stipendiat*innen lädt am 15. Juni 2023 von 18–22 Uhr zum Ausstellungsabend <em>Unframing</em> in den Projektraum Römerstraße der Akademie Schloss Solitude ein.

Ein Rahmen dient üblicherweise der Platzierung von Objekten in unserem Blickfeld. Manche Informationen werden in den Mittelpunkt gestellt und andere wiederum ausgeblendet. Die Rahmung bestimmt maßgeblich, was näher untersucht werden soll – in Bildern, Texten und Konzepten. Die Beschränkungen werden dann interessant, wenn der Raum begreifbar wird, in welchem sich Objekte oder Figuren bewegen beziehungsweise diesen verlassen können. Das Aufbrechen dieser Grenze wird zu einer Geste, die auf Beziehungen oder Kontexte verweist, die sich über den Rahmen hinaus erstrecken.

Die Ausstellung <em>Unframing</em> fordert uns auf, über die Grenzen des Sichtbaren zu gehen und die Subjektivität dessen, was sichtbar gemacht wird, zu hinterfragen. Die präsentierten Arbeiten untersuchen, wie Strukturen aufgebrochen werden können, um konventionelle Wege des Verstehens neu zu gestalten oder sich ihnen zu widersetzen. Welche Informationen und Perspektiven gewinnen wir, wenn der starre Raum innerhalb des Rahmens porös wird? Wie können wir uns darin üben, den Rahmen nicht nur zu erweitern, sondern ihn vielleicht sogar ganz abzuschaffen?

Mit Beiträgen von: <a href="https://www.akademie-solitude.de/de/person/stefani-j-alvarez/">Stefani J. Alvarez</a>, <a href="https://www.akademie-solitude.de/de/person/ella-den-elzen/">Ella den Elzen</a>, <a href="https://www.akademie-solitude.de/de/person/urte-laukaityte/">Urte Laukaityte</a>, <a href="https://www.akademie-solitude.de/de/person/aline-xavier-mineiro/">Aline Xavier Mineiro</a>, <a href="https://www.instagram.com/sophielou_passow/?hl=de">Sophie-Luise Passow</a>, <a href="https://www.akademie-solitude.de/de/person/cyrus-penarroyo/">Cyrus Peñarroyo</a>, <a href="https://www.akademie-solitude.de/de/person/tatyana-zambrano/">Tatyana Zambrano</a>

Projektraum Römerstraße, Römerstraße 2, 70178 Stuttgart
