{"id":41177,"date":"2024-09-03T22:03:18","date_gmt":"2024-09-03T20:03:18","guid":{"rendered":"https:\/\/www.akademie-solitude.de\/?post_type=event&#038;p=41177"},"modified":"2024-09-19T15:15:00","modified_gmt":"2024-09-19T13:15:00","slug":"ausstellung-desertification-mit-aktuellen-und-ehemaligen-stipendiatinnen-im-kunstverein-neuhausen","status":"publish","type":"event","link":"https:\/\/www.akademie-solitude.de\/de\/event\/ausstellung-desertification-mit-aktuellen-und-ehemaligen-stipendiatinnen-im-kunstverein-neuhausen\/","title":{"rendered":"Ausstellung \u00bbDesertification\u00ab mit aktuellen und ehemaligen Stipendiat*innen im Kunstverein Neuhausen"},"content":{"rendered":"","protected":false},"author":4,"featured_media":0,"template":"","categories":[15,29],"class_list":["post-41177","event","type-event","status-publish","hentry","category-ausstellung","category-lesung"],"acf":{"bgcolor":"","bgcolor_custom":"","custom_color_css_variable":"","content_type":[{"acf_fc_layout":"content_txt","acfe_flexible_layout_title":"Text","bgcolor":"","bgcolor_custom":"","layout_col_size":8,"txt_cols":"is-1-txtcol","txt":"\u00bbDesertifikation\u00ab ist ein Begriff aus der \u00d6kologie, der den Prozess der W\u00fcstenbildung beschreibt. W\u00fcstenbildung oder Verw\u00fcstung wird zwar gelegentlich durch nat\u00fcrliche Faktoren verursacht, ist jedoch meist menschengemacht \u2013 bedingt durch den Klimawandel, Abholzung, \u00dcberweidung, Armut, politische Instabilit\u00e4t, Krieg, nicht nachhaltige Bew\u00e4sserungsmethoden oder eine Kombination dieser Faktoren. Zusammen mit dem Anstieg des Meeresspiegels, Hitzewellen sowie der Zunahme von \u00dcberschwemmungen und St\u00fcrmen geh\u00f6rt Desertifikation zu den gravierendsten Ver\u00e4nderungen auf unserem Planeten. Diese Ver\u00e4nderungen gehen h\u00e4ufig mit einer globalen soziopolitischen Verrohung einher. Dennoch bieten diese drastischen Auswirkungen auch die Chance f\u00fcr ein solidarisches Umdenken und die Entstehung von Neuem. W\u00fcsten auf der ganzen Welt, obwohl sie in ihrer Natur unterschiedlich sind, teilen bemerkenswerte soziale Merkmale: Sie sind Brachland, Lebensraum und dienen als ortsspezifische Grundlage f\u00fcr Simulationen zuk\u00fcnftiger Planetensiedlungen. Sie sind Orte der Krise, der k\u00fcnstlerischen Subversion, aber auch utopischer Gesellschaftsprojekte.\r\nSo sind W\u00fcsten kulturell lebendige Orte, die weder Anfang noch Ende kennen.\r\n\r\nDas Ausstellungsprojekt basiert auf dem Prinzip des Dialogs und untersucht das Ph\u00e4nomen der \u00bbDesertifikation\u00ab unter Einbeziehung \u00f6kologischer, \u00f6konomischer und sozialpsychologischer Aspekte.\r\n\r\nMit Jan Nicola Angermann (Stipendiat 2022\/2023), Maan Barua (Stipendiat 2023\/2024), Lukas Bauer, Beate Baumg\u00e4rtner, Stella Covi, Kosmas Phan Dinh, Jan Forray, Moe Thet Han (Stipendiat 2023\/2024), Leila Hekmatnia (Stipendiatin 2023\/2024), Barbara Karsch-Cha\u00efeb, Andreas Mayer-Brennenstuhl, Sadya Mizan (Stipendiatin 2024), Ahmed Rasel, Benjamin St\u00e4bler, Georg Winter (Stipendiat 1998\/1999), Tatyana Zambrano (Stipendiatin 2023).\r\n\r\nKurator*innen: Gloria Aino Grzywatz (Stipendiatin 2021\/2022)\r\nund Jan Nicola Angermann (Stipendiat 2022\/2023)\r\nCo-Kuratorin: Sadya Mizan (Stipendiatin 2024)\r\n\r\nEine Kooperation von Akademie Schloss Solitude und Kunstverein Neuhausen.\r\n\r\nDer Austausch wird \u00fcber den Kunstverein Neuhausen hinaus ausgeweitet und ein unsichtbares Netz zwischen diesem, dem Projektraum kunst [ ] klima, der WUNDERKAMMER \u2013 NATURALIA\/ARTIFICIALIA und der Akademie Schloss Solitude gespannt."},{"acf_fc_layout":"content_txt","acfe_flexible_layout_title":"Text","bgcolor":"has-bg-yellow","bgcolor_custom":"","layout_col_size":12,"txt_cols":"is-1-txtcol","txt":"PROGRAMM\r\n\r\n<span style=\"text-decoration: underline;\">28. September 2024<\/span>\r\n\r\n<span class=\"has-font-maison-neue\" style=\"font-family: Maison Neue;\">16 Uhr<\/span>\r\n\r\nLESUNG\r\nMoe Thet Han\r\n<em>Cannibalism in Ancient Yangon<\/em>\r\n\r\nMoe Thet Han ist Schriftsteller und Mitglied von Pen Myanmar. Aufgrund seiner regimekritischen Texte musste er vor dem Milit\u00e4rputsch in Myanmar fliehen. Von Juli 2023 bis Mai 2024 war er Stipendiat der Akademie im Praxisfeld Textuell.\r\n\r\n<span class=\"has-font-maison-neue\" style=\"font-family: Maison Neue;\">17 Uhr<\/span>\r\n\r\nFIELD RECORDING \/ AMBIENT SET + SOMATISCHES \u00bbSPA TREATMENT\u00ab\r\nStella Covi und Kosmas Phan Dinh <em>hydrosonic notes on tourism<\/em>\r\n\r\nDie Kollaborative Praxis von Stella Covi und Kosmas Phan Dinh basiert auf akustischen und somatischen Techniken, um Sensibilit\u00e4t und Kontaktzonen zwischen verschiedenen (w\u00e4ssrigen) K\u00f6rpern zu er\u00f6ffnen.\r\n<div>LECTURE PERFORMANCE<\/div>\r\n<div>Sadya Mizan\r\n<em>Echo of Water Realities from Bangladesh<\/em>Sadya Mizan befasst sich mit den vielseitigen Werken verschiedener K\u00fcnstler*innen, die sich mit den Themen Klimawandel, Fluss und Wasser auseinandersetzen.\r\n\r\nDas Projekt wird gef\u00f6rdert durch das Land Baden-W\u00fcrttemberg, den European Research Council Horizon, Ritter Sport und die Akademie Schloss Solitude.\r\n\r\n<\/div>"}],"intro_preview_headline":"","intro_preview_txt":"","intro_preview_img":41205,"event_id_old":"","event_subtitle":"","event_date":"2024-09-28 00:00:00","event_date_end":"2024-11-17 00:00:00","event_location":[{"event_location_name":"Kunstverein Neuhausen, Rupert-Mayer-Stra\u00dfe 68 B, 73765 Neuhausen\/Fildern","event_location_link":"https:\/\/kvnneuhausen.com\/"},{"event_location_name":"Wunderkammer Naturalia\/Artificialia, Badstra\u00dfe 32, Bad Cannstatt","event_location_link":"https:\/\/wunderkammer-naturalia-artificialia.de\/"},{"event_location_name":"kunst [ ] klima, Breitscheidstra\u00dfe 104a, 70176 Stuttgart","event_location_link":"https:\/\/kunst-klima.space\/"}],"event_programme":"","event_taxonomy_category":[15,29],"event_practice_field":false,"event_opening":"","event_opening_times":"","event_additional_info":"Ausstellungser\u00f6ffnung: 28. September um 14 Uhr im Kunstverein Neuhausen\r\n\u00d6ffnungszeiten: Samstags und Sonntags von 14 bis 18 Uhr\r\n\r\nEintritt frei f\u00fcr die Ausstellung und das \u00f6ffentliche Programm!\r\n\r\nDer Kunstverein Neuhausen ist teilweise barrierefrei.\r\nR\u00fcckfragen hierzu gerne per E-Mail an <a href=\"mailto:kv.neuhausen@gmail.com\">kv.neuhausen@gmail.com<\/a>.","event_txt_old":"","event_more_events":[41207,41187],"related_posts_event":[36198,36355,36368,37370,37414,5790,36964]},"_links":{"self":[{"href":"https:\/\/www.akademie-solitude.de\/de\/wp-json\/wp\/v2\/event\/41177","targetHints":{"allow":["GET"]}}],"collection":[{"href":"https:\/\/www.akademie-solitude.de\/de\/wp-json\/wp\/v2\/event"}],"about":[{"href":"https:\/\/www.akademie-solitude.de\/de\/wp-json\/wp\/v2\/types\/event"}],"author":[{"embeddable":true,"href":"https:\/\/www.akademie-solitude.de\/de\/wp-json\/wp\/v2\/users\/4"}],"acf:post":[{"embeddable":true,"href":"https:\/\/www.akademie-solitude.de\/de\/wp-json\/wp\/v2\/person\/36964"},{"embeddable":true,"href":"https:\/\/www.akademie-solitude.de\/de\/wp-json\/wp\/v2\/person\/5790"},{"embeddable":true,"href":"https:\/\/www.akademie-solitude.de\/de\/wp-json\/wp\/v2\/person\/37414"},{"embeddable":true,"href":"https:\/\/www.akademie-solitude.de\/de\/wp-json\/wp\/v2\/person\/37370"},{"embeddable":true,"href":"https:\/\/www.akademie-solitude.de\/de\/wp-json\/wp\/v2\/person\/36368"},{"embeddable":true,"href":"https:\/\/www.akademie-solitude.de\/de\/wp-json\/wp\/v2\/person\/36355"},{"embeddable":true,"href":"https:\/\/www.akademie-solitude.de\/de\/wp-json\/wp\/v2\/person\/36198"},{"embeddable":true,"href":"https:\/\/www.akademie-solitude.de\/de\/wp-json\/wp\/v2\/event\/41187"},{"embeddable":true,"href":"https:\/\/www.akademie-solitude.de\/de\/wp-json\/wp\/v2\/event\/41207"}],"acf:term":[{"embeddable":true,"taxonomy":"category","href":"https:\/\/www.akademie-solitude.de\/de\/wp-json\/wp\/v2\/categories\/29"},{"embeddable":true,"taxonomy":"category","href":"https:\/\/www.akademie-solitude.de\/de\/wp-json\/wp\/v2\/categories\/15"}],"wp:attachment":[{"href":"https:\/\/www.akademie-solitude.de\/de\/wp-json\/wp\/v2\/media?parent=41177"}],"wp:term":[{"taxonomy":"category","embeddable":true,"href":"https:\/\/www.akademie-solitude.de\/de\/wp-json\/wp\/v2\/categories?post=41177"}],"curies":[{"name":"wp","href":"https:\/\/api.w.org\/{rel}","templated":true}]}}

»Desertifikation« ist ein Begriff aus der Ökologie, der den Prozess der Wüstenbildung beschreibt. Wüstenbildung oder Verwüstung wird zwar gelegentlich durch natürliche Faktoren verursacht, ist jedoch meist menschengemacht – bedingt durch den Klimawandel, Abholzung, Überweidung, Armut, politische Instabilität, Krieg, nicht nachhaltige Bewässerungsmethoden oder eine Kombination dieser Faktoren. Zusammen mit dem Anstieg des Meeresspiegels, Hitzewellen sowie der Zunahme von Überschwemmungen und Stürmen gehört Desertifikation zu den gravierendsten Veränderungen auf unserem Planeten. Diese Veränderungen gehen häufig mit einer globalen soziopolitischen Verrohung einher. Dennoch bieten diese drastischen Auswirkungen auch die Chance für ein solidarisches Umdenken und die Entstehung von Neuem. Wüsten auf der ganzen Welt, obwohl sie in ihrer Natur unterschiedlich sind, teilen bemerkenswerte soziale Merkmale: Sie sind Brachland, Lebensraum und dienen als ortsspezifische Grundlage für Simulationen zukünftiger Planetensiedlungen. Sie sind Orte der Krise, der künstlerischen Subversion, aber auch utopischer Gesellschaftsprojekte.
So sind Wüsten kulturell lebendige Orte, die weder Anfang noch Ende kennen.

Das Ausstellungsprojekt basiert auf dem Prinzip des Dialogs und untersucht das Phänomen der »Desertifikation« unter Einbeziehung ökologischer, ökonomischer und sozialpsychologischer Aspekte.

Mit Jan Nicola Angermann (Stipendiat 2022/2023), Maan Barua (Stipendiat 2023/2024), Lukas Bauer, Beate Baumgärtner, Stella Covi, Kosmas Phan Dinh, Jan Forray, Moe Thet Han (Stipendiat 2023/2024), Leila Hekmatnia (Stipendiatin 2023/2024), Barbara Karsch-Chaïeb, Andreas Mayer-Brennenstuhl, Sadya Mizan (Stipendiatin 2024), Ahmed Rasel, Benjamin Stäbler, Georg Winter (Stipendiat 1998/1999), Tatyana Zambrano (Stipendiatin 2023).

Kurator*innen: Gloria Aino Grzywatz (Stipendiatin 2021/2022)
und Jan Nicola Angermann (Stipendiat 2022/2023)
Co-Kuratorin: Sadya Mizan (Stipendiatin 2024)

Eine Kooperation von Akademie Schloss Solitude und Kunstverein Neuhausen.

Der Austausch wird über den Kunstverein Neuhausen hinaus ausgeweitet und ein unsichtbares Netz zwischen diesem, dem Projektraum kunst [ ] klima, der WUNDERKAMMER – NATURALIA/ARTIFICIALIA und der Akademie Schloss Solitude gespannt.

PROGRAMM

<span style="text-decoration: underline;">28. September 2024</span>

<span class="has-font-maison-neue" style="font-family: Maison Neue;">16 Uhr</span>

LESUNG
Moe Thet Han
<em>Cannibalism in Ancient Yangon</em>

Moe Thet Han ist Schriftsteller und Mitglied von Pen Myanmar. Aufgrund seiner regimekritischen Texte musste er vor dem Militärputsch in Myanmar fliehen. Von Juli 2023 bis Mai 2024 war er Stipendiat der Akademie im Praxisfeld Textuell.

<span class="has-font-maison-neue" style="font-family: Maison Neue;">17 Uhr</span>

FIELD RECORDING / AMBIENT SET + SOMATISCHES »SPA TREATMENT«
Stella Covi und Kosmas Phan Dinh <em>hydrosonic notes on tourism</em>

Die Kollaborative Praxis von Stella Covi und Kosmas Phan Dinh basiert auf akustischen und somatischen Techniken, um Sensibilität und Kontaktzonen zwischen verschiedenen (wässrigen) Körpern zu eröffnen.
<div>LECTURE PERFORMANCE</div>
<div>Sadya Mizan
<em>Echo of Water Realities from Bangladesh</em>Sadya Mizan befasst sich mit den vielseitigen Werken verschiedener Künstler*innen, die sich mit den Themen Klimawandel, Fluss und Wasser auseinandersetzen.

Das Projekt wird gefördert durch das Land Baden-Württemberg, den European Research Council Horizon, Ritter Sport und die Akademie Schloss Solitude.

</div>

Kunstverein Neuhausen, Rupert-Mayer-Straße 68 B, 73765 Neuhausen/Fildern

Wunderkammer Naturalia/Artificialia, Badstraße 32, Bad Cannstatt

kunst [ ] klima, Breitscheidstraße 104a, 70176 Stuttgart

Ausstellungseröffnung: 28. September um 14 Uhr im Kunstverein Neuhausen
Öffnungszeiten: Samstags und Sonntags von 14 bis 18 Uhr

Eintritt frei für die Ausstellung und das öffentliche Programm!

Der Kunstverein Neuhausen ist teilweise barrierefrei.
Rückfragen hierzu gerne per E-Mail an <a href="mailto:kv.neuhausen@gmail.com">kv.neuhausen@gmail.com</a>.
