{"id":7144,"date":"2020-03-26T18:05:45","date_gmt":"2020-03-26T17:05:45","guid":{"rendered":"https:\/\/www.akademie-solitude.de\/event\/art-science-business-symposium-bildregime-des-rechts-mit-u-a-laercio-redondo-matthias-bruhn-und-kristin-marek\/"},"modified":"2020-08-12T09:46:11","modified_gmt":"2020-08-12T07:46:11","slug":"art-science-business-symposium-bildregime-des-rechts-mit-u-a-laercio-redondo-matthias-bruhn-und-kristin-marek","status":"publish","type":"event","link":"https:\/\/www.akademie-solitude.de\/de\/event\/art-science-business-symposium-bildregime-des-rechts-mit-u-a-laercio-redondo-matthias-bruhn-und-kristin-marek\/","title":{"rendered":"art, science &#038; business\/symposium: Bildregime des Rechts: mit u.a. La\u00e9rcio Redondo, Matthias Bruhn, und Kristin Marek"},"content":{"rendered":"","protected":false},"author":1,"featured_media":0,"template":"","categories":[],"class_list":["post-7144","event","type-event","status-publish","hentry"],"acf":{"bgcolor":"","bgcolor_custom":"","custom_color_css_variable":"","content_type":null,"intro_preview_headline":"","intro_preview_txt":"","intro_preview_img":"","event_id_old":"2594","event_subtitle":"","event_date":"2005-11-25 00:00:00","event_date_end":"2005-11-26 00:00:00","event_location":[{"event_location_name":"Akademie Schloss Solitude","event_location_link":""}],"event_programme":"","event_taxonomy_category":false,"event_practice_field":false,"event_opening":"","event_opening_times":"","event_additional_info":"","event_txt_old":"Zwischen den Bildwelten und den Welten des Gesetzes gibt es vielf\u00e4ltige \u00dcberschneidungen. So ist die Rechtsgeschichte voll von Bildern, Bilderstreit und Bilderverbot. Gegenstand des Symposiums ist die rechtliche Rahmung von Bildern. Die Aktualit\u00e4t ergibt sich aus der Beobachtung, dass der juridische Rahmen von Bildern mit der Verwendung Neuer Technologien und der zunehmenden Bilderflut br\u00fcchig wird. Das Recht ist im Begriff, seine Hegemonie \u00fcber die Darstellung und Zirkulation von Bildern zu verlieren. <br>\nDas Symposium wird funktionierende Bildregime sowie deren St\u00f6rungen in der Geschichte und der Gegenwart rechtlicher Systeme betrachten. Neben Wissenschaftlern verschiedener Disziplinen werden auch Praktiker und K\u00fcnstler zu Wort kommen. <br>\n<br>\nReferenten sind: Friedrich Balke, Philosoph und Literaturwissenschaftler, K\u00f6ln; Claudia Bl\u00fcmle, Kunsthistorikerin, Weimar; Andr\u00e9 Brodocz, Politikwissenschaftler, Dresden; Matthias Bruhn*, Kunsthistoriker, Berlin; Monika Dommann, Wissenschaftshistorikerin, Z\u00fcrich; Christine Karallus, Kulturwissenschaftlerin, Essen; Alexander Klett, Jurist, M\u00fcnchen; Werner Leitner, Jurist, M\u00fcnchen; Helmut Lethen, Literaturwissenschaftler, Rostock; Kristin Marek*, Kunsthistorikerin, Karlsruhe; La\u00e9rcio Redondo*, K\u00fcnstler, Stockholm; Fabian Steinhauer, Rechtswissenschaftler, Frankfurt.<br>\n<br>\nDas Symposium beginnt am Donnerstag, dem 24. November 2005 um 20 Uhr mit einem Rundgang durch die Videoinstallation \u00bbListen to me\u00ab des K\u00fcnstlers La\u00e9rcio Redondo. <br>\n<br>\nSie sind herzlich eingeladen, am Symposium teilzunehmen (Anmeldung und detailliertes Programm bei Angela Butterstein, ab@akademie-solitude.de, T 0711-99619-134).<br>\nSprache: Deutsch<br>\nDo 20 Uhr, Fr 9.30 bis 18 Uhr, Sa 10 bis 16 Uhr<br>\n<br>\n*Matthias Bruhn, Kristin Marek und La\u00e9rcio Redondo sind Stipendiaten der Akademie Schloss Solitude. <br>\n<br>\nDas Symposium wurde initiiert von Cornelia Vismann, Rechtswissenschaftlerin und Thomas Weitin, Literaturwissenschaftler.<br>\n<br>\nart, science & business wird durch die finanzielle Unterst\u00fctzung der Landesstiftung Baden-W\u00fcrttemberg erm\u00f6glicht.","event_more_events":"","related_posts_event":[5679,5689,5887]},"_links":{"self":[{"href":"https:\/\/www.akademie-solitude.de\/de\/wp-json\/wp\/v2\/event\/7144","targetHints":{"allow":["GET"]}}],"collection":[{"href":"https:\/\/www.akademie-solitude.de\/de\/wp-json\/wp\/v2\/event"}],"about":[{"href":"https:\/\/www.akademie-solitude.de\/de\/wp-json\/wp\/v2\/types\/event"}],"author":[{"embeddable":true,"href":"https:\/\/www.akademie-solitude.de\/de\/wp-json\/wp\/v2\/users\/1"}],"acf:post":[{"embeddable":true,"href":"https:\/\/www.akademie-solitude.de\/de\/wp-json\/wp\/v2\/person\/5887"},{"embeddable":true,"href":"https:\/\/www.akademie-solitude.de\/de\/wp-json\/wp\/v2\/person\/5689"},{"embeddable":true,"href":"https:\/\/www.akademie-solitude.de\/de\/wp-json\/wp\/v2\/person\/5679"}],"wp:attachment":[{"href":"https:\/\/www.akademie-solitude.de\/de\/wp-json\/wp\/v2\/media?parent=7144"}],"wp:term":[{"taxonomy":"category","embeddable":true,"href":"https:\/\/www.akademie-solitude.de\/de\/wp-json\/wp\/v2\/categories?post=7144"}],"curies":[{"name":"wp","href":"https:\/\/api.w.org\/{rel}","templated":true}]}}

art, science &#038; business/symposium: Bildregime des Rechts: mit u.a. Laércio Redondo, Matthias Bruhn, und Kristin Marek

Zwischen den Bildwelten und den Welten des Gesetzes gibt es vielfältige Überschneidungen. So ist die Rechtsgeschichte voll von Bildern, Bilderstreit und Bilderverbot. Gegenstand des Symposiums ist die rechtliche Rahmung von Bildern. Die Aktualität ergibt sich aus der Beobachtung, dass der juridische Rahmen von Bildern mit der Verwendung Neuer Technologien und der zunehmenden Bilderflut brüchig wird. Das Recht ist im Begriff, seine Hegemonie über die Darstellung und Zirkulation von Bildern zu verlieren. <br>
Das Symposium wird funktionierende Bildregime sowie deren Störungen in der Geschichte und der Gegenwart rechtlicher Systeme betrachten. Neben Wissenschaftlern verschiedener Disziplinen werden auch Praktiker und Künstler zu Wort kommen. <br>
<br>
Referenten sind: Friedrich Balke, Philosoph und Literaturwissenschaftler, Köln; Claudia Blümle, Kunsthistorikerin, Weimar; André Brodocz, Politikwissenschaftler, Dresden; Matthias Bruhn*, Kunsthistoriker, Berlin; Monika Dommann, Wissenschaftshistorikerin, Zürich; Christine Karallus, Kulturwissenschaftlerin, Essen; Alexander Klett, Jurist, München; Werner Leitner, Jurist, München; Helmut Lethen, Literaturwissenschaftler, Rostock; Kristin Marek*, Kunsthistorikerin, Karlsruhe; Laércio Redondo*, Künstler, Stockholm; Fabian Steinhauer, Rechtswissenschaftler, Frankfurt.<br>
<br>
Das Symposium beginnt am Donnerstag, dem 24. November 2005 um 20 Uhr mit einem Rundgang durch die Videoinstallation »Listen to me« des Künstlers Laércio Redondo. <br>
<br>
Sie sind herzlich eingeladen, am Symposium teilzunehmen (Anmeldung und detailliertes Programm bei Angela Butterstein, ab@akademie-solitude.de, T 0711-99619-134).<br>
Sprache: Deutsch<br>
Do 20 Uhr, Fr 9.30 bis 18 Uhr, Sa 10 bis 16 Uhr<br>
<br>
*Matthias Bruhn, Kristin Marek und Laércio Redondo sind Stipendiaten der Akademie Schloss Solitude. <br>
<br>
Das Symposium wurde initiiert von Cornelia Vismann, Rechtswissenschaftlerin und Thomas Weitin, Literaturwissenschaftler.<br>
<br>
art, science & business wird durch die finanzielle Unterstützung der Landesstiftung Baden-Württemberg ermöglicht.
