{"id":7264,"date":"2020-03-26T18:06:29","date_gmt":"2020-03-26T17:06:29","guid":{"rendered":"https:\/\/www.akademie-solitude.de\/event\/solitude-konzerte-in-der-scheune\/"},"modified":"2020-08-12T09:46:36","modified_gmt":"2020-08-12T07:46:36","slug":"solitude-konzerte-in-der-scheune","status":"publish","type":"event","link":"https:\/\/www.akademie-solitude.de\/de\/event\/solitude-konzerte-in-der-scheune\/","title":{"rendered":"Solitude-Konzerte in der Scheune"},"content":{"rendered":"","protected":false},"author":1,"featured_media":0,"template":"","categories":[],"class_list":["post-7264","event","type-event","status-publish","hentry"],"acf":{"bgcolor":"","bgcolor_custom":"","custom_color_css_variable":"","content_type":null,"intro_preview_headline":"","intro_preview_txt":"","intro_preview_img":8059,"event_id_old":"2721","event_subtitle":"","event_date":"2008-06-27 20:00:00","event_date_end":"2008-06-27 20:00:00","event_location":[{"event_location_name":"Akademie Schloss Solitude\/Scheune","event_location_link":""}],"event_programme":"","event_taxonomy_category":false,"event_practice_field":false,"event_opening":"","event_opening_times":"","event_additional_info":"","event_txt_old":"Klavierquartette von Mozart, Mendelssohn Bartholdy, Brahms<br \/>\nQuartett Solitude<br \/>\n<br \/>\nMit der neuen Konzertreihe \u00bbSolitude-Konzerte in der Scheune \u2013 junge Interpreten spielen Kammermusik\u00ab, die am 27. Juni beginnt, widmet sich die Akademie gezielt dem klassischen Repertoire und bietet jungen Interpreten aus dem Land Baden-W\u00fcrttemberg eine neue Pr\u00e4sentationsplattform. Mit der renovierten Fachwerkscheune auf der westlichen Seite des Schlossareals als Auff\u00fchrungsort ist diese Konzertreihe das Ergebnis einer Kooperation mit der Rudolf-Eberle-Stiftung, die junge Streicherinnen und Streicher aus Baden-W\u00fcrttemberg f\u00f6rdert. An den vier Konzerten, die dieses Jahr stattfinden, werden Absolventen der Staatlichen Hochschule f\u00fcr Musik und Darstellende Kunst Stuttgart (27. Juni), Hochschule f\u00fcr Musik Freiburg (18. Juli), Stipendiaten der Rudolf-Eberle-Stiftung (26. September) und das Stuttgarter Ensemble Gagliano (17. Oktober) teilnehmen.<br \/>\n<br \/>\nAuf dem Abendprogramm des Er\u00f6ffnungskonzerts stehen Klavierquartette von Wolfgang Amadeus Mozart, von Felix Mendelssohn Bartholdy und von Johannes Brahms. Auff\u00fchrende sind Studenten der Hochschule f\u00fcr Musik und Darstellende Kunst in Stuttgart: das Quartett Solitude (Meike-Lu Schneider, Violine; Christoph Klein, Viola; Anna-Lena Perenthaler, Violoncello; Kerstin M\u00f6rk, Klavier).<br \/>\n<br \/>\nIn Zusammenarbeit mit der Staatlichen Hochschule f\u00fcr Musik und Darstellende Kunst Stuttgart.<br \/>\n<br \/>\nEine Konzertreihe der Akademie Schloss Solitude und der Rudolf-Eberle-Stiftung in Verbindung mit der Kulturgemeinschaft Stuttgart e. V.<br \/>\n<br \/>\nEintritt: 15\/10 Euro, Karten erh\u00e4ltlich bei: SKS Russ (Tel. 0711-1635321), Kulturgemeinschaft Stuttgart (Tel. 0711-2247715) und an der Abendkasse.","event_more_events":"","related_posts_event":""},"_links":{"self":[{"href":"https:\/\/www.akademie-solitude.de\/de\/wp-json\/wp\/v2\/event\/7264","targetHints":{"allow":["GET"]}}],"collection":[{"href":"https:\/\/www.akademie-solitude.de\/de\/wp-json\/wp\/v2\/event"}],"about":[{"href":"https:\/\/www.akademie-solitude.de\/de\/wp-json\/wp\/v2\/types\/event"}],"author":[{"embeddable":true,"href":"https:\/\/www.akademie-solitude.de\/de\/wp-json\/wp\/v2\/users\/1"}],"wp:attachment":[{"href":"https:\/\/www.akademie-solitude.de\/de\/wp-json\/wp\/v2\/media?parent=7264"}],"wp:term":[{"taxonomy":"category","embeddable":true,"href":"https:\/\/www.akademie-solitude.de\/de\/wp-json\/wp\/v2\/categories?post=7264"}],"curies":[{"name":"wp","href":"https:\/\/api.w.org\/{rel}","templated":true}]}}

Klavierquartette von Mozart, Mendelssohn Bartholdy, Brahms<br />
Quartett Solitude<br />
<br />
Mit der neuen Konzertreihe »Solitude-Konzerte in der Scheune – junge Interpreten spielen Kammermusik«, die am 27. Juni beginnt, widmet sich die Akademie gezielt dem klassischen Repertoire und bietet jungen Interpreten aus dem Land Baden-Württemberg eine neue Präsentationsplattform. Mit der renovierten Fachwerkscheune auf der westlichen Seite des Schlossareals als Aufführungsort ist diese Konzertreihe das Ergebnis einer Kooperation mit der Rudolf-Eberle-Stiftung, die junge Streicherinnen und Streicher aus Baden-Württemberg fördert. An den vier Konzerten, die dieses Jahr stattfinden, werden Absolventen der Staatlichen Hochschule für Musik und Darstellende Kunst Stuttgart (27. Juni), Hochschule für Musik Freiburg (18. Juli), Stipendiaten der Rudolf-Eberle-Stiftung (26. September) und das Stuttgarter Ensemble Gagliano (17. Oktober) teilnehmen.<br />
<br />
Auf dem Abendprogramm des Eröffnungskonzerts stehen Klavierquartette von Wolfgang Amadeus Mozart, von Felix Mendelssohn Bartholdy und von Johannes Brahms. Aufführende sind Studenten der Hochschule für Musik und Darstellende Kunst in Stuttgart: das Quartett Solitude (Meike-Lu Schneider, Violine; Christoph Klein, Viola; Anna-Lena Perenthaler, Violoncello; Kerstin Mörk, Klavier).<br />
<br />
In Zusammenarbeit mit der Staatlichen Hochschule für Musik und Darstellende Kunst Stuttgart.<br />
<br />
Eine Konzertreihe der Akademie Schloss Solitude und der Rudolf-Eberle-Stiftung in Verbindung mit der Kulturgemeinschaft Stuttgart e. V.<br />
<br />
Eintritt: 15/10 Euro, Karten erhältlich bei: SKS Russ (Tel. 0711-1635321), Kulturgemeinschaft Stuttgart (Tel. 0711-2247715) und an der Abendkasse.
