{"id":7375,"date":"2020-03-26T18:06:41","date_gmt":"2020-03-26T17:06:41","guid":{"rendered":"https:\/\/www.akademie-solitude.de\/event\/performance-reihe-eine-kaffeefahrt-der-menschlichkeitvon-michl-schmidt\/"},"modified":"2020-08-12T09:47:01","modified_gmt":"2020-08-12T07:47:01","slug":"performance-reihe-eine-kaffeefahrt-der-menschlichkeitvon-michl-schmidt","status":"publish","type":"event","link":"https:\/\/www.akademie-solitude.de\/de\/event\/performance-reihe-eine-kaffeefahrt-der-menschlichkeitvon-michl-schmidt\/","title":{"rendered":"Performance-Reihe: Eine Kaffeefahrt der Menschlichkeitvon Michl Schmidt"},"content":{"rendered":"","protected":false},"author":1,"featured_media":0,"template":"","categories":[],"class_list":["post-7375","event","type-event","status-publish","hentry"],"acf":{"bgcolor":"","bgcolor_custom":"","custom_color_css_variable":"","content_type":null,"intro_preview_headline":"","intro_preview_txt":"","intro_preview_img":8129,"event_id_old":"2845","event_subtitle":"","event_date":"2010-10-14 20:00:00","event_date_end":"2010-10-14 20:00:00","event_location":[{"event_location_name":"W\u00fcrttembergischer Kunstverein Stuttgart","event_location_link":""}],"event_programme":"","event_taxonomy_category":false,"event_practice_field":false,"event_opening":"","event_opening_times":"","event_additional_info":"","event_txt_old":"In <i>Eine Kaffeefahrt der Menschlichkeit<\/i> wird eine Reihe von Objekten, Werkzeugen und Strategien pr\u00e4sentiert, die w\u00e4hrend Michl Schmidts Aufenthalt an der Akademie Schloss Solitude entstanden sind. Seine k\u00fcnstlerische Auseinandersetzung findet zumeist anhand der konkreten Machbarkeit von Projekten statt. Durch sein Solitude-Stipendium stellte sich ihm die Frage: \u00bbWas tue ich wenn meine Wohnung bezahlt ist und ich ausreichend Taschengeld erhalte, um meinen Lebensunterhalt zu bestreiten?\u00ab Auf der Basis dieser Fragestellung entstand eine Reihe von Beitr\u00e4gen, die sich  besch\u00e4ftigen, jedoch ohne dass diesem eine existentielle Notwendigkeit zugrunde liegt, eine Art \u00bbbricolage de luxe\u00ab. Dabei sind Objekte entstanden, die einerseits einen ungew\u00f6hnlichen Gebrauchswert besitzen und gleichzeitig die Reflektion ihrer eigenen Geschichte, ihres eigenen Mythos wiedergeben. <br \/>\n<br \/>\nDie Performance untersucht die Vermittlung von Objekten, die nicht den Anspruch besitzen f\u00fcr sich stehen zu k\u00f6nnen, sondern die der Vermittlung bed\u00fcrfen. Der K\u00fcnstler \u00fcbernimmt die Rolle des Direktvermarkters, vorbei an den okkulten Kan\u00e4len der Kunstvermittlung und Vermarktung.<br \/>\n<br \/>\nDauer: 45 min.<br \/>\n<br \/>\n<br \/>\n<b>Michl Schmidt<\/b> (*1973 in Rothenburg ob der Tauber) ist Bildhauer. Nach einer Lehre zum Steinmetz und einer mehrj\u00e4hrigen T\u00e4tigkeit als Steinbildhauer studierte Michl Schmidt von 2001 bis 2006 Bildhauerei an der Akademie der Bildenden K\u00fcnste N\u00fcrnberg und hatte dort von 2006 bis 2009 einen Lehrauftrag.<br \/>\nAusgew\u00e4hlte Ausstellungen und Projekte: Performance <i>Dj dritter Arm und die Tentakel<\/i>, Performance Hotel Stuttgart (2010); Ausstellung <i>Verteidigung des Normalzustands<\/i>, AUT, Innsbruck\/\u00d6sterreich (2010); Ausstellung <i>RakT \u2013 Recht auf kulturelle Teilhabe<\/i>, Kulturort Badstra\u00dfe 8, F\u00fcrth\/Deutschland (2009). 2007 erhielt Michl Schmidt den Kunstpreis der Stadt F\u00fcrth und 2006 wurde er mit dem Akademiepreis der Akademie der Bildenden K\u00fcnste N\u00fcrnberg ausgezeichnet.","event_more_events":"","related_posts_event":[6134]},"_links":{"self":[{"href":"https:\/\/www.akademie-solitude.de\/de\/wp-json\/wp\/v2\/event\/7375","targetHints":{"allow":["GET"]}}],"collection":[{"href":"https:\/\/www.akademie-solitude.de\/de\/wp-json\/wp\/v2\/event"}],"about":[{"href":"https:\/\/www.akademie-solitude.de\/de\/wp-json\/wp\/v2\/types\/event"}],"author":[{"embeddable":true,"href":"https:\/\/www.akademie-solitude.de\/de\/wp-json\/wp\/v2\/users\/1"}],"acf:post":[{"embeddable":true,"href":"https:\/\/www.akademie-solitude.de\/de\/wp-json\/wp\/v2\/person\/6134"}],"wp:attachment":[{"href":"https:\/\/www.akademie-solitude.de\/de\/wp-json\/wp\/v2\/media?parent=7375"}],"wp:term":[{"taxonomy":"category","embeddable":true,"href":"https:\/\/www.akademie-solitude.de\/de\/wp-json\/wp\/v2\/categories?post=7375"}],"curies":[{"name":"wp","href":"https:\/\/api.w.org\/{rel}","templated":true}]}}

Württembergischer Kunstverein Stuttgart

In <i>Eine Kaffeefahrt der Menschlichkeit</i> wird eine Reihe von Objekten, Werkzeugen und Strategien präsentiert, die während Michl Schmidts Aufenthalt an der Akademie Schloss Solitude entstanden sind. Seine künstlerische Auseinandersetzung findet zumeist anhand der konkreten Machbarkeit von Projekten statt. Durch sein Solitude-Stipendium stellte sich ihm die Frage: »Was tue ich wenn meine Wohnung bezahlt ist und ich ausreichend Taschengeld erhalte, um meinen Lebensunterhalt zu bestreiten?« Auf der Basis dieser Fragestellung entstand eine Reihe von Beiträgen, die sich  beschäftigen, jedoch ohne dass diesem eine existentielle Notwendigkeit zugrunde liegt, eine Art »bricolage de luxe«. Dabei sind Objekte entstanden, die einerseits einen ungewöhnlichen Gebrauchswert besitzen und gleichzeitig die Reflektion ihrer eigenen Geschichte, ihres eigenen Mythos wiedergeben. <br />
<br />
Die Performance untersucht die Vermittlung von Objekten, die nicht den Anspruch besitzen für sich stehen zu können, sondern die der Vermittlung bedürfen. Der Künstler übernimmt die Rolle des Direktvermarkters, vorbei an den okkulten Kanälen der Kunstvermittlung und Vermarktung.<br />
<br />
Dauer: 45 min.<br />
<br />
<br />
<b>Michl Schmidt</b> (*1973 in Rothenburg ob der Tauber) ist Bildhauer. Nach einer Lehre zum Steinmetz und einer mehrjährigen Tätigkeit als Steinbildhauer studierte Michl Schmidt von 2001 bis 2006 Bildhauerei an der Akademie der Bildenden Künste Nürnberg und hatte dort von 2006 bis 2009 einen Lehrauftrag.<br />
Ausgewählte Ausstellungen und Projekte: Performance <i>Dj dritter Arm und die Tentakel</i>, Performance Hotel Stuttgart (2010); Ausstellung <i>Verteidigung des Normalzustands</i>, AUT, Innsbruck/Österreich (2010); Ausstellung <i>RakT – Recht auf kulturelle Teilhabe</i>, Kulturort Badstraße 8, Fürth/Deutschland (2009). 2007 erhielt Michl Schmidt den Kunstpreis der Stadt Fürth und 2006 wurde er mit dem Akademiepreis der Akademie der Bildenden Künste Nürnberg ausgezeichnet.
