{"id":7395,"date":"2020-03-26T18:06:42","date_gmt":"2020-03-26T17:06:42","guid":{"rendered":"https:\/\/www.akademie-solitude.de\/event\/solitude-konzerte-in-der-scheune-und-im-schloss-2\/"},"modified":"2020-08-12T09:47:06","modified_gmt":"2020-08-12T07:47:06","slug":"solitude-konzerte-in-der-scheune-und-im-schloss-2","status":"publish","type":"event","link":"https:\/\/www.akademie-solitude.de\/de\/event\/solitude-konzerte-in-der-scheune-und-im-schloss-2\/","title":{"rendered":"Solitude-Konzerte in der Scheune und im Schloss"},"content":{"rendered":"","protected":false},"author":1,"featured_media":0,"template":"","categories":[],"class_list":["post-7395","event","type-event","status-publish","hentry"],"acf":{"bgcolor":"","bgcolor_custom":"","custom_color_css_variable":"","content_type":null,"intro_preview_headline":"","intro_preview_txt":"","intro_preview_img":8141,"event_id_old":"2867","event_subtitle":"","event_date":"2011-07-03 19:00:00","event_date_end":"2011-07-03 19:00:00","event_location":[{"event_location_name":"Wei\u00dfer Saal","event_location_link":""},{"event_location_name":"Schloss Solitude","event_location_link":""}],"event_programme":"","event_taxonomy_category":false,"event_practice_field":false,"event_opening":"","event_opening_times":"","event_additional_info":"","event_txt_old":"<b>Vinca Quartet, Studierende der Staatlichen Hochschule f\u00fcr Musik und Darstellende Kunst Stuttgart<\/b><br \/>\n<br \/>\nJessica Tong (Violine), Aaron Requiro (Violine), Laura Seay (Viola), An-Lin Bardin (Violoncello)<br \/>\n<br \/>\n<b>Programm<\/b> <br \/>\n<br \/>\nLeo\u0161 Jan\u00e1\u010dek <br \/>\n<i>Streichquartett Nr. 2 \u203aIntime Briefe\u2039<\/i><br \/>\n<br \/>\nWolfgang Amadeus Mozart<br \/>\n<i>Streichquartett d-moll KV 421<\/i><br \/>\n<br \/>\nLudwig van Beethoven <br \/>\n<i>Streichquartett Nr. 8 e-moll op. 59<br \/>\n Nr. 2 \u203aRasumowsky-Quartett 2\u2039<\/i><br \/>\n<br \/>\n<br \/>\n<b>Zum Vinca Quartet<\/b><br \/>\n<br \/>\nDas von der Presse f\u00fcr sein \u00bbherausragendes musikalisches  K\u00f6nnen\u00ab <i>(New York Times)<\/i> und \u00bbunvergessliche Auff\u00fchrungen \u00ab <i>(Woodstock Times)<\/i> gelobte Vinca Quartet hat im Laufe der letzten Jahre die Herzen von Publikum und Kritikern gleicherma\u00dfen gewonnen. Nicht zuletzt mit dynamischen Interpretationen und einem stets einfallsreichen Programm hat sich das Vinca Quartet einen Namen gemacht. In den letzten Jahren gewann das Quartett zahlreiche international renommierte Preise, es konzertierte u. a. in der Carnegie Hall (USA), Schloss Weikersheim (Deutschland) und Les Invalides (Frankreich). Alle Mitglieder des Vinca Quartets sind Meistersch\u00fcler von bekannten Musikgr\u00f6\u00dfen bzw. Quartetten, wie dem Juilliard, dem Cleveland, dem Takacs und dem Alban Berg Quartett. Dieses weitreichende musikalische Training sowie die jeweils eigene interdisziplin\u00e4re Ausbildung halfen dem Quartett dabei, seinen eigenen unverwechselbaren musikalischen Ausdruck zu finden. Der Name des Quartetts ist abgeleitet vom lateinischen Verb vincere, was soviel wie \u00bbSiegen\u00ab bzw. \u00bbBesiegen\u00ab bedeutet und die unbez\u00e4hmbare musikalische Leidenschaft der vier Mitglieder unterstreichen soll. Das Vinca Quartet hat im Herbst 2010 ein Master-Studium beim Vogler Quartett aufgenommen.<br \/>\n<br \/>\n<br \/>\n<b>Eintritt:<\/b> 15 Euro \/ erm. 10 Euro, zzgl. VVK-Geb\u00fchr<br \/>\nKarten erh\u00e4ltlich bei SKS Russ (Tel. 0711 \/ 163 53 21), Charlottenplatz 17, 70173 Stuttgart und an der Tageskasse.<br \/>\n<br \/>\nBitte beachten Sie, dass bei allen Scheunenkonzerten freie Platzwahl besteht und nach Konzertbeginn kein Einlass mehr erfolgt!<br \/>\n<br \/>\n<i>Eine Konzertreihe der Akademie Schloss Solitude und der Rudolf-Eberle-Stiftung.<br \/>\nMit freundlicher Unterst\u00fctzung von Staatliche Schl\u00f6sser und G\u00e4rten Baden-W\u00fcrttemberg.<\/i>","event_more_events":"","related_posts_event":""},"_links":{"self":[{"href":"https:\/\/www.akademie-solitude.de\/de\/wp-json\/wp\/v2\/event\/7395","targetHints":{"allow":["GET"]}}],"collection":[{"href":"https:\/\/www.akademie-solitude.de\/de\/wp-json\/wp\/v2\/event"}],"about":[{"href":"https:\/\/www.akademie-solitude.de\/de\/wp-json\/wp\/v2\/types\/event"}],"author":[{"embeddable":true,"href":"https:\/\/www.akademie-solitude.de\/de\/wp-json\/wp\/v2\/users\/1"}],"wp:attachment":[{"href":"https:\/\/www.akademie-solitude.de\/de\/wp-json\/wp\/v2\/media?parent=7395"}],"wp:term":[{"taxonomy":"category","embeddable":true,"href":"https:\/\/www.akademie-solitude.de\/de\/wp-json\/wp\/v2\/categories?post=7395"}],"curies":[{"name":"wp","href":"https:\/\/api.w.org\/{rel}","templated":true}]}}

Weißer Saal

<b>Vinca Quartet, Studierende der Staatlichen Hochschule für Musik und Darstellende Kunst Stuttgart</b><br />
<br />
Jessica Tong (Violine), Aaron Requiro (Violine), Laura Seay (Viola), An-Lin Bardin (Violoncello)<br />
<br />
<b>Programm</b> <br />
<br />
Leoš Janáček <br />
<i>Streichquartett Nr. 2 ›Intime Briefe‹</i><br />
<br />
Wolfgang Amadeus Mozart<br />
<i>Streichquartett d-moll KV 421</i><br />
<br />
Ludwig van Beethoven <br />
<i>Streichquartett Nr. 8 e-moll op. 59<br />
 Nr. 2 ›Rasumowsky-Quartett 2‹</i><br />
<br />
<br />
<b>Zum Vinca Quartet</b><br />
<br />
Das von der Presse für sein »herausragendes musikalisches  Können« <i>(New York Times)</i> und »unvergessliche Aufführungen « <i>(Woodstock Times)</i> gelobte Vinca Quartet hat im Laufe der letzten Jahre die Herzen von Publikum und Kritikern gleichermaßen gewonnen. Nicht zuletzt mit dynamischen Interpretationen und einem stets einfallsreichen Programm hat sich das Vinca Quartet einen Namen gemacht. In den letzten Jahren gewann das Quartett zahlreiche international renommierte Preise, es konzertierte u. a. in der Carnegie Hall (USA), Schloss Weikersheim (Deutschland) und Les Invalides (Frankreich). Alle Mitglieder des Vinca Quartets sind Meisterschüler von bekannten Musikgrößen bzw. Quartetten, wie dem Juilliard, dem Cleveland, dem Takacs und dem Alban Berg Quartett. Dieses weitreichende musikalische Training sowie die jeweils eigene interdisziplinäre Ausbildung halfen dem Quartett dabei, seinen eigenen unverwechselbaren musikalischen Ausdruck zu finden. Der Name des Quartetts ist abgeleitet vom lateinischen Verb vincere, was soviel wie »Siegen« bzw. »Besiegen« bedeutet und die unbezähmbare musikalische Leidenschaft der vier Mitglieder unterstreichen soll. Das Vinca Quartet hat im Herbst 2010 ein Master-Studium beim Vogler Quartett aufgenommen.<br />
<br />
<br />
<b>Eintritt:</b> 15 Euro / erm. 10 Euro, zzgl. VVK-Gebühr<br />
Karten erhältlich bei SKS Russ (Tel. 0711 / 163 53 21), Charlottenplatz 17, 70173 Stuttgart und an der Tageskasse.<br />
<br />
Bitte beachten Sie, dass bei allen Scheunenkonzerten freie Platzwahl besteht und nach Konzertbeginn kein Einlass mehr erfolgt!<br />
<br />
<i>Eine Konzertreihe der Akademie Schloss Solitude und der Rudolf-Eberle-Stiftung.<br />
Mit freundlicher Unterstützung von Staatliche Schlösser und Gärten Baden-Württemberg.</i>
