{"id":7414,"date":"2020-03-26T18:06:44","date_gmt":"2020-03-26T17:06:44","guid":{"rendered":"https:\/\/www.akademie-solitude.de\/event\/lange-nacht-der-museen-roemer-xii\/"},"modified":"2020-08-12T09:47:10","modified_gmt":"2020-08-12T07:47:10","slug":"lange-nacht-der-museen-roemer-xii","status":"publish","type":"event","link":"https:\/\/www.akademie-solitude.de\/de\/event\/lange-nacht-der-museen-roemer-xii\/","title":{"rendered":"Lange Nacht der Museen: Roemer XII"},"content":{"rendered":"","protected":false},"author":1,"featured_media":0,"template":"","categories":[15,30],"class_list":["post-7414","event","type-event","status-publish","hentry","category-ausstellung","category-performance"],"acf":{"bgcolor":"","bgcolor_custom":"","custom_color_css_variable":"","content_type":null,"intro_preview_headline":"","intro_preview_txt":"Wie jedes Jahr zur Langen Nacht der Museen gestalten und bespielen Solitude-Stipendiatinnen und -Stipendiaten eigens f\u00fcr diesen Abend den Projektraum der Akademie in der Stuttgarter Innenstadt.","intro_preview_img":8156,"event_id_old":"2889","event_subtitle":"Apparently, I have an obsession","event_date":"2012-03-17 00:00:00","event_date_end":"2012-03-17 00:00:00","event_location":[{"event_location_name":"Projektraum R\u00f6merstra\u00dfe 2A","event_location_link":""}],"event_programme":"","event_taxonomy_category":[15,30],"event_practice_field":false,"event_opening":"","event_opening_times":"","event_additional_info":"","event_txt_old":"<p>\n\t<b>R\u00f6mer XII - Ein Ausstellungsabend von Stipendiaten der Akademie Schloss Solitude im Projektraum R\u00f6merstra\u00dfe 2, Stuttgart.<\/b><br \/>\n\t<br \/>\n\tWie jedes Jahr zur Langen Nacht der Museen gestalten und bespielen Solitude-Stipendiatinnen und -Stipendiaten eigens f\u00fcr diesen Abend den Projektraum der Akademie in der Stuttgarter Innenstadt. An der Verwandlung der als Atelier und Veranstaltungsort genutzten R\u00e4ume in der R\u00f6merstra\u00dfe 2 beteiligen sich K\u00fcnstlerinnen und K\u00fcnstler aus den Bereichen Bildende Kunst, Design, Film\/Video, Architektur, Darstellende Kunst, Literatur und Musik. Sie machen sich das Haus zu eigen und nehmen die vorgefundenen Strukturen auf vielf\u00e4ltige Weise in ihren Besitz. Die Besucher erwartet ein abwechslungsreiches Programm und Getr\u00e4nke zu erschwinglichen Preisen an der &raquo;Hausbar&laquo;!<br \/>\n\t<br \/>\n\tDer Abend wird kuratiert von Juliane Beck, die seit Dezember 2011 Stipendiatin f\u00fcr Kunstkoordination an der Akademie ist.<\/p>","event_more_events":"","related_posts_event":[6503,6507,6511,6493,6577,5841,6103,6418,6393,6638,6638]},"_links":{"self":[{"href":"https:\/\/www.akademie-solitude.de\/de\/wp-json\/wp\/v2\/event\/7414","targetHints":{"allow":["GET"]}}],"collection":[{"href":"https:\/\/www.akademie-solitude.de\/de\/wp-json\/wp\/v2\/event"}],"about":[{"href":"https:\/\/www.akademie-solitude.de\/de\/wp-json\/wp\/v2\/types\/event"}],"author":[{"embeddable":true,"href":"https:\/\/www.akademie-solitude.de\/de\/wp-json\/wp\/v2\/users\/1"}],"acf:post":[{"embeddable":true,"href":"https:\/\/www.akademie-solitude.de\/de\/wp-json\/wp\/v2\/person\/6638"},{"embeddable":true,"href":"https:\/\/www.akademie-solitude.de\/de\/wp-json\/wp\/v2\/person\/6393"},{"embeddable":true,"href":"https:\/\/www.akademie-solitude.de\/de\/wp-json\/wp\/v2\/person\/6418"},{"embeddable":true,"href":"https:\/\/www.akademie-solitude.de\/de\/wp-json\/wp\/v2\/person\/6103"},{"embeddable":true,"href":"https:\/\/www.akademie-solitude.de\/de\/wp-json\/wp\/v2\/person\/5841"},{"embeddable":true,"href":"https:\/\/www.akademie-solitude.de\/de\/wp-json\/wp\/v2\/person\/6577"},{"embeddable":true,"href":"https:\/\/www.akademie-solitude.de\/de\/wp-json\/wp\/v2\/person\/6493"},{"embeddable":true,"href":"https:\/\/www.akademie-solitude.de\/de\/wp-json\/wp\/v2\/person\/6511"},{"embeddable":true,"href":"https:\/\/www.akademie-solitude.de\/de\/wp-json\/wp\/v2\/person\/6507"},{"embeddable":true,"href":"https:\/\/www.akademie-solitude.de\/de\/wp-json\/wp\/v2\/person\/6503"}],"acf:term":[{"embeddable":true,"taxonomy":"category","href":"https:\/\/www.akademie-solitude.de\/de\/wp-json\/wp\/v2\/categories\/30"},{"embeddable":true,"taxonomy":"category","href":"https:\/\/www.akademie-solitude.de\/de\/wp-json\/wp\/v2\/categories\/15"}],"wp:attachment":[{"href":"https:\/\/www.akademie-solitude.de\/de\/wp-json\/wp\/v2\/media?parent=7414"}],"wp:term":[{"taxonomy":"category","embeddable":true,"href":"https:\/\/www.akademie-solitude.de\/de\/wp-json\/wp\/v2\/categories?post=7414"}],"curies":[{"name":"wp","href":"https:\/\/api.w.org\/{rel}","templated":true}]}}

Wie jedes Jahr zur Langen Nacht der Museen gestalten und bespielen Solitude-Stipendiatinnen und -Stipendiaten eigens für diesen Abend den Projektraum der Akademie in der Stuttgarter Innenstadt.

Projektraum Römerstraße 2A

<p>
	<b>Römer XII - Ein Ausstellungsabend von Stipendiaten der Akademie Schloss Solitude im Projektraum Römerstraße 2, Stuttgart.</b><br />
	<br />
	Wie jedes Jahr zur Langen Nacht der Museen gestalten und bespielen Solitude-Stipendiatinnen und -Stipendiaten eigens für diesen Abend den Projektraum der Akademie in der Stuttgarter Innenstadt. An der Verwandlung der als Atelier und Veranstaltungsort genutzten Räume in der Römerstraße 2 beteiligen sich Künstlerinnen und Künstler aus den Bereichen Bildende Kunst, Design, Film/Video, Architektur, Darstellende Kunst, Literatur und Musik. Sie machen sich das Haus zu eigen und nehmen die vorgefundenen Strukturen auf vielfältige Weise in ihren Besitz. Die Besucher erwartet ein abwechslungsreiches Programm und Getränke zu erschwinglichen Preisen an der &raquo;Hausbar&laquo;!<br />
	<br />
	Der Abend wird kuratiert von Juliane Beck, die seit Dezember 2011 Stipendiatin für Kunstkoordination an der Akademie ist.</p>
