{"id":7441,"date":"2020-03-26T18:06:46","date_gmt":"2020-03-26T17:06:46","guid":{"rendered":"https:\/\/www.akademie-solitude.de\/event\/vertraute-gespraeche-3\/"},"modified":"2020-08-12T09:47:17","modified_gmt":"2020-08-12T07:47:17","slug":"vertraute-gespraeche-3","status":"publish","type":"event","link":"https:\/\/www.akademie-solitude.de\/de\/event\/vertraute-gespraeche-3\/","title":{"rendered":"VERTRAUTE GESPR\u00c4CHE"},"content":{"rendered":"","protected":false},"author":1,"featured_media":0,"template":"","categories":[31,32],"class_list":["post-7441","event","type-event","status-publish","hentry","category-praesentation","category-vortrag"],"acf":{"bgcolor":"","bgcolor_custom":"","custom_color_css_variable":"","content_type":null,"intro_preview_headline":"","intro_preview_txt":"Im Gespr\u00e4ch zwischen <strong>Vera Nebolsina<\/strong>, Schachgro\u00dfmeisterin und dem Philosophen, Komponisten und Lyriker <strong>Asmus Trautsch<\/strong> wird es unter anderem&nbsp;darum gehen, dass das Schachspiel bereits seit geraumer Zeit und auf vielf\u00e4ltige Weise von der Kunst genutzt wird. Es ist dar\u00fcber hinaus ein zentrales Diskussionsthema in der Wirtschaft und Wissenschaft. Als Form des strategischen und investigativen Denkens besitzt Schach das Potenzial, den Dialog zwischen den Disziplinen noch weiter zu verst\u00e4rken.&nbsp;<br \/>","intro_preview_img":8160,"event_id_old":"3539","event_subtitle":"\u00d6ffentliche Dialoge 2012\/2013","event_date":"2012-12-07 20:00:00","event_date_end":"2012-12-07 20:00:00","event_location":[{"event_location_name":"Akademie Schloss Solitude","event_location_link":""}],"event_programme":"","event_taxonomy_category":[31,32],"event_practice_field":false,"event_opening":"","event_opening_times":"","event_additional_info":"","event_txt_old":"<strong>Mit VERA NEBOLSINA<br \/>\nSchachgro\u00dfmeisterin<\/strong><br \/>\n<br \/>\nDie Reihe der <em>Vertrauten Gespr\u00e4che<\/em> an der Akademie Schloss Solitude setzt auf das Medium des Gespr\u00e4chs, um Perspektiven aus Kunst, Wissenschaft, Wirtschaft, Gesellschaft und Politik aufeinander zu beziehen. In dieser Kommunikationsform werden Erfahrungen, Wissen und Denkanst\u00f6\u00dfe nicht nur mitgeteilt, sondern auch in einem Wechselspiel von Fragen und Antworten, Erz\u00e4hlungen und Zitaten, Gedanken und Kritik neu \u00fcberdacht und ver\u00e4ndert. Der Titel dieser Reihe entspringt dem Wunsch, eine offene und zugleich vertraute Atmosph\u00e4re zu schaffen, um Denkkonventionen zu \u00fcberspringen, Raum zum Erz\u00e4hlen zu \u00f6ffnen und Unbekanntes aufzusp\u00fcren. Auch das Publikum ist eingeladen, sich daran zu beteiligen.<br \/>\n<br \/>\nDie <em>Vertrauten Gespr\u00e4che<\/em> nahmen im Mai und Juli 2012 mit dem Dichter <strong>Durs Gr\u00fcnbein<\/strong> und der Kulturwissenschaftlerin <strong>Elisabeth Bronfen<\/strong> ihren Anfang. Im Dialog mit <strong>Vera Nebolsina<\/strong> werden sie nun am 7. Dezember 2012 um 20 Uhr fortgesetzt.<br \/>\n<br \/>\nIm Gespr\u00e4ch zwischen der Schachgro\u00dfmeisterin&nbsp;<strong>Vera Nebolsina<\/strong>&nbsp;und dem Philosophen, Komponisten und Lyriker&nbsp;<strong>Asmus Trautsch<\/strong>&nbsp;wird es unter anderem&nbsp;darum gehen, dass das Schachspiel bereits seit geraumer Zeit und auf vielf\u00e4ltige Weise von der Kunst genutzt wird. Es ist dar\u00fcber hinaus ein Diskussionsthema in der Wirtschaft und Wissenschaft. Als Form des strategischen und investigativen Denkens besitzt Schach das Potenzial, den Dialog zwischen den Disziplinen noch zu verst\u00e4rken.&nbsp;<br \/>\n<br \/>\nDem Schriftsteller, Filmemacher und Philosophen <strong>Alexander Kluge<\/strong>, der auf unnachahmliche Weise zahlreiche von subtiler Neugier, Erz\u00e4hllust und kritischem Scharfsinn gepr\u00e4gte Gespr\u00e4che mit Wissenschaftlern, K\u00fcnstlern, Politikern, Unternehmern und fiktiven Figuren gef\u00fchrt hat, sind die Vertrauten Gespr\u00e4che zu seinem 80. Geburtstag gewidmet. In loser Folge finden sie an der Akademie Schloss Solitude in den Jahren 2012 und 2013 statt. Der Initiator und Gastgeber Asmus Trautsch war 2010\/2011 Stipendiat im Programm <em>art, science &amp; business.<\/em><br \/>\n<br \/>\nEintritt: 8 Euro regul\u00e4r, 6 Euro erm\u00e4\u00dfigt.<br \/>\n<br \/>","event_more_events":"","related_posts_event":[5696,5739]},"_links":{"self":[{"href":"https:\/\/www.akademie-solitude.de\/de\/wp-json\/wp\/v2\/event\/7441","targetHints":{"allow":["GET"]}}],"collection":[{"href":"https:\/\/www.akademie-solitude.de\/de\/wp-json\/wp\/v2\/event"}],"about":[{"href":"https:\/\/www.akademie-solitude.de\/de\/wp-json\/wp\/v2\/types\/event"}],"author":[{"embeddable":true,"href":"https:\/\/www.akademie-solitude.de\/de\/wp-json\/wp\/v2\/users\/1"}],"acf:post":[{"embeddable":true,"href":"https:\/\/www.akademie-solitude.de\/de\/wp-json\/wp\/v2\/person\/5739"},{"embeddable":true,"href":"https:\/\/www.akademie-solitude.de\/de\/wp-json\/wp\/v2\/person\/5696"}],"acf:term":[{"embeddable":true,"taxonomy":"category","href":"https:\/\/www.akademie-solitude.de\/de\/wp-json\/wp\/v2\/categories\/32"},{"embeddable":true,"taxonomy":"category","href":"https:\/\/www.akademie-solitude.de\/de\/wp-json\/wp\/v2\/categories\/31"}],"wp:attachment":[{"href":"https:\/\/www.akademie-solitude.de\/de\/wp-json\/wp\/v2\/media?parent=7441"}],"wp:term":[{"taxonomy":"category","embeddable":true,"href":"https:\/\/www.akademie-solitude.de\/de\/wp-json\/wp\/v2\/categories?post=7441"}],"curies":[{"name":"wp","href":"https:\/\/api.w.org\/{rel}","templated":true}]}}

VERTRAUTE GESPRÄCHE

Im Gespräch zwischen <strong>Vera Nebolsina</strong>, Schachgroßmeisterin und dem Philosophen, Komponisten und Lyriker <strong>Asmus Trautsch</strong> wird es unter anderem&nbsp;darum gehen, dass das Schachspiel bereits seit geraumer Zeit und auf vielfältige Weise von der Kunst genutzt wird. Es ist darüber hinaus ein zentrales Diskussionsthema in der Wirtschaft und Wissenschaft. Als Form des strategischen und investigativen Denkens besitzt Schach das Potenzial, den Dialog zwischen den Disziplinen noch weiter zu verstärken.&nbsp;<br />

Öffentliche Dialoge 2012/2013

<strong>Mit VERA NEBOLSINA<br />
Schachgroßmeisterin</strong><br />
<br />
Die Reihe der <em>Vertrauten Gespräche</em> an der Akademie Schloss Solitude setzt auf das Medium des Gesprächs, um Perspektiven aus Kunst, Wissenschaft, Wirtschaft, Gesellschaft und Politik aufeinander zu beziehen. In dieser Kommunikationsform werden Erfahrungen, Wissen und Denkanstöße nicht nur mitgeteilt, sondern auch in einem Wechselspiel von Fragen und Antworten, Erzählungen und Zitaten, Gedanken und Kritik neu überdacht und verändert. Der Titel dieser Reihe entspringt dem Wunsch, eine offene und zugleich vertraute Atmosphäre zu schaffen, um Denkkonventionen zu überspringen, Raum zum Erzählen zu öffnen und Unbekanntes aufzuspüren. Auch das Publikum ist eingeladen, sich daran zu beteiligen.<br />
<br />
Die <em>Vertrauten Gespräche</em> nahmen im Mai und Juli 2012 mit dem Dichter <strong>Durs Grünbein</strong> und der Kulturwissenschaftlerin <strong>Elisabeth Bronfen</strong> ihren Anfang. Im Dialog mit <strong>Vera Nebolsina</strong> werden sie nun am 7. Dezember 2012 um 20 Uhr fortgesetzt.<br />
<br />
Im Gespräch zwischen der Schachgroßmeisterin&nbsp;<strong>Vera Nebolsina</strong>&nbsp;und dem Philosophen, Komponisten und Lyriker&nbsp;<strong>Asmus Trautsch</strong>&nbsp;wird es unter anderem&nbsp;darum gehen, dass das Schachspiel bereits seit geraumer Zeit und auf vielfältige Weise von der Kunst genutzt wird. Es ist darüber hinaus ein Diskussionsthema in der Wirtschaft und Wissenschaft. Als Form des strategischen und investigativen Denkens besitzt Schach das Potenzial, den Dialog zwischen den Disziplinen noch zu verstärken.&nbsp;<br />
<br />
Dem Schriftsteller, Filmemacher und Philosophen <strong>Alexander Kluge</strong>, der auf unnachahmliche Weise zahlreiche von subtiler Neugier, Erzähllust und kritischem Scharfsinn geprägte Gespräche mit Wissenschaftlern, Künstlern, Politikern, Unternehmern und fiktiven Figuren geführt hat, sind die Vertrauten Gespräche zu seinem 80. Geburtstag gewidmet. In loser Folge finden sie an der Akademie Schloss Solitude in den Jahren 2012 und 2013 statt. Der Initiator und Gastgeber Asmus Trautsch war 2010/2011 Stipendiat im Programm <em>art, science &amp; business.</em><br />
<br />
Eintritt: 8 Euro regulär, 6 Euro ermäßigt.<br />
<br />
