{"id":7468,"date":"2020-03-26T18:06:50","date_gmt":"2020-03-26T17:06:50","guid":{"rendered":"https:\/\/www.akademie-solitude.de\/event\/solitude-nacht\/"},"modified":"2020-08-12T09:47:23","modified_gmt":"2020-08-12T07:47:23","slug":"solitude-nacht","status":"publish","type":"event","link":"https:\/\/www.akademie-solitude.de\/de\/event\/solitude-nacht\/","title":{"rendered":"SOLITUDE-NACHT"},"content":{"rendered":"","protected":false},"author":1,"featured_media":0,"template":"","categories":[15,30],"class_list":["post-7468","event","type-event","status-publish","hentry","category-ausstellung","category-performance"],"acf":{"bgcolor":"","bgcolor_custom":"","custom_color_css_variable":"","content_type":null,"intro_preview_headline":"","intro_preview_txt":"<p>Nach dem Solitude-Tag in 2011 und 2012 gibt es diesen Sommer wieder eine Solitude-Nacht mit<br>\nzahlreichen K\u00fcnstlerinnen und K\u00fcnstlern aus der ganzen Welt und auch aus Stuttgart, mit einem feinen Kulturprogramm aus Lesungen, Tanzperformances und Konzert und DJ zu sp\u00e4ter Stunde.<\/p>","intro_preview_img":8201,"event_id_old":"3582","event_subtitle":"","event_date":"2013-07-13 19:00:00","event_date_end":"2013-07-13 19:00:00","event_location":[{"event_location_name":"Akademie Schloss Solitude","event_location_link":""}],"event_programme":"","event_taxonomy_category":[15,30],"event_practice_field":false,"event_opening":"","event_opening_times":"","event_additional_info":"","event_txt_old":"<p>Nach dem Solitude-Tag in 2011 und 2012 gibt es diesen Sommer wieder eine Solitude-Nacht mit<br>\nzahlreichen K\u00fcnstlerinnen und K\u00fcnstlern aus der ganzen Welt und auch aus Stuttgart, mit einem feinen Kulturprogramm aus Lesungen, Tanzperformances und Konzert und DJ zu sp\u00e4ter Stunde.<\/p>\n<p>F\u00fcr Neugierige bieten wir um 18.00 Uhr und 18.30 Uhr jeweils eine F\u00fchrung durch einige private und \u00f6ffentliche R\u00e4ume der Akademie sowie durch die aktuelle Ausstellung.<\/p>\n<p>F\u00fcr Getr\u00e4nke sorgen die Mitarbeiterinnen und Mitarbeiter der Akademie, f\u00fcr Speisen (Maultaschen,<br>\nGrillwurst, Flammkuchen und Cr\u00eapes) freundliche Stra\u00dfenh\u00e4ndler aus der Stuttgarter Region.<\/p>\n<p>Bei schlechtem Wetter findet die Solitude-Nacht in den R\u00e4umen der Akademie statt.<\/p>\n<p><strong>PROGRAMM<\/strong><\/p>\n<p>18:00 Uhr: F\u00fchrung durch die Akademie und die aktuelle Ausstellung mit Jean-Baptiste Joly<br>\n18.30 Uhr: F\u00fchrung durch die Akademie und die aktuelle Ausstellung mit Stephan Pohl<br>\n19:30 Uhr: Begr\u00fc\u00dfung und Ansprache im Hof, Jean-Baptiste Joly<br>\n20:00 Uhr: Tanzperformance <a href=\"https:\/\/www.akademie-solitude.de\/de\/news-press\/news\/performance-plano-b~3590\/\">\u00bbPLANO B\u00ab<\/a> von Thiago Granato im Guibal-Saal der Akademie<br>\n21:00 Uhr: <a href=\"https:\/\/www.akademie-solitude.de\/de\/news-press\/news\/konzert-mit-werken-von-peter-jakober-und-michael-moser~3591\/\">Konzert<\/a> mit Werken von Peter Jakober und Michael Moser, Scheune der Akademie<br>\n21:45 Uhr: Tanzperformance <a href=\"https:\/\/www.akademie-solitude.de\/de\/news-press\/news\/performance-plano-b~3590\/\">\u00bbPLANO B\u00ab<\/a> von Thiago Granato im Guibal-Saal der Akademie<br>\n22:15 Uhr: Lesungen auf der Treppe vor dem Schloss, mit Katharina Bendixen, Anne Kawala und Doug Rice<br>\nKatharina Bendixen liest die Erz\u00e4hlung \u00bbIn die W\u00e4lder\u00ab aus dem Band <a href=\"http:\/\/www.poetenladen-der-verlag.de\/einzeltitel\/gern.htm\">\u00bbGern, wenn du willst\u00ab<\/a><br>\nDoug Rice liest aus seinem Roman <a href=\"https:\/\/www.akademie-solitude.de\/de\/publikationen\/literatur\/das-heilige-buch-der-stille~3585\/\">\u00bbThe Sacred Book of Silence\u00ab<\/a> (Das Heilige Buch der Stille), der im Oktober in der Edition Solitude erscheinen wird.<\/p>\n<p>Ab 23 Uhr: Bar mit DJ<\/p>\n<p>Sie erreichen die Akademie mit dem Bus 92 (ab Roteb\u00fchlplatz). Autofahrer benutzen bitte die ausgeschilderten Parkpl\u00e4tze.<\/p>\n<p>EINTRITT FREI!<\/p>","event_more_events":"","related_posts_event":[6534,6545,6522,6573,6468]},"_links":{"self":[{"href":"https:\/\/www.akademie-solitude.de\/de\/wp-json\/wp\/v2\/event\/7468","targetHints":{"allow":["GET"]}}],"collection":[{"href":"https:\/\/www.akademie-solitude.de\/de\/wp-json\/wp\/v2\/event"}],"about":[{"href":"https:\/\/www.akademie-solitude.de\/de\/wp-json\/wp\/v2\/types\/event"}],"author":[{"embeddable":true,"href":"https:\/\/www.akademie-solitude.de\/de\/wp-json\/wp\/v2\/users\/1"}],"acf:post":[{"embeddable":true,"href":"https:\/\/www.akademie-solitude.de\/de\/wp-json\/wp\/v2\/person\/6468"},{"embeddable":true,"href":"https:\/\/www.akademie-solitude.de\/de\/wp-json\/wp\/v2\/person\/6573"},{"embeddable":true,"href":"https:\/\/www.akademie-solitude.de\/de\/wp-json\/wp\/v2\/person\/6522"},{"embeddable":true,"href":"https:\/\/www.akademie-solitude.de\/de\/wp-json\/wp\/v2\/person\/6545"},{"embeddable":true,"href":"https:\/\/www.akademie-solitude.de\/de\/wp-json\/wp\/v2\/person\/6534"}],"acf:term":[{"embeddable":true,"taxonomy":"category","href":"https:\/\/www.akademie-solitude.de\/de\/wp-json\/wp\/v2\/categories\/30"},{"embeddable":true,"taxonomy":"category","href":"https:\/\/www.akademie-solitude.de\/de\/wp-json\/wp\/v2\/categories\/15"}],"wp:attachment":[{"href":"https:\/\/www.akademie-solitude.de\/de\/wp-json\/wp\/v2\/media?parent=7468"}],"wp:term":[{"taxonomy":"category","embeddable":true,"href":"https:\/\/www.akademie-solitude.de\/de\/wp-json\/wp\/v2\/categories?post=7468"}],"curies":[{"name":"wp","href":"https:\/\/api.w.org\/{rel}","templated":true}]}}

<p>Nach dem Solitude-Tag in 2011 und 2012 gibt es diesen Sommer wieder eine Solitude-Nacht mit<br>
zahlreichen Künstlerinnen und Künstlern aus der ganzen Welt und auch aus Stuttgart, mit einem feinen Kulturprogramm aus Lesungen, Tanzperformances und Konzert und DJ zu später Stunde.</p>

<p>Nach dem Solitude-Tag in 2011 und 2012 gibt es diesen Sommer wieder eine Solitude-Nacht mit<br>
zahlreichen Künstlerinnen und Künstlern aus der ganzen Welt und auch aus Stuttgart, mit einem feinen Kulturprogramm aus Lesungen, Tanzperformances und Konzert und DJ zu später Stunde.</p>
<p>Für Neugierige bieten wir um 18.00 Uhr und 18.30 Uhr jeweils eine Führung durch einige private und öffentliche Räume der Akademie sowie durch die aktuelle Ausstellung.</p>
<p>Für Getränke sorgen die Mitarbeiterinnen und Mitarbeiter der Akademie, für Speisen (Maultaschen,<br>
Grillwurst, Flammkuchen und Crêpes) freundliche Straßenhändler aus der Stuttgarter Region.</p>
<p>Bei schlechtem Wetter findet die Solitude-Nacht in den Räumen der Akademie statt.</p>
<p><strong>PROGRAMM</strong></p>
<p>18:00 Uhr: Führung durch die Akademie und die aktuelle Ausstellung mit Jean-Baptiste Joly<br>
18.30 Uhr: Führung durch die Akademie und die aktuelle Ausstellung mit Stephan Pohl<br>
19:30 Uhr: Begrüßung und Ansprache im Hof, Jean-Baptiste Joly<br>
20:00 Uhr: Tanzperformance <a href="https://www.akademie-solitude.de/de/news-press/news/performance-plano-b~3590/">»PLANO B«</a> von Thiago Granato im Guibal-Saal der Akademie<br>
21:00 Uhr: <a href="https://www.akademie-solitude.de/de/news-press/news/konzert-mit-werken-von-peter-jakober-und-michael-moser~3591/">Konzert</a> mit Werken von Peter Jakober und Michael Moser, Scheune der Akademie<br>
21:45 Uhr: Tanzperformance <a href="https://www.akademie-solitude.de/de/news-press/news/performance-plano-b~3590/">»PLANO B«</a> von Thiago Granato im Guibal-Saal der Akademie<br>
22:15 Uhr: Lesungen auf der Treppe vor dem Schloss, mit Katharina Bendixen, Anne Kawala und Doug Rice<br>
Katharina Bendixen liest die Erzählung »In die Wälder« aus dem Band <a href="http://www.poetenladen-der-verlag.de/einzeltitel/gern.htm">»Gern, wenn du willst«</a><br>
Doug Rice liest aus seinem Roman <a href="https://www.akademie-solitude.de/de/publikationen/literatur/das-heilige-buch-der-stille~3585/">»The Sacred Book of Silence«</a> (Das Heilige Buch der Stille), der im Oktober in der Edition Solitude erscheinen wird.</p>
<p>Ab 23 Uhr: Bar mit DJ</p>
<p>Sie erreichen die Akademie mit dem Bus 92 (ab Rotebühlplatz). Autofahrer benutzen bitte die ausgeschilderten Parkplätze.</p>
<p>EINTRITT FREI!</p>
