{"id":7493,"date":"2020-03-26T18:06:51","date_gmt":"2020-03-26T17:06:51","guid":{"rendered":"https:\/\/www.akademie-solitude.de\/event\/hybrid-talks-performance-of-work\/"},"modified":"2020-08-12T09:47:29","modified_gmt":"2020-08-12T07:47:29","slug":"hybrid-talks-performance-of-work","status":"publish","type":"event","link":"https:\/\/www.akademie-solitude.de\/de\/event\/hybrid-talks-performance-of-work\/","title":{"rendered":"HYBRID TALKS: PERFORMANCE OF WORK"},"content":{"rendered":"","protected":false},"author":1,"featured_media":0,"template":"","categories":[31,32],"class_list":["post-7493","event","type-event","status-publish","hentry","category-praesentation","category-vortrag"],"acf":{"bgcolor":"","bgcolor_custom":"","custom_color_css_variable":"","content_type":null,"intro_preview_headline":"","intro_preview_txt":"<p>Bei den zehnten <strong>Hybrid Talks<\/strong> geht es um den Begriff der Performance\/Leistung \u2013 damit auch um den Wert von Arbeit \u2013 und was dies in den Wissenschaften, in den K\u00fcnsten sowie im Management bedeuten kann. Sie finden in enger Kooperation mit dem Programm <em>art, science &amp; business<\/em> der Akademie Schloss Solitude statt.<\/p>","intro_preview_img":8221,"event_id_old":"3618","event_subtitle":"","event_date":"2013-11-07 18:00:00","event_date_end":"2013-11-07 18:00:00","event_location":[{"event_location_name":"TU Berlin","event_location_link":""},{"event_location_name":"Versuchshalle K","event_location_link":""}],"event_programme":"","event_taxonomy_category":[31,32],"event_practice_field":false,"event_opening":"","event_opening_times":"","event_additional_info":"","event_txt_old":"<p><strong>Hybrid Plattform<\/strong> ist ein Pilotprojekt der <strong>Universit\u00e4t der K\u00fcnste Berlin<\/strong> und der <strong>Technischen Universit\u00e4t Berlin<\/strong> im Rahmen des Campus Charlottenburg.<\/p>\n<p>Die <strong>Hybrid Talks<\/strong> laden zur gegenseitigen Inspiration und Vernetzung ein. Vertreterinnen und Vertreter verschiedener Disziplinen treffen aufeinander und beleuchten ein Thema in kurzen Pr\u00e4sentationen von je zehn bis zw\u00f6lf Minuten aus ihrer Perspektive. Der Austausch \u00fcber die Grenzen einzelner Disziplinen hinweg wird im Anschluss an die Vortr\u00e4ge in lockerer Atmosph\u00e4re fortgesetzt.<\/p>\n<p>Bei den zehnten <strong>Hybrid Talks<\/strong> geht es um den Begriff der Performance\/Leistung \u2013 damit auch um den Wert von Arbeit \u2013 und was dies in den Wissenschaften, in den K\u00fcnsten sowie im Management bedeuten kann. Sie finden in enger Kooperation mit dem Programm <em>art, science &amp; business<\/em> der Akademie Schloss Solitude statt.<\/p>\n<p>Leistung kann in der Wissenschaft, im Management als auch in der Kunst von zwei Seiten betrachtet werden. Einerseits kann der Begriff retrospektiv als Endprodukt, als das Geleistete einer Arbeit aufgefasst werden. In der klassischen Physik beispielsweise wird Leistung mit der Formel Leistung = Arbeit\/Zeit als die in einer Zeitspanne umgesetzte Energie bezogen auf eben diese Zeitspanne bezeichnet. Die erbrachte Leistung als quantifizierbares Produkt der Arbeit ist somit berechenbar im Verh\u00e4ltnis der vollbrachten Arbeit zu einer gewissen Zeitspanne. Im Performance Management wiederum geht es um die Messung und Steuerung der Leistungserbringung und die einhergehende Ressourcenbindung. Damit wird Leistung verstanden als Ergebnis sowie als Prozessablauf. Insofern kann auch das Leisten selbst, also der prozessuale Charakter der Anstrengung und der Geschehensprozess, als Leistung aufgefasst werden.<\/p>\n<p>Letzteres gewann in der Kunst mit dem Konzept der Performance an Bedeutung. Bei der k\u00fcnstlerischen Performance muss Arbeit nicht gezwungenerma\u00dfen ein konkretes Endprodukt realisieren, vielmehr steht die Wichtigkeit der Leistung als Mittel der Erkenntnisgewinnung im Vordergrund. Doch inwiefern l\u00e4sst sich diese erbrachte Leistung festhalten, da sie kein greifbares Endprodukt produziert? Auch die physikalische und Unternehmensleistung konstituiert sich im Prozess und ist ebenso wenig speicherbar wie die in einer k\u00fcnstlerischen Performance umgesetzte Leistung. Allerdings kann sie in Zahlen festgehalten und somit (objektiv) ausgewertet werden. Wie jedoch l\u00e4sst sich der Wert der Arbeit als Leistung, beispielsweise in Hinblick auf die Einzigartigkeit der Arbeitshandlung und die produktive Bestimmung der Arbeit, beschreiben?<\/p>\n<p>Es erwarten Sie Beitr\u00e4ge von:<\/p>\n<p><strong>Prof. Dr. Christiane Funken<\/strong><br>\nTU Berlin | Medien- und Geschlechtersoziologie<\/p>\n<p><strong>Prof. Dr. Jan Kratzer<\/strong><br>\nTU Berlin | Entrepreneurship &amp; Innovationsmanagement<\/p>\n<p><strong>Prof. Dr. Axel K\u00fcpper<\/strong><br>\nTU Berlin | Telekom Innovation Laboratories, Service-centric Networking<\/p>\n<p><strong>Maxi Obexer<\/strong><br>\nAutorin und Dozentin, Berlin<\/p>\n<p><strong>Max Schumacher<\/strong><br>\npost theater [new york \/ berlin \/ tokyo]<\/p>\n<p>&nbsp;<\/p>\n<p>Die Hybrid Talks finden an verschiedenen Orten des Campus Charlottenburg statt. Dieses Mal besteht die Gelegenheit, die Turbinen und Pumpen der Versuchshalle K f\u00fcr Fluidsystemdynamik aus der N\u00e4he zu betrachten.<\/p>\n<p>Mehr Informationen finden Sie <strong><a href=\"http:\/\/www.hybrid-plattform.org\/de\/veranstaltungen\/38-hybrid-talks\/630-hybrid-talks-performance-of-work2\">hier<\/a><\/strong>.<\/p>","event_more_events":"","related_posts_event":[5445,6304,5942]},"_links":{"self":[{"href":"https:\/\/www.akademie-solitude.de\/de\/wp-json\/wp\/v2\/event\/7493","targetHints":{"allow":["GET"]}}],"collection":[{"href":"https:\/\/www.akademie-solitude.de\/de\/wp-json\/wp\/v2\/event"}],"about":[{"href":"https:\/\/www.akademie-solitude.de\/de\/wp-json\/wp\/v2\/types\/event"}],"author":[{"embeddable":true,"href":"https:\/\/www.akademie-solitude.de\/de\/wp-json\/wp\/v2\/users\/1"}],"acf:post":[{"embeddable":true,"href":"https:\/\/www.akademie-solitude.de\/de\/wp-json\/wp\/v2\/person\/5942"},{"embeddable":true,"href":"https:\/\/www.akademie-solitude.de\/de\/wp-json\/wp\/v2\/person\/6304"},{"embeddable":true,"href":"https:\/\/www.akademie-solitude.de\/de\/wp-json\/wp\/v2\/person\/5445"}],"acf:term":[{"embeddable":true,"taxonomy":"category","href":"https:\/\/www.akademie-solitude.de\/de\/wp-json\/wp\/v2\/categories\/32"},{"embeddable":true,"taxonomy":"category","href":"https:\/\/www.akademie-solitude.de\/de\/wp-json\/wp\/v2\/categories\/31"}],"wp:attachment":[{"href":"https:\/\/www.akademie-solitude.de\/de\/wp-json\/wp\/v2\/media?parent=7493"}],"wp:term":[{"taxonomy":"category","embeddable":true,"href":"https:\/\/www.akademie-solitude.de\/de\/wp-json\/wp\/v2\/categories?post=7493"}],"curies":[{"name":"wp","href":"https:\/\/api.w.org\/{rel}","templated":true}]}}

<p>Bei den zehnten <strong>Hybrid Talks</strong> geht es um den Begriff der Performance/Leistung – damit auch um den Wert von Arbeit – und was dies in den Wissenschaften, in den Künsten sowie im Management bedeuten kann. Sie finden in enger Kooperation mit dem Programm <em>art, science &amp; business</em> der Akademie Schloss Solitude statt.</p>

<p><strong>Hybrid Plattform</strong> ist ein Pilotprojekt der <strong>Universität der Künste Berlin</strong> und der <strong>Technischen Universität Berlin</strong> im Rahmen des Campus Charlottenburg.</p>
<p>Die <strong>Hybrid Talks</strong> laden zur gegenseitigen Inspiration und Vernetzung ein. Vertreterinnen und Vertreter verschiedener Disziplinen treffen aufeinander und beleuchten ein Thema in kurzen Präsentationen von je zehn bis zwölf Minuten aus ihrer Perspektive. Der Austausch über die Grenzen einzelner Disziplinen hinweg wird im Anschluss an die Vorträge in lockerer Atmosphäre fortgesetzt.</p>
<p>Bei den zehnten <strong>Hybrid Talks</strong> geht es um den Begriff der Performance/Leistung – damit auch um den Wert von Arbeit – und was dies in den Wissenschaften, in den Künsten sowie im Management bedeuten kann. Sie finden in enger Kooperation mit dem Programm <em>art, science &amp; business</em> der Akademie Schloss Solitude statt.</p>
<p>Leistung kann in der Wissenschaft, im Management als auch in der Kunst von zwei Seiten betrachtet werden. Einerseits kann der Begriff retrospektiv als Endprodukt, als das Geleistete einer Arbeit aufgefasst werden. In der klassischen Physik beispielsweise wird Leistung mit der Formel Leistung = Arbeit/Zeit als die in einer Zeitspanne umgesetzte Energie bezogen auf eben diese Zeitspanne bezeichnet. Die erbrachte Leistung als quantifizierbares Produkt der Arbeit ist somit berechenbar im Verhältnis der vollbrachten Arbeit zu einer gewissen Zeitspanne. Im Performance Management wiederum geht es um die Messung und Steuerung der Leistungserbringung und die einhergehende Ressourcenbindung. Damit wird Leistung verstanden als Ergebnis sowie als Prozessablauf. Insofern kann auch das Leisten selbst, also der prozessuale Charakter der Anstrengung und der Geschehensprozess, als Leistung aufgefasst werden.</p>
<p>Letzteres gewann in der Kunst mit dem Konzept der Performance an Bedeutung. Bei der künstlerischen Performance muss Arbeit nicht gezwungenermaßen ein konkretes Endprodukt realisieren, vielmehr steht die Wichtigkeit der Leistung als Mittel der Erkenntnisgewinnung im Vordergrund. Doch inwiefern lässt sich diese erbrachte Leistung festhalten, da sie kein greifbares Endprodukt produziert? Auch die physikalische und Unternehmensleistung konstituiert sich im Prozess und ist ebenso wenig speicherbar wie die in einer künstlerischen Performance umgesetzte Leistung. Allerdings kann sie in Zahlen festgehalten und somit (objektiv) ausgewertet werden. Wie jedoch lässt sich der Wert der Arbeit als Leistung, beispielsweise in Hinblick auf die Einzigartigkeit der Arbeitshandlung und die produktive Bestimmung der Arbeit, beschreiben?</p>
<p>Es erwarten Sie Beiträge von:</p>
<p><strong>Prof. Dr. Christiane Funken</strong><br>
TU Berlin | Medien- und Geschlechtersoziologie</p>
<p><strong>Prof. Dr. Jan Kratzer</strong><br>
TU Berlin | Entrepreneurship &amp; Innovationsmanagement</p>
<p><strong>Prof. Dr. Axel Küpper</strong><br>
TU Berlin | Telekom Innovation Laboratories, Service-centric Networking</p>
<p><strong>Maxi Obexer</strong><br>
Autorin und Dozentin, Berlin</p>
<p><strong>Max Schumacher</strong><br>
post theater [new york / berlin / tokyo]</p>
<p>&nbsp;</p>
<p>Die Hybrid Talks finden an verschiedenen Orten des Campus Charlottenburg statt. Dieses Mal besteht die Gelegenheit, die Turbinen und Pumpen der Versuchshalle K für Fluidsystemdynamik aus der Nähe zu betrachten.</p>
<p>Mehr Informationen finden Sie <strong><a href="http://www.hybrid-plattform.org/de/veranstaltungen/38-hybrid-talks/630-hybrid-talks-performance-of-work2">hier</a></strong>.</p>
