{"id":7532,"date":"2020-03-26T18:06:55","date_gmt":"2020-03-26T17:06:55","guid":{"rendered":"https:\/\/www.akademie-solitude.de\/event\/ausstellungen-7\/"},"modified":"2020-08-12T09:47:39","modified_gmt":"2020-08-12T07:47:39","slug":"ausstellungen-7","status":"publish","type":"event","link":"https:\/\/www.akademie-solitude.de\/de\/event\/ausstellungen-7\/","title":{"rendered":"AUSSTELLUNGEN"},"content":{"rendered":"","protected":false},"author":1,"featured_media":0,"template":"","categories":[15,30],"class_list":["post-7532","event","type-event","status-publish","hentry","category-ausstellung","category-performance"],"acf":{"bgcolor":"","bgcolor_custom":"","custom_color_css_variable":"","content_type":null,"intro_preview_headline":"","intro_preview_txt":"<p>Am Donnerstag, dem 15. Januar 2015 er\u00f6ffnete die Akademie Schloss Solitude die ersten Ausstellungen im neuen Jahr. Zu sehen sind Arbeiten aktueller Stipendiaten aus den Bereichen Musik, Bildende Kunst, Design & Literatur.<\/p>","intro_preview_img":8257,"event_id_old":"3699","event_subtitle":"","event_date":"2015-01-16 00:00:00","event_date_end":"2015-03-01 00:00:00","event_location":[{"event_location_name":"Akademie Schloss Solitude","event_location_link":""}],"event_programme":"","event_taxonomy_category":[15,30],"event_practice_field":false,"event_opening":"","event_opening_times":"","event_additional_info":"","event_txt_old":"<p><strong><em>Around Analogies<\/em><\/strong><br><strong>Gruppenausstellung<\/strong><\/p><p>Mit dem Titel <em>Around Analogies<\/em> spielt die Ausstellung auf den Bedeutungskomplex des Begriffs der Analogie an. Mit den Exponaten, Klanginstallationen, k\u00fcnstlerischen Archiven und literarischen Arbeiten aktueller Stipendiaten aus den Bereichen Musik, Bildende Kunst, Design & Literatur wird der Frage nachgegangen, ob Analogie als (bewusste) k\u00fcnstlerische Praxis betrachtet werden kann \u2013 als Methode, sich bestimmter Formen und Inhalte anzun\u00e4hern, um sich diese anzueignen und\u00a0 umzusetzen.<\/p><p>Im rhetorisch-philosophischen Kontext dient Analogie als Grundlage von Vergleich, Metapher oder Allegorie. In ihrer Rolle, Neues bzw. Unbekanntes beschreib- und greifbar zu machen \u2013 unter R\u00fcckbindung an vorhandenes Wissen \u2013\u00a0 stellt sie Kontinuit\u00e4t und Differenz gleicherma\u00dfen her. Analogie als Teil k\u00fcnstlerischer Praxis ist hier jedoch nicht im Sinne einer Appropriation Art zu verstehen, die erkennbar und absichtlich zitiert: Nicht die Quelle, sondern der Prozess der Werkentstehung, sei es die Transkription von Texten oder deren musikalische Verarbeitung sowie die Arbeitsweise mit Analogien innerhalb des eigenen Werkes, stehen im Fokus. Einige Arbeiten ber\u00fchren nat\u00fcrlich auch den Diskurs \u00fcber die wechselseitigen Beziehungen zwischen Original und Replik und damit die Frage um Autorschaft.<\/p><p>Analogie erscheint im Zusammenhang der Ausstellung auch in anderer Weise: als Gegensatz zum Digitalen. So ist ein gemeinsames Element der Mehrheit der Arbeiten der spielerische Umgang mit und die Verflechtung von analogen und digitalen Mitteln innerhalb eines Werkes. Dadurch ergeben sich spannende Qualit\u00e4ten f\u00fcr den Betrachter, die erst in der tats\u00e4chlichen Ausstellungssituation ihren Reiz entfalten und erfahrbar werden und sich damit weiteren kultur- und medientheoretischen Diskursen um Reproduktion oder auch Rezeption zuwenden, allen voran Walter Benjamins Schrift <em>Das Kunstwerk im Zeitalter seiner technischen Reproduzierbarkeit<\/em>.<\/p><p>Mit Arbeiten von R. Armstrong, Alicja Bielawska, Dan Boehl, Maja Markovi\u0107, M\u00e1ri\u00f3 Z. Nemes & M\u00e1rk Fridvalszki & Zsolt Mikl\u00f3sv\u00f6lgyi,\u00a0Louis-Philippe Scoufaras und Franck C. Yeznikian. Kuratiert von Claudia Gehre.<br><\/p><p>Mit einer Performance von Dan Boehl am Er\u00f6ffnungsabend und einer Performancereihe von R. Armstrong am 21., 22., 24., 27. Februar sowie am 1. M\u00e4rz 2015.<\/p><hr><p><strong><em>Line on a Walk<\/em><\/strong><br><strong>Alicja Bielawska<\/strong><\/p><p>Es gibt Tage, da h\u00e4ufen sich die Papierb\u00f6gen auf dem Schreibtisch und Buntstifte liegen verstreut herum wie Mikadost\u00e4bchen. Bunte Papierausschnitte verbinden sich wie zuf\u00e4llig miteinander, sodass sie geometrischen Anwendungen \u00e4hneln, die von unterschiedlichen Blickwinkeln ausgehen.<br>Zeichnen besteht aus dem Verbinden unsichtbarer Punkte, den Bezugspunkten f\u00fcr potentielle, unbegrenzte, unbekannte Konstellationen. Das zweidimensionale Blatt Papier kann ausgedehnt werden, um zahlreiche andere Dimensionen einzuschlie\u00dfen. Linien, die von einem Punkt zum anderen laufen, sind wie S\u00e4tze, die ihre eigene Grammatik entwickeln. Indem sie sich \u00fcberschneiden und umkehren, folgen sie einer inneren Logik. Wenn sie sich verflechten und ineinander greifen, entstehen schwingende Oberfl\u00e4chen und Konstruktionen. Ihre Farbpalette reicht von blau \u00fcber gr\u00fcn, rot, t\u00fcrkis und gelb bis hin zu grau.<\/p><p>(aus dem Buch <em>Disordered Structures <\/em>von Alicja Bielawska)<\/p><hr><p><strong>Ausstellungsdauer:<\/strong> Freitag, 16. Januar bis Sonntag, 1. M\u00e4rz 2015<br><strong>\u00d6ffnungszeiten:<\/strong> Di\u2013Fr 10\u201312 & 14\u201316 Uhr, Sa\u2013So 12\u201316 Uhr<\/p>","event_more_events":"","related_posts_event":[6792,6732,6714,6805,6799,6682,6800,6703]},"_links":{"self":[{"href":"https:\/\/www.akademie-solitude.de\/de\/wp-json\/wp\/v2\/event\/7532","targetHints":{"allow":["GET"]}}],"collection":[{"href":"https:\/\/www.akademie-solitude.de\/de\/wp-json\/wp\/v2\/event"}],"about":[{"href":"https:\/\/www.akademie-solitude.de\/de\/wp-json\/wp\/v2\/types\/event"}],"author":[{"embeddable":true,"href":"https:\/\/www.akademie-solitude.de\/de\/wp-json\/wp\/v2\/users\/1"}],"acf:post":[{"embeddable":true,"href":"https:\/\/www.akademie-solitude.de\/de\/wp-json\/wp\/v2\/person\/6703"},{"embeddable":true,"href":"https:\/\/www.akademie-solitude.de\/de\/wp-json\/wp\/v2\/person\/6800"},{"embeddable":true,"href":"https:\/\/www.akademie-solitude.de\/de\/wp-json\/wp\/v2\/person\/6682"},{"embeddable":true,"href":"https:\/\/www.akademie-solitude.de\/de\/wp-json\/wp\/v2\/person\/6799"},{"embeddable":true,"href":"https:\/\/www.akademie-solitude.de\/de\/wp-json\/wp\/v2\/person\/6805"},{"embeddable":true,"href":"https:\/\/www.akademie-solitude.de\/de\/wp-json\/wp\/v2\/person\/6714"},{"embeddable":true,"href":"https:\/\/www.akademie-solitude.de\/de\/wp-json\/wp\/v2\/person\/6732"},{"embeddable":true,"href":"https:\/\/www.akademie-solitude.de\/de\/wp-json\/wp\/v2\/person\/6792"}],"acf:term":[{"embeddable":true,"taxonomy":"category","href":"https:\/\/www.akademie-solitude.de\/de\/wp-json\/wp\/v2\/categories\/30"},{"embeddable":true,"taxonomy":"category","href":"https:\/\/www.akademie-solitude.de\/de\/wp-json\/wp\/v2\/categories\/15"}],"wp:attachment":[{"href":"https:\/\/www.akademie-solitude.de\/de\/wp-json\/wp\/v2\/media?parent=7532"}],"wp:term":[{"taxonomy":"category","embeddable":true,"href":"https:\/\/www.akademie-solitude.de\/de\/wp-json\/wp\/v2\/categories?post=7532"}],"curies":[{"name":"wp","href":"https:\/\/api.w.org\/{rel}","templated":true}]}}

<p>Am Donnerstag, dem 15. Januar 2015 eröffnete die Akademie Schloss Solitude die ersten Ausstellungen im neuen Jahr. Zu sehen sind Arbeiten aktueller Stipendiaten aus den Bereichen Musik, Bildende Kunst, Design & Literatur.</p>

<p><strong><em>Around Analogies</em></strong><br><strong>Gruppenausstellung</strong></p><p>Mit dem Titel <em>Around Analogies</em> spielt die Ausstellung auf den Bedeutungskomplex des Begriffs der Analogie an. Mit den Exponaten, Klanginstallationen, künstlerischen Archiven und literarischen Arbeiten aktueller Stipendiaten aus den Bereichen Musik, Bildende Kunst, Design & Literatur wird der Frage nachgegangen, ob Analogie als (bewusste) künstlerische Praxis betrachtet werden kann – als Methode, sich bestimmter Formen und Inhalte anzunähern, um sich diese anzueignen und  umzusetzen.</p><p>Im rhetorisch-philosophischen Kontext dient Analogie als Grundlage von Vergleich, Metapher oder Allegorie. In ihrer Rolle, Neues bzw. Unbekanntes beschreib- und greifbar zu machen – unter Rückbindung an vorhandenes Wissen –  stellt sie Kontinuität und Differenz gleichermaßen her. Analogie als Teil künstlerischer Praxis ist hier jedoch nicht im Sinne einer Appropriation Art zu verstehen, die erkennbar und absichtlich zitiert: Nicht die Quelle, sondern der Prozess der Werkentstehung, sei es die Transkription von Texten oder deren musikalische Verarbeitung sowie die Arbeitsweise mit Analogien innerhalb des eigenen Werkes, stehen im Fokus. Einige Arbeiten berühren natürlich auch den Diskurs über die wechselseitigen Beziehungen zwischen Original und Replik und damit die Frage um Autorschaft.</p><p>Analogie erscheint im Zusammenhang der Ausstellung auch in anderer Weise: als Gegensatz zum Digitalen. So ist ein gemeinsames Element der Mehrheit der Arbeiten der spielerische Umgang mit und die Verflechtung von analogen und digitalen Mitteln innerhalb eines Werkes. Dadurch ergeben sich spannende Qualitäten für den Betrachter, die erst in der tatsächlichen Ausstellungssituation ihren Reiz entfalten und erfahrbar werden und sich damit weiteren kultur- und medientheoretischen Diskursen um Reproduktion oder auch Rezeption zuwenden, allen voran Walter Benjamins Schrift <em>Das Kunstwerk im Zeitalter seiner technischen Reproduzierbarkeit</em>.</p><p>Mit Arbeiten von R. Armstrong, Alicja Bielawska, Dan Boehl, Maja Marković, Márió Z. Nemes & Márk Fridvalszki & Zsolt Miklósvölgyi, Louis-Philippe Scoufaras und Franck C. Yeznikian. Kuratiert von Claudia Gehre.<br></p><p>Mit einer Performance von Dan Boehl am Eröffnungsabend und einer Performancereihe von R. Armstrong am 21., 22., 24., 27. Februar sowie am 1. März 2015.</p><hr><p><strong><em>Line on a Walk</em></strong><br><strong>Alicja Bielawska</strong></p><p>Es gibt Tage, da häufen sich die Papierbögen auf dem Schreibtisch und Buntstifte liegen verstreut herum wie Mikadostäbchen. Bunte Papierausschnitte verbinden sich wie zufällig miteinander, sodass sie geometrischen Anwendungen ähneln, die von unterschiedlichen Blickwinkeln ausgehen.<br>Zeichnen besteht aus dem Verbinden unsichtbarer Punkte, den Bezugspunkten für potentielle, unbegrenzte, unbekannte Konstellationen. Das zweidimensionale Blatt Papier kann ausgedehnt werden, um zahlreiche andere Dimensionen einzuschließen. Linien, die von einem Punkt zum anderen laufen, sind wie Sätze, die ihre eigene Grammatik entwickeln. Indem sie sich überschneiden und umkehren, folgen sie einer inneren Logik. Wenn sie sich verflechten und ineinander greifen, entstehen schwingende Oberflächen und Konstruktionen. Ihre Farbpalette reicht von blau über grün, rot, türkis und gelb bis hin zu grau.</p><p>(aus dem Buch <em>Disordered Structures </em>von Alicja Bielawska)</p><hr><p><strong>Ausstellungsdauer:</strong> Freitag, 16. Januar bis Sonntag, 1. März 2015<br><strong>Öffnungszeiten:</strong> Di–Fr 10–12 & 14–16 Uhr, Sa–So 12–16 Uhr</p>
