{"id":7557,"date":"2020-03-26T18:06:57","date_gmt":"2020-03-26T17:06:57","guid":{"rendered":"https:\/\/www.akademie-solitude.de\/event\/sommerfest-2015-solitude-sieht-die-welt-die-welt-sieht-solitude\/"},"modified":"2025-03-21T10:53:12","modified_gmt":"2025-03-21T09:53:12","slug":"sommerfest-2015-solitude-sieht-die-welt-die-welt-sieht-solitude","status":"publish","type":"event","link":"https:\/\/www.akademie-solitude.de\/de\/event\/sommerfest-2015-solitude-sieht-die-welt-die-welt-sieht-solitude\/","title":{"rendered":"SOMMERFEST 2015: SOLITUDE SIEHT DIE WELT \u2013 DIE WELT SIEHT SOLITUDE!"},"content":{"rendered":"","protected":false},"author":1,"featured_media":0,"template":"","categories":[],"class_list":["post-7557","event","type-event","status-publish","hentry"],"acf":{"bgcolor":"","bgcolor_custom":"","custom_color_css_variable":"","content_type":null,"intro_preview_headline":"","intro_preview_txt":"<p>Unter dem Motto \u00bbSolitude sieht die Welt \u2013 Die Welt sieht Solitude\u00ab l\u00e4dt die Akademie Schloss Solitude am 18. Juli 2015 zum diesj\u00e4hrigen Sommerfest.<\/p>","intro_preview_img":8279,"event_id_old":"3744","event_subtitle":"","event_date":"2015-07-18 19:00:00","event_date_end":"2015-07-18 19:00:00","event_location":[{"event_location_name":"Akademie Schloss Solitude","event_location_link":""}],"event_programme":"","event_taxonomy_category":false,"event_practice_field":false,"event_opening":"","event_opening_times":"","event_additional_info":"","event_txt_old":"<p>Unter dem Motto \u00bbSolitude sieht die Welt \u2013 Die Welt sieht Solitude\u00ab l\u00e4dt die Akademie Schloss Solitude am 18. Juli 2015 zum diesj\u00e4hrigen Sommerfest.<\/p><p>Im Juli 1990 nahm die Akademie stillschweigend die ersten Stipendiaten auf, denn in jenem Sommer gab es kein Sommerfest. 25 Jahre danach ist es Zeit, dieses verpasste Sommerfest nachzuholen.<\/p><p>Im Jubil\u00e4umsjahr erwartet Sie ein besonderes Jubil\u00e4umsfest mit einem reichhaltigen Programm, mit Musik und Literatur, mit Filmen und vielen Bildern, die von 25 Jahren erz\u00e4hlen, mit sch\u00f6nen Reden und waghalsigen Flugversuchen.<\/p><p>Das offizielle Festprogramm beginnt um 19 Uhr, F\u00fchrungen durch die Akademie werden halbst\u00fcndlich von 16 bis 18 Uhr angeboten.<\/p><p><br><strong>Programm:<\/strong><br><br><strong>19 UHR<\/strong> Begr\u00fc\u00dfung<br>Begr\u00fc\u00dfung durch Jean-Baptiste Joly mit Gru\u00dfworten von Teresia Bauer, MdL (Ministerin f\u00fcr Wissenschaft, Forschung und Kunst des Landes Baden-W\u00fcrttemberg) und Dr. Dieter Sp\u00f6ri, MdL (Stellvertretender Ministerpr\u00e4sident A.D., Vorsitzender des Kuratoriums der Akademie Schloss Solitude) und einem Festvortrag in englischer Sprache von Dubravka Ugresic* (Schriftstellerin)<br>Mit ihren Clusterbrettern spielt Dodo Schielein Komprimierungen verschiedener Klavierst\u00fccke aus der Musikgeschichte.<br><br><strong>ab 20 UHR<\/strong> <em>Chronicles of Solitude<\/em><br>Ein Film von Manuel Ferrari*, pr\u00e4sentiert von Andreas Bolm (durchgehendes Filmprogramm)<br><br><strong>20.15 UHR<\/strong> <em>Erste Flugversuche<\/em><br>Performance mit R. Armstrong* und Alicja Bielawska*<br><br><strong>20.30 UHR<\/strong> <em>LIVE Moon Smelling<\/em><br>Performance mit WE COLONISED THE MOON (Hagen Betzwieser* und Sue Corke)<br><br><strong>21 UHR<\/strong> <em>Salut for Caudwell<\/em><br>Ein Auszug aus <em>Mouvements f\u00fcr Lachenmann. Inszenierung eines Abendkonzerts<\/em>. Inszenierung und Choreographie: Xavier Le Roy, Musik: Helmut Lachenmann, <em>Salut f\u00fcr Caudwell <\/em>f\u00fcr zwei Gitarren (1977). Mit Tom Pauwels, G\u00fcnther Lebbing, Matthias Koole* und Kobe Van Cauwenberghe*<br><br><strong>21.45 UHR<\/strong> <em>Solitude sieht die Welt \u2013 Die Welt liest Solitude<\/em><br>Lesungen aus dem <em>Solitude Atlas<\/em> mit u. a. Amandeep Sandhu*, Michelle Sterling*, Elisa Calosi*, Hamed Taheri*, F\u00e9lix Kama*, Kinga T\u00f3th*, Annemarie Ni Churr\u00e9ain*, Matthias Bumiller*, Phil Baber*, Tod Wodicka*, Sahar Qawasmi*, Dietrich Hei\u00dfenb\u00fcttel*, Dominic Otiang'a*, Eva Christina Zeller*. Deutsche \u00dcbersetzungen gelesen von Barbara Stoll und Johannes W\u00f6rdemann.<br><br><strong>22.30 UHR<\/strong> <em>Le bip de l'\u00e2me<\/em> und <em>19miracles<\/em><br>Multimediale Performance von Magali Daniaux* & C\u00e9dric Pigot* zusammen mit Hermann Lion.<br><br>Durch das Programm des Abends f\u00fchrt Bernhard Dechant*.<br><\/p><p>Zudem sind im Haus neue Ausstellungen und Installationen von Maja Markovic* (Kabinett), Sahar Qawasmi* (Unterer Hirschgang) und Nida Sinnokrot* (Studio 16) sowie <em>1000 Bilder sagen mehr als ein Wort<\/em>, 25 Jahre Akademie Schloss Solitude mit 25 Bildschirmen (Hirschgang) zu sehen.<\/p><p>Die Solitude-Buchhandlung befindet sich in Herman's Library im Erdgeschoss.<\/p><p>*: Ehemalige\/r oder aktuelle\/r Stipendiat\/in<\/p>","event_more_events":"","related_posts_event":[6601,6677,6799,6726,6734,6594,6723,6731,6848,5974,6800,6682,6720,6724,6399,6026,6667,5454,6125,6709,6718,6163,6698,6772,6715,6140,6845,5832,6707,6713,6525,6844]},"_links":{"self":[{"href":"https:\/\/www.akademie-solitude.de\/de\/wp-json\/wp\/v2\/event\/7557","targetHints":{"allow":["GET"]}}],"collection":[{"href":"https:\/\/www.akademie-solitude.de\/de\/wp-json\/wp\/v2\/event"}],"about":[{"href":"https:\/\/www.akademie-solitude.de\/de\/wp-json\/wp\/v2\/types\/event"}],"author":[{"embeddable":true,"href":"https:\/\/www.akademie-solitude.de\/de\/wp-json\/wp\/v2\/users\/1"}],"acf:post":[{"embeddable":true,"href":"https:\/\/www.akademie-solitude.de\/de\/wp-json\/wp\/v2\/person\/6844"},{"embeddable":true,"href":"https:\/\/www.akademie-solitude.de\/de\/wp-json\/wp\/v2\/person\/6525"},{"embeddable":true,"href":"https:\/\/www.akademie-solitude.de\/de\/wp-json\/wp\/v2\/person\/6713"},{"embeddable":true,"href":"https:\/\/www.akademie-solitude.de\/de\/wp-json\/wp\/v2\/person\/6707"},{"embeddable":true,"href":"https:\/\/www.akademie-solitude.de\/de\/wp-json\/wp\/v2\/person\/5832"},{"embeddable":true,"href":"https:\/\/www.akademie-solitude.de\/de\/wp-json\/wp\/v2\/person\/6845"},{"embeddable":true,"href":"https:\/\/www.akademie-solitude.de\/de\/wp-json\/wp\/v2\/person\/6140"},{"embeddable":true,"href":"https:\/\/www.akademie-solitude.de\/de\/wp-json\/wp\/v2\/person\/6715"},{"embeddable":true,"href":"https:\/\/www.akademie-solitude.de\/de\/wp-json\/wp\/v2\/person\/6772"},{"embeddable":true,"href":"https:\/\/www.akademie-solitude.de\/de\/wp-json\/wp\/v2\/person\/6698"},{"embeddable":true,"href":"https:\/\/www.akademie-solitude.de\/de\/wp-json\/wp\/v2\/person\/6163"},{"embeddable":true,"href":"https:\/\/www.akademie-solitude.de\/de\/wp-json\/wp\/v2\/person\/6718"},{"embeddable":true,"href":"https:\/\/www.akademie-solitude.de\/de\/wp-json\/wp\/v2\/person\/6709"},{"embeddable":true,"href":"https:\/\/www.akademie-solitude.de\/de\/wp-json\/wp\/v2\/person\/6125"},{"embeddable":true,"href":"https:\/\/www.akademie-solitude.de\/de\/wp-json\/wp\/v2\/person\/5454"},{"embeddable":true,"href":"https:\/\/www.akademie-solitude.de\/de\/wp-json\/wp\/v2\/person\/6667"},{"embeddable":true,"href":"https:\/\/www.akademie-solitude.de\/de\/wp-json\/wp\/v2\/person\/6026"},{"embeddable":true,"href":"https:\/\/www.akademie-solitude.de\/de\/wp-json\/wp\/v2\/person\/6399"},{"embeddable":true,"href":"https:\/\/www.akademie-solitude.de\/de\/wp-json\/wp\/v2\/person\/6724"},{"embeddable":true,"href":"https:\/\/www.akademie-solitude.de\/de\/wp-json\/wp\/v2\/person\/6720"},{"embeddable":true,"href":"https:\/\/www.akademie-solitude.de\/de\/wp-json\/wp\/v2\/person\/6682"},{"embeddable":true,"href":"https:\/\/www.akademie-solitude.de\/de\/wp-json\/wp\/v2\/person\/6800"},{"embeddable":true,"href":"https:\/\/www.akademie-solitude.de\/de\/wp-json\/wp\/v2\/person\/5974"},{"embeddable":true,"href":"https:\/\/www.akademie-solitude.de\/de\/wp-json\/wp\/v2\/person\/6848"},{"embeddable":true,"href":"https:\/\/www.akademie-solitude.de\/de\/wp-json\/wp\/v2\/person\/6731"},{"embeddable":true,"href":"https:\/\/www.akademie-solitude.de\/de\/wp-json\/wp\/v2\/person\/6723"},{"embeddable":true,"href":"https:\/\/www.akademie-solitude.de\/de\/wp-json\/wp\/v2\/person\/6594"},{"embeddable":true,"href":"https:\/\/www.akademie-solitude.de\/de\/wp-json\/wp\/v2\/person\/6734"},{"embeddable":true,"href":"https:\/\/www.akademie-solitude.de\/de\/wp-json\/wp\/v2\/person\/6726"},{"embeddable":true,"href":"https:\/\/www.akademie-solitude.de\/de\/wp-json\/wp\/v2\/person\/6799"},{"embeddable":true,"href":"https:\/\/www.akademie-solitude.de\/de\/wp-json\/wp\/v2\/person\/6677"},{"embeddable":true,"href":"https:\/\/www.akademie-solitude.de\/de\/wp-json\/wp\/v2\/person\/6601"}],"wp:attachment":[{"href":"https:\/\/www.akademie-solitude.de\/de\/wp-json\/wp\/v2\/media?parent=7557"}],"wp:term":[{"taxonomy":"category","embeddable":true,"href":"https:\/\/www.akademie-solitude.de\/de\/wp-json\/wp\/v2\/categories?post=7557"}],"curies":[{"name":"wp","href":"https:\/\/api.w.org\/{rel}","templated":true}]}}

<p>Unter dem Motto »Solitude sieht die Welt – Die Welt sieht Solitude« lädt die Akademie Schloss Solitude am 18. Juli 2015 zum diesjährigen Sommerfest.</p>

<p>Unter dem Motto »Solitude sieht die Welt – Die Welt sieht Solitude« lädt die Akademie Schloss Solitude am 18. Juli 2015 zum diesjährigen Sommerfest.</p><p>Im Juli 1990 nahm die Akademie stillschweigend die ersten Stipendiaten auf, denn in jenem Sommer gab es kein Sommerfest. 25 Jahre danach ist es Zeit, dieses verpasste Sommerfest nachzuholen.</p><p>Im Jubiläumsjahr erwartet Sie ein besonderes Jubiläumsfest mit einem reichhaltigen Programm, mit Musik und Literatur, mit Filmen und vielen Bildern, die von 25 Jahren erzählen, mit schönen Reden und waghalsigen Flugversuchen.</p><p>Das offizielle Festprogramm beginnt um 19 Uhr, Führungen durch die Akademie werden halbstündlich von 16 bis 18 Uhr angeboten.</p><p><br><strong>Programm:</strong><br><br><strong>19 UHR</strong> Begrüßung<br>Begrüßung durch Jean-Baptiste Joly mit Grußworten von Teresia Bauer, MdL (Ministerin für Wissenschaft, Forschung und Kunst des Landes Baden-Württemberg) und Dr. Dieter Spöri, MdL (Stellvertretender Ministerpräsident A.D., Vorsitzender des Kuratoriums der Akademie Schloss Solitude) und einem Festvortrag in englischer Sprache von Dubravka Ugresic* (Schriftstellerin)<br>Mit ihren Clusterbrettern spielt Dodo Schielein Komprimierungen verschiedener Klavierstücke aus der Musikgeschichte.<br><br><strong>ab 20 UHR</strong> <em>Chronicles of Solitude</em><br>Ein Film von Manuel Ferrari*, präsentiert von Andreas Bolm (durchgehendes Filmprogramm)<br><br><strong>20.15 UHR</strong> <em>Erste Flugversuche</em><br>Performance mit R. Armstrong* und Alicja Bielawska*<br><br><strong>20.30 UHR</strong> <em>LIVE Moon Smelling</em><br>Performance mit WE COLONISED THE MOON (Hagen Betzwieser* und Sue Corke)<br><br><strong>21 UHR</strong> <em>Salut for Caudwell</em><br>Ein Auszug aus <em>Mouvements für Lachenmann. Inszenierung eines Abendkonzerts</em>. Inszenierung und Choreographie: Xavier Le Roy, Musik: Helmut Lachenmann, <em>Salut für Caudwell </em>für zwei Gitarren (1977). Mit Tom Pauwels, Günther Lebbing, Matthias Koole* und Kobe Van Cauwenberghe*<br><br><strong>21.45 UHR</strong> <em>Solitude sieht die Welt – Die Welt liest Solitude</em><br>Lesungen aus dem <em>Solitude Atlas</em> mit u. a. Amandeep Sandhu*, Michelle Sterling*, Elisa Calosi*, Hamed Taheri*, Félix Kama*, Kinga Tóth*, Annemarie Ni Churréain*, Matthias Bumiller*, Phil Baber*, Tod Wodicka*, Sahar Qawasmi*, Dietrich Heißenbüttel*, Dominic Otiang'a*, Eva Christina Zeller*. Deutsche Übersetzungen gelesen von Barbara Stoll und Johannes Wördemann.<br><br><strong>22.30 UHR</strong> <em>Le bip de l'âme</em> und <em>19miracles</em><br>Multimediale Performance von Magali Daniaux* & Cédric Pigot* zusammen mit Hermann Lion.<br><br>Durch das Programm des Abends führt Bernhard Dechant*.<br></p><p>Zudem sind im Haus neue Ausstellungen und Installationen von Maja Markovic* (Kabinett), Sahar Qawasmi* (Unterer Hirschgang) und Nida Sinnokrot* (Studio 16) sowie <em>1000 Bilder sagen mehr als ein Wort</em>, 25 Jahre Akademie Schloss Solitude mit 25 Bildschirmen (Hirschgang) zu sehen.</p><p>Die Solitude-Buchhandlung befindet sich in Herman's Library im Erdgeschoss.</p><p>*: Ehemalige/r oder aktuelle/r Stipendiat/in</p>
