{"id":7561,"date":"2020-03-26T18:06:57","date_gmt":"2020-03-26T17:06:57","guid":{"rendered":"https:\/\/www.akademie-solitude.de\/event\/ausstellungseroeffnungen-juli-2015\/"},"modified":"2020-08-12T09:47:46","modified_gmt":"2020-08-12T07:47:46","slug":"ausstellungseroeffnungen-juli-2015","status":"publish","type":"event","link":"https:\/\/www.akademie-solitude.de\/de\/event\/ausstellungseroeffnungen-juli-2015\/","title":{"rendered":"Ausstellungser\u00f6ffnungen Juli 2015"},"content":{"rendered":"","protected":false},"author":1,"featured_media":0,"template":"","categories":[],"class_list":["post-7561","event","type-event","status-publish","hentry"],"acf":{"bgcolor":"","bgcolor_custom":"","custom_color_css_variable":"","content_type":null,"intro_preview_headline":"","intro_preview_txt":"<p>Im Rahmen des Sommerfestes werden am Samstag, 18. Juli 2015, neue Ausstellungen in den R\u00e4umen der Akademie er\u00f6ffnet. Die aktuellen und ehemaligen Stipendiaten Maja Markovic und Sahar Qawasmi mit Nida Sinnokrot zeigen ihre neuesten Arbeiten.<\/p>","intro_preview_img":8283,"event_id_old":"3752","event_subtitle":"","event_date":"2015-07-20 00:00:00","event_date_end":"2015-08-30 00:00:00","event_location":[{"event_location_name":"Akademie Schloss Solitude","event_location_link":""}],"event_programme":"","event_taxonomy_category":false,"event_practice_field":false,"event_opening":"","event_opening_times":"","event_additional_info":"","event_txt_old":"<p>Im Rahmen des Sommerfestes werden am Samstag, 18. Juli 2015, neue Ausstellungen in den R\u00e4umen der Akademie er\u00f6ffnet. Die aktuellen und ehemaligen Stipendiaten Maja Markovic und Sahar Qawasmi mit Nida Sinnokrot zeigen ihre neuesten Arbeiten.<\/p><hr><p><strong>Digging the Ground<\/strong><br>Maja Markovic<br><br>Maja Markovic n\u00e4hert sich mit der Installation <em>Digging the Ground<\/em> an die Mehrschichtigkeit des Begriffs Heim\/Haus an. Dabei erforscht sie inwiefern das k\u00f6rperliche Erscheinungsbild und die K\u00f6rperfunktionen mit den bewohnten R\u00e4umen und Pl\u00e4tzen verwoben sind, sodass das Zuhause als Ort wahrgenommen wird, der K\u00f6rper \u00bbunterbringt\u00ab. Im Zentrum steht dabei die Untersuchung der komplexen Begriffe des Behausens und der Haushaltsf\u00fchrung. Diese sieht Maja Markovic im Spannungsfeld zwischen politischen und \u00f6konomischen Systemen und den spezifischen Erfahrungen der M\u00e4nner, Frauen und Kinder, die wiederum von ihrem historischen, sozialen und kulturellen Kontext gepr\u00e4gt sind, angesiedelt. Die Beziehung der Menschen zu ihren Besitzt\u00fcmern, die sie in ihren H\u00e4usern quasi ausstellen, spiegle hier die Spannungen, Ambiguit\u00e4ten und Widerspr\u00fcche, die das Zuhause und dessen Bewohner umgeben. Das Haus wird als symbolische Repr\u00e4sentation des K\u00f6rpers, als eine zweite Haut, die Schutz gibt wahrgenommen. Sobald sie fehlt, stellt der blo\u00dfe K\u00f6rper die einzige Abwehr gegen eine gef\u00e4hrliche Welt dar.<\/p><hr><p><strong>Sense of Slip<\/strong><br>Sahar Qawasmi und Nida Sinnokrot<br><br>Die Zweikanal-Videoinstallation <em>Sense of Slip<\/em> von Nida Sinnokrot und Sahar Qawasmi besteht aus zwei sich gegen\u00fcberliegenden Videoprojektionen, die Ausgrabungen f\u00fcr neue kommerzielle Erschlie\u00dfungen in einem oberirdischen Terrain in Pal\u00e4stina zeigen. Oberfl\u00e4chlich betrachtet, symbolisieren diese Baustellen Wachstum und Sicherheit. In dieser Videoinstallation wird der Fokus jedoch auf die unterschwelligen Dramen gelegt, die aus solchen Bauvorhaben entstehen und deren Ausgang ungewiss bleibt.<\/p><p><br><\/p><hr><p><strong>Exquisite Rotation<\/strong><br>Nida Sinnokrot<br><br>Installation<br>Der Heilige Koran, zwei oszillierende Ventilatoren, Podest<br>Gr\u00f6\u00dfe variabel<\/p><hr><p><strong>1000 Bilder sagen mehr als ein Wort<\/strong><br>Akademie Schloss Solitude<br><br>Anl\u00e4sslich ihres Jubil\u00e4ums zeigt die Akademie Schloss Solitude die Fotoausstellung <em>1000 Bilder sagen mehr als ein Wort<\/em>. Jedem Jahr seit Er\u00f6ffnung der Akademie im Jahre 1990 entspricht ein Bildschirm, auf dem eine Auswahl von Fotos des jeweiligen Zeitabschnitts zu sehen ist. So kann der Besucher der Ausstellung durch 25 Jahre wandern und in Bildern einige der unz\u00e4hligen Projekte wieder erleben, die mit den Stipendiaten\/innen der Akademie realisiert wurden. In ca. 6.500 Bildern bietet <em>1000 Bilder sagen mehr als ein Wort<\/em> einen seltenen Einblick in die Vielfalt der Arbeit einer Institution, die seit ihrer Gr\u00fcndung mehr als 1.200 K\u00fcnstlerinnen und K\u00fcnstler aus \u00fcber 110 L\u00e4ndern gef\u00f6rdert hat.<\/p><hr><p>\u00d6ffnungszeiten: Di\u2013Fr 10\u201312 & 14\u201316 Uhr, Sa\u2013So 12\u201317 Uhr<br>Ausstellungsdauer: Samstag, 18. Juli 2015\u2013Sonntag, 30. August 2015<br><br>Eintritt frei.<br><br>Akademie Schloss Solitude<br>Solitude 3<br>70197 Stuttgart<br><\/p>","event_more_events":"","related_posts_event":[6601,6677,6799]},"_links":{"self":[{"href":"https:\/\/www.akademie-solitude.de\/de\/wp-json\/wp\/v2\/event\/7561","targetHints":{"allow":["GET"]}}],"collection":[{"href":"https:\/\/www.akademie-solitude.de\/de\/wp-json\/wp\/v2\/event"}],"about":[{"href":"https:\/\/www.akademie-solitude.de\/de\/wp-json\/wp\/v2\/types\/event"}],"author":[{"embeddable":true,"href":"https:\/\/www.akademie-solitude.de\/de\/wp-json\/wp\/v2\/users\/1"}],"acf:post":[{"embeddable":true,"href":"https:\/\/www.akademie-solitude.de\/de\/wp-json\/wp\/v2\/person\/6799"},{"embeddable":true,"href":"https:\/\/www.akademie-solitude.de\/de\/wp-json\/wp\/v2\/person\/6677"},{"embeddable":true,"href":"https:\/\/www.akademie-solitude.de\/de\/wp-json\/wp\/v2\/person\/6601"}],"wp:attachment":[{"href":"https:\/\/www.akademie-solitude.de\/de\/wp-json\/wp\/v2\/media?parent=7561"}],"wp:term":[{"taxonomy":"category","embeddable":true,"href":"https:\/\/www.akademie-solitude.de\/de\/wp-json\/wp\/v2\/categories?post=7561"}],"curies":[{"name":"wp","href":"https:\/\/api.w.org\/{rel}","templated":true}]}}

Ausstellungseröffnungen Juli 2015

<p>Im Rahmen des Sommerfestes werden am Samstag, 18. Juli 2015, neue Ausstellungen in den Räumen der Akademie eröffnet. Die aktuellen und ehemaligen Stipendiaten Maja Markovic und Sahar Qawasmi mit Nida Sinnokrot zeigen ihre neuesten Arbeiten.</p>

<p>Im Rahmen des Sommerfestes werden am Samstag, 18. Juli 2015, neue Ausstellungen in den Räumen der Akademie eröffnet. Die aktuellen und ehemaligen Stipendiaten Maja Markovic und Sahar Qawasmi mit Nida Sinnokrot zeigen ihre neuesten Arbeiten.</p><hr><p><strong>Digging the Ground</strong><br>Maja Markovic<br><br>Maja Markovic nähert sich mit der Installation <em>Digging the Ground</em> an die Mehrschichtigkeit des Begriffs Heim/Haus an. Dabei erforscht sie inwiefern das körperliche Erscheinungsbild und die Körperfunktionen mit den bewohnten Räumen und Plätzen verwoben sind, sodass das Zuhause als Ort wahrgenommen wird, der Körper »unterbringt«. Im Zentrum steht dabei die Untersuchung der komplexen Begriffe des Behausens und der Haushaltsführung. Diese sieht Maja Markovic im Spannungsfeld zwischen politischen und ökonomischen Systemen und den spezifischen Erfahrungen der Männer, Frauen und Kinder, die wiederum von ihrem historischen, sozialen und kulturellen Kontext geprägt sind, angesiedelt. Die Beziehung der Menschen zu ihren Besitztümern, die sie in ihren Häusern quasi ausstellen, spiegle hier die Spannungen, Ambiguitäten und Widersprüche, die das Zuhause und dessen Bewohner umgeben. Das Haus wird als symbolische Repräsentation des Körpers, als eine zweite Haut, die Schutz gibt wahrgenommen. Sobald sie fehlt, stellt der bloße Körper die einzige Abwehr gegen eine gefährliche Welt dar.</p><hr><p><strong>Sense of Slip</strong><br>Sahar Qawasmi und Nida Sinnokrot<br><br>Die Zweikanal-Videoinstallation <em>Sense of Slip</em> von Nida Sinnokrot und Sahar Qawasmi besteht aus zwei sich gegenüberliegenden Videoprojektionen, die Ausgrabungen für neue kommerzielle Erschließungen in einem oberirdischen Terrain in Palästina zeigen. Oberflächlich betrachtet, symbolisieren diese Baustellen Wachstum und Sicherheit. In dieser Videoinstallation wird der Fokus jedoch auf die unterschwelligen Dramen gelegt, die aus solchen Bauvorhaben entstehen und deren Ausgang ungewiss bleibt.</p><p><br></p><hr><p><strong>Exquisite Rotation</strong><br>Nida Sinnokrot<br><br>Installation<br>Der Heilige Koran, zwei oszillierende Ventilatoren, Podest<br>Größe variabel</p><hr><p><strong>1000 Bilder sagen mehr als ein Wort</strong><br>Akademie Schloss Solitude<br><br>Anlässlich ihres Jubiläums zeigt die Akademie Schloss Solitude die Fotoausstellung <em>1000 Bilder sagen mehr als ein Wort</em>. Jedem Jahr seit Eröffnung der Akademie im Jahre 1990 entspricht ein Bildschirm, auf dem eine Auswahl von Fotos des jeweiligen Zeitabschnitts zu sehen ist. So kann der Besucher der Ausstellung durch 25 Jahre wandern und in Bildern einige der unzähligen Projekte wieder erleben, die mit den Stipendiaten/innen der Akademie realisiert wurden. In ca. 6.500 Bildern bietet <em>1000 Bilder sagen mehr als ein Wort</em> einen seltenen Einblick in die Vielfalt der Arbeit einer Institution, die seit ihrer Gründung mehr als 1.200 Künstlerinnen und Künstler aus über 110 Ländern gefördert hat.</p><hr><p>Öffnungszeiten: Di–Fr 10–12 & 14–16 Uhr, Sa–So 12–17 Uhr<br>Ausstellungsdauer: Samstag, 18. Juli 2015–Sonntag, 30. August 2015<br><br>Eintritt frei.<br><br>Akademie Schloss Solitude<br>Solitude 3<br>70197 Stuttgart<br></p>
