{"id":7621,"date":"2020-03-26T18:07:02","date_gmt":"2020-03-26T17:07:02","guid":{"rendered":"https:\/\/www.akademie-solitude.de\/event\/performativer-dialog-das-soziale-leben-des-universums\/"},"modified":"2020-08-12T09:48:02","modified_gmt":"2020-08-12T07:48:02","slug":"performativer-dialog-das-soziale-leben-des-universums","status":"publish","type":"event","link":"https:\/\/www.akademie-solitude.de\/de\/event\/performativer-dialog-das-soziale-leben-des-universums\/","title":{"rendered":"Performativer Dialog \u00bbDas soziale Leben des Universums\u00ab"},"content":{"rendered":"","protected":false},"author":1,"featured_media":0,"template":"","categories":[30,31,32],"class_list":["post-7621","event","type-event","status-publish","hentry","category-performance","category-praesentation","category-vortrag"],"acf":{"bgcolor":"","bgcolor_custom":"","custom_color_css_variable":"","content_type":null,"intro_preview_headline":"","intro_preview_txt":"<p><em>Das soziale Leben des Universums\u00a0<\/em>untersucht in einem performativen Dialog M\u00f6glichkeiten, menschliche Biographien zwischen kleinsten biologischen Komponenten und dem gewaltigen kosmologischen Raum zu entwerfen.<\/p>","intro_preview_img":8335,"event_id_old":"3868","event_subtitle":"","event_date":"2017-05-05 16:00:00","event_date_end":"2017-05-05 21:00:00","event_location":[{"event_location_name":"Akademie Schloss Solitude","event_location_link":""}],"event_programme":"","event_taxonomy_category":[30,31,32],"event_practice_field":false,"event_opening":"","event_opening_times":"","event_additional_info":"","event_txt_old":"<p>iUnter Verwendung von Science Fiction, postkolonialer Theorie, Philosophie und Afrofuturismus (von der amerikanischen Soziologin Alondra Nelson definiert als \u00bbafroamerikanische Stimmen, die andere Erz\u00e4hlungen \u00fcber Kultur, Technologie und zuk\u00fcnftigen Dinge schildern\u00ab), erkundet die Veranstaltung m\u00f6gliche Wege, menschliche Biografien zwischen kleinsten biologischen Komponenten und immensen kosmologischen R\u00e4umen zu erfassen. Wie k\u00f6nnten wir in bedeutsamer Weise \u00fcber Leben in einem Universum nachdenken, dem unsere Existenz vollkommen gleichg\u00fcltig ist? Welche Techniken und Prozesse k\u00f6nnten produktiv genutzt werden, um \u00fcber die Frage des Ma\u00dfstabs bei der Erfassung von Vorg\u00e4ngen nachzudenken, die viel kleiner als das menschliche Individuum und viel gr\u00f6\u00dfer als die Erde sind? Wie genau steht die \u00bbBiographie\u00ab einer Person, einer Nation, einer Spezies in Beziehung zur Erde, die sie auf verschiedene Art bewohnen?<\/p><p>Innerhalb der gegenw\u00e4rtigen geschichtlichen Lage \u2013 dem Moment der \u00f6kologischen Krise und deren Leugnung von politischen Entscheidungstr\u00e4gern \u2013 erscheint es immer wichtiger, diese Fragen zu stellen. Unter Verwendung von Filmen, Ton und Performances werden die Beitragenden dieses performativen Dialogs neue Verbindungen zu uns selbst und zu unserer Umgebung entwerfen.<\/p><p>Die Veranstaltung beginnt um 16 Uhr mit einer Lecture Performance von Kapwani Kiwanga, gefolgt von k\u00fcnstlerischen Erwiderungen von Janine Jembere, Dima Hourani und Bill Dietz.<\/p><p><em>Das soziale Leben des Universums<\/em> findet statt im Rahmen des derzeitigen Schwerpunktthemas <em>Biografien & die Produktion von Raum<\/em> und ist Teil des 15-j\u00e4hrigen Jubil\u00e4ums des <em>art, science & business <\/em>Programms der Akademie Schloss Solitude. Idee und Konzept von Gavin Steingo.<\/p><p>Der Eintritt ist frei. In englischer Sprache.<\/p><p>Um Anmeldung wir gebeten bei Luzi Gross, <a data-cke-saved-href=\"mailto:lg@akademie-solitude.de?subject=Anmeldung \u00bbDas soziale Leben des Universums\u00ab\" href=\"mailto:lg@akademie-solitude.de?subject=Anmeldung \u00bbDas soziale Leben des Universums\u00ab\">lg@akademie-solitude.de<\/a>, + 49 (0) 711 99619 134<\/p>","event_more_events":"","related_posts_event":[6553,6856,6860,6908]},"_links":{"self":[{"href":"https:\/\/www.akademie-solitude.de\/de\/wp-json\/wp\/v2\/event\/7621","targetHints":{"allow":["GET"]}}],"collection":[{"href":"https:\/\/www.akademie-solitude.de\/de\/wp-json\/wp\/v2\/event"}],"about":[{"href":"https:\/\/www.akademie-solitude.de\/de\/wp-json\/wp\/v2\/types\/event"}],"author":[{"embeddable":true,"href":"https:\/\/www.akademie-solitude.de\/de\/wp-json\/wp\/v2\/users\/1"}],"acf:post":[{"embeddable":true,"href":"https:\/\/www.akademie-solitude.de\/de\/wp-json\/wp\/v2\/person\/6908"},{"embeddable":true,"href":"https:\/\/www.akademie-solitude.de\/de\/wp-json\/wp\/v2\/person\/6860"},{"embeddable":true,"href":"https:\/\/www.akademie-solitude.de\/de\/wp-json\/wp\/v2\/person\/6856"},{"embeddable":true,"href":"https:\/\/www.akademie-solitude.de\/de\/wp-json\/wp\/v2\/person\/6553"}],"acf:term":[{"embeddable":true,"taxonomy":"category","href":"https:\/\/www.akademie-solitude.de\/de\/wp-json\/wp\/v2\/categories\/32"},{"embeddable":true,"taxonomy":"category","href":"https:\/\/www.akademie-solitude.de\/de\/wp-json\/wp\/v2\/categories\/31"},{"embeddable":true,"taxonomy":"category","href":"https:\/\/www.akademie-solitude.de\/de\/wp-json\/wp\/v2\/categories\/30"}],"wp:attachment":[{"href":"https:\/\/www.akademie-solitude.de\/de\/wp-json\/wp\/v2\/media?parent=7621"}],"wp:term":[{"taxonomy":"category","embeddable":true,"href":"https:\/\/www.akademie-solitude.de\/de\/wp-json\/wp\/v2\/categories?post=7621"}],"curies":[{"name":"wp","href":"https:\/\/api.w.org\/{rel}","templated":true}]}}

<p><em>Das soziale Leben des Universums </em>untersucht in einem performativen Dialog Möglichkeiten, menschliche Biographien zwischen kleinsten biologischen Komponenten und dem gewaltigen kosmologischen Raum zu entwerfen.</p>

<p>iUnter Verwendung von Science Fiction, postkolonialer Theorie, Philosophie und Afrofuturismus (von der amerikanischen Soziologin Alondra Nelson definiert als »afroamerikanische Stimmen, die andere Erzählungen über Kultur, Technologie und zukünftigen Dinge schildern«), erkundet die Veranstaltung mögliche Wege, menschliche Biografien zwischen kleinsten biologischen Komponenten und immensen kosmologischen Räumen zu erfassen. Wie könnten wir in bedeutsamer Weise über Leben in einem Universum nachdenken, dem unsere Existenz vollkommen gleichgültig ist? Welche Techniken und Prozesse könnten produktiv genutzt werden, um über die Frage des Maßstabs bei der Erfassung von Vorgängen nachzudenken, die viel kleiner als das menschliche Individuum und viel größer als die Erde sind? Wie genau steht die »Biographie« einer Person, einer Nation, einer Spezies in Beziehung zur Erde, die sie auf verschiedene Art bewohnen?</p><p>Innerhalb der gegenwärtigen geschichtlichen Lage – dem Moment der ökologischen Krise und deren Leugnung von politischen Entscheidungsträgern – erscheint es immer wichtiger, diese Fragen zu stellen. Unter Verwendung von Filmen, Ton und Performances werden die Beitragenden dieses performativen Dialogs neue Verbindungen zu uns selbst und zu unserer Umgebung entwerfen.</p><p>Die Veranstaltung beginnt um 16 Uhr mit einer Lecture Performance von Kapwani Kiwanga, gefolgt von künstlerischen Erwiderungen von Janine Jembere, Dima Hourani und Bill Dietz.</p><p><em>Das soziale Leben des Universums</em> findet statt im Rahmen des derzeitigen Schwerpunktthemas <em>Biografien & die Produktion von Raum</em> und ist Teil des 15-jährigen Jubiläums des <em>art, science & business </em>Programms der Akademie Schloss Solitude. Idee und Konzept von Gavin Steingo.</p><p>Der Eintritt ist frei. In englischer Sprache.</p><p>Um Anmeldung wir gebeten bei Luzi Gross, <a data-cke-saved-href="mailto:lg@akademie-solitude.de?subject=Anmeldung »Das soziale Leben des Universums«" href="mailto:lg@akademie-solitude.de?subject=Anmeldung »Das soziale Leben des Universums«">lg@akademie-solitude.de</a>, + 49 (0) 711 99619 134</p>
