{"id":7650,"date":"2020-03-26T18:07:06","date_gmt":"2020-03-26T17:07:06","guid":{"rendered":"https:\/\/www.akademie-solitude.de\/event\/engaging-with-histories-an-everyday-life-practice\/"},"modified":"2020-08-12T09:48:09","modified_gmt":"2020-08-12T07:48:09","slug":"engaging-with-histories-an-everyday-life-practice","status":"publish","type":"event","link":"https:\/\/www.akademie-solitude.de\/de\/event\/engaging-with-histories-an-everyday-life-practice\/","title":{"rendered":"Engaging with Histories: An Everyday Life Practice"},"content":{"rendered":"","protected":false},"author":1,"featured_media":0,"template":"","categories":[17,29,31,19],"class_list":["post-7650","event","type-event","status-publish","hentry","category-diskurs","category-lesung","category-praesentation","category-symposium"],"acf":{"bgcolor":"","bgcolor_custom":"","custom_color_css_variable":"","content_type":null,"intro_preview_headline":"","intro_preview_txt":"","intro_preview_img":8363,"event_id_old":"3909","event_subtitle":"Konzerte, Lesungen, Panels, Skype-Pr\u00e4sentationen und K\u00fcnstlerpr\u00e4sentationen","event_date":"2018-03-23 10:00:00","event_date_end":"2018-03-23 21:00:00","event_location":[{"event_location_name":"Akademie Schloss Solitude","event_location_link":""}],"event_programme":"","event_taxonomy_category":[17,19,29,31],"event_practice_field":false,"event_opening":"","event_opening_times":"","event_additional_info":"","event_txt_old":"<hr><p>Geschichte dient uns h\u00e4ufig dazu, die Welt um uns herum zu verstehen. Wir greifen auf historisches Wissen und das historische Bewusstsein zur\u00fcck und sind dadurch in der Lage uns mit den Geschehnissen des politischen und kulturellen Lebens auseinanderzusetzen und sie erkl\u00e4rbar zu machen. Es w\u00e4re jedoch spannend, dem Leben auf der Stra\u00dfe, zu Hause sowie den allt\u00e4glichen Situationen in Politik und Kultur direkt zu begegnen, um zu beobachten und herauszufinden wie sie \u00bbGeschichte\u00ab auf ihre Art und Weise vermitteln. Objekte und Situationen des allt\u00e4glichen Lebens schaffen st\u00e4ndig Begegnungen, die Unmut oder Instabilit\u00e4t produzieren. Diese Verh\u00e4ltnisse destabilisieren den Boden auf dem wir stehen \u2013 sie formen sich stetig ver\u00e4ndernde Gesellschaften und Politik auf eine Weise, die manchmal sehr offensichtlich und manchmal so sanft ist, dass wir die Ersch\u00fctterungen kaum wahrnehmen. Was geschieht also mit unserem Verst\u00e4ndnis von Geschichte, unserem historischem Bewusstsein, unserer allt\u00e4glichen Wahrnehmung von Kultur, wenn das t\u00e4gliche Leben klar in die Richtung einer Geschichtspraktik zeigt, die wir nur ahnen k\u00f6nnen w\u00e4hrend wir inmitten dieser Situationen stehen?<br><br>Konzept und Text von Kaiwan Mehta.<\/p><hr><p><strong>Programm<\/strong><\/p><p><u>Donnerstag, 22. M\u00e4rz 2018<\/u><\/p><p>10.00 Uhr Begr\u00fc\u00dfung und Einf\u00fchrung von Jean-Baptiste Joly, Kaiwan Mehta<br><br>10.45 Uhr Kaffeepause<br><br>11.00 Uhr Panel mit Nicole Gingras, Ana Wild, Ilana Salama Ortar<br><br>13.00 Uhr Mittagessen<br><br>14.00 Uhr Performance <em>Bhramana VIII<\/em>\u00a0von Sahej Rahal<br><br>15.15 Uhr Kaffeepause<br><br>15.30 Uhr Panel mit Ackbar Abbas und Leone Contini<br><br>17.00 Uhr Kaffeepause<br><br>17.15 Uhr\u00a0Pr\u00e4sentationen von Gurur Ertem und Douglas Rogerson<br><br>19.00 Uhr Abendessen<br><br>20.00 Uhr Konzerte mit Marcus Schmickler, James Rushford, Anthony Pateras<br><br>22.00 Uhr Dj-set von Magali Daniaux & C\u00e9dric Pigot<\/p><p><u>Freitag, 23. M\u00e4rz 2018<\/u><\/p><p>10.00 Uhr Panel mit Nishant Shah (Skype-Vortrag), Shilpa Gupta, Hans D. Christ\u00a0\u00a0<br><br>12.00 Uhr Kaffeepause<br><br>12.15 Uhr Pr\u00e4sentationen mit Christoph Knoth, Ricardo Portilho Mattos,<br><br>13.00 Uhr Mittagessen<br><br>14.00 Uhr Pr\u00e4sentationen von Dina Karad\u017ei\u0107 & Vedran Gligo, Tom Rosenberg<br><br>15.15 Uhr Kaffeepause<br><br>15.30 Uhr Pr\u00e4sentationen von Soetkin Verstegen, Damjan Kokalevski, Manuel Montenegro<br><br>18.00 Uhr Abendessen<br><br>19.00 Uhr Lesungen mit Ahdaf Soueif und Ter\u00e9zia Mora (Audio-Lesung) sowie Aditi Rao, Vinicius Jatob\u00e1, Bojan Kri\u0161tofi\u0107<br><br>20.30 Uhr Abschlie\u00dfende Podiumsdiskussion mit Kaiwan Mehta & Catherine David<\/p><hr><p>Mit Beitr\u00e4gen von:<\/p><p><strong>Ackbar Abbas<\/strong>, Professor f\u00fcr Vergleichende Literaturwissenschaft an der University of California, Irvine, CA\/USA\u00a0| <strong>Leone Contini,\u00a0<\/strong>Ethnograf und K\u00fcnstler, Carmignano\/Italien\u00a0|<strong> Hans D. Christ,\u00a0<\/strong>Ko-Direktor des W\u00fcrttembergischen Kunstvereins Stuttgart, Stuttgart\/Deutschland\u00a0| <strong>Catherine David<\/strong>, Kuratorin und stellvertretende Direktorin des Mus\u00e9e National d'Art Moderne am Centre Georges-Pompidou,\u00a0Paris\/Frankreich\u00a0| <strong>Gurur Ertem,\u00a0<\/strong>Kultursoziologin und Ko-Direktorin des iDANS\u00a0International Contemporary Dance and Performance Festival, Istanbul\/T\u00fcrkei\u00a0| <strong>Nicole Gingras,\u00a0<\/strong>Forscherin, Kuratorin und Autorin im Bereich der zeitgen\u00f6ssischen Kunst und Medienkunst, Montreal\/Kanada\u00a0| <strong>Vedran Gligo,\u00a0<\/strong>DIY K\u00fcnstler\/Hacker, Zagreb\/Kroatien\u00a0| <strong>Shilpa Gupta,\u00a0<\/strong>Bildende K\u00fcnstlerin,\u00a0Mumbai\/Indien\u00a0| <strong>Vinicius Jatob\u00e1,\u00a0<\/strong>Prosa-, Essay- und B\u00fchnenautor, Paris\/Frankreich\u00a0| <strong>Dina Karad\u017ei\u0107,\u00a0<\/strong>K\u00fcnstlerin im Bereich der bildenden, digitalen und der Netzkunst, Zagreb\/Kroatien\u00a0\u200b|\u00a0<strong>Christoph Knoth,\u00a0<\/strong>Digitaler Grafikdesigner und Lehrer, Berlin\/Deutschland\u00a0\u200b| <strong>Damjan Kokalevski,\u00a0<\/strong>Architekt und Forscher, Z\u00fcrich\/Schweiz\u00a0| <strong>Bojan Kri\u0161tofi\u0107,\u00a0<\/strong>Schriftsteller und Designer, Zagreb\/Kroatien\u00a0\u200b| <strong>Kaiwan Mehta,\u00a0<\/strong>Architekt, Wissenschaftler, Redaktionsleiter der Zeitschrift DOMUS India und derzeitiger Juryvorsitzender der Akademie Schloss Solitude, Mumbai\/Indien\u00a0\u200b| <strong>Manuel Montenegro,\u00a0<\/strong>Architekt, Dozent, Lehrer, Kurator und Forscher, Porto\/Portugal\u00a0| <strong>Ter\u00e9zia Mora,\u00a0<\/strong>Schriftstellerin, Drehbuchautorin und \u00dcbersetzerin aus dem Ungarischen, Berlin\/Deutschland\u00a0\u200b| <strong>Ricardo Portilho Mattos,\u00a0<\/strong>Designer und Forscher, Belo Horizonte\/Brasilien\u00a0\u200b| <strong>Ilana Salama Ortar,\u00a0<\/strong>Audiovisuelle K\u00fcnstlerin und Forscherin in Civic-Performance Art,\u00a0Frankfurt\u00a0am\u00a0Main\/Deutschland\u00a0\u200b| <strong>Anthony Pateras,\u00a0<\/strong>Komponist und Pianist, Melbourne\/Australien\u00a0\u200b| <strong>Aditi Rao,\u00a0<\/strong>Schriftstellerin und P\u00e4dagogin, Neu-Delhi\/Indien\u00a0\u200b| <strong>Douglas Rogerson,\u00a0<\/strong>K\u00fcnstler und Forscher, New York, NY\/USA\u00a0\u200b| <strong>Tom Rosenberg,\u00a0<\/strong>Filmemacher, Lehrer f\u00fcr Dokumentar- und Experimentalfilm, sowie amtlich zugelassener Privatermittler, Texas\/USA\u00a0\u200b| <strong>James Rushford,\u00a0<\/strong>Musiker und Forscher, Melbourne\/Australien\u00a0| <strong>Marcus Schmickler,\u00a0<\/strong>Komponist, K\u00f6ln\/Deutschland\u00a0\u200b| <strong>Nishant Shah,\u00a0<\/strong>Dekan der Graduate School der ArtEZ University of the Arts, Zwolle\/Niederlande, sowie Professor an der Leuphana Universit\u00e4t L\u00fcneburg\/Deutschland\u00a0\u200b| <strong>Ahdaf Soueif,\u00a0<\/strong>Schriftstellerin und Kommentatorin f\u00fcr Politik und Kultur, London\/Gro\u00dfbritannien und Kairo\/\u00c4gypten\u00a0\u200b| <strong>Soetkin Verstegen,\u00a0<\/strong>Unabh\u00e4ngige Filmemacherin und Trickfilmzeichnerin, Br\u00fcssel\/Belgien\u00a0\u200b| <strong>Ana Wild,\u00a0<\/strong>Performance-Macherin, Genf\/Schweiz.<\/p><hr><p>Das Symposium findet statt im Rahmen des Programms <em>art, science & business<\/em> an der Akademie Schloss Solitude.<\/p><p>In englischer Sprache. Der Eintritt ist frei.<\/p><p>Tagespauschale f\u00fcr Verpflegung inkl. Mittagessen, Abendessen, Kaffee und Getr\u00e4nke: 20 Euro\/10 Euro f\u00fcr Studierende.<\/p><p>Anmeldung bis zum 16. M\u00e4rz 2018 per E-Mail an Emily Knoll, <a data-cke-saved-href=\"mailto:knoll@akademie-solitude.de\" href=\"mailto:knoll@akademie-solitude.de\">knoll@akademie-solitude.de<\/a>,<br>Tel.\u00a0+ 49 (0)711 99619 482<\/p>","event_more_events":"","related_posts_event":[7015,6974,6973,6970,7045,7011,7043,7042,7033,7034,6852,5867,7050,6262,7031,6853,6972,7052,7040,7049,6968,6966,7002,5501,6995,7055,6836,7017]},"_links":{"self":[{"href":"https:\/\/www.akademie-solitude.de\/de\/wp-json\/wp\/v2\/event\/7650","targetHints":{"allow":["GET"]}}],"collection":[{"href":"https:\/\/www.akademie-solitude.de\/de\/wp-json\/wp\/v2\/event"}],"about":[{"href":"https:\/\/www.akademie-solitude.de\/de\/wp-json\/wp\/v2\/types\/event"}],"author":[{"embeddable":true,"href":"https:\/\/www.akademie-solitude.de\/de\/wp-json\/wp\/v2\/users\/1"}],"acf:post":[{"embeddable":true,"href":"https:\/\/www.akademie-solitude.de\/de\/wp-json\/wp\/v2\/person\/7017"},{"embeddable":true,"href":"https:\/\/www.akademie-solitude.de\/de\/wp-json\/wp\/v2\/person\/6836"},{"embeddable":true,"href":"https:\/\/www.akademie-solitude.de\/de\/wp-json\/wp\/v2\/person\/7055"},{"embeddable":true,"href":"https:\/\/www.akademie-solitude.de\/de\/wp-json\/wp\/v2\/person\/6995"},{"embeddable":true,"href":"https:\/\/www.akademie-solitude.de\/de\/wp-json\/wp\/v2\/person\/5501"},{"embeddable":true,"href":"https:\/\/www.akademie-solitude.de\/de\/wp-json\/wp\/v2\/person\/7002"},{"embeddable":true,"href":"https:\/\/www.akademie-solitude.de\/de\/wp-json\/wp\/v2\/person\/6966"},{"embeddable":true,"href":"https:\/\/www.akademie-solitude.de\/de\/wp-json\/wp\/v2\/person\/6968"},{"embeddable":true,"href":"https:\/\/www.akademie-solitude.de\/de\/wp-json\/wp\/v2\/person\/7049"},{"embeddable":true,"href":"https:\/\/www.akademie-solitude.de\/de\/wp-json\/wp\/v2\/person\/7040"},{"embeddable":true,"href":"https:\/\/www.akademie-solitude.de\/de\/wp-json\/wp\/v2\/person\/7052"},{"embeddable":true,"href":"https:\/\/www.akademie-solitude.de\/de\/wp-json\/wp\/v2\/person\/6972"},{"embeddable":true,"href":"https:\/\/www.akademie-solitude.de\/de\/wp-json\/wp\/v2\/person\/6853"},{"embeddable":true,"href":"https:\/\/www.akademie-solitude.de\/de\/wp-json\/wp\/v2\/person\/7031"},{"embeddable":true,"href":"https:\/\/www.akademie-solitude.de\/de\/wp-json\/wp\/v2\/person\/6262"},{"embeddable":true,"href":"https:\/\/www.akademie-solitude.de\/de\/wp-json\/wp\/v2\/person\/7050"},{"embeddable":true,"href":"https:\/\/www.akademie-solitude.de\/de\/wp-json\/wp\/v2\/person\/5867"},{"embeddable":true,"href":"https:\/\/www.akademie-solitude.de\/de\/wp-json\/wp\/v2\/person\/6852"},{"embeddable":true,"href":"https:\/\/www.akademie-solitude.de\/de\/wp-json\/wp\/v2\/person\/7034"},{"embeddable":true,"href":"https:\/\/www.akademie-solitude.de\/de\/wp-json\/wp\/v2\/person\/7033"},{"embeddable":true,"href":"https:\/\/www.akademie-solitude.de\/de\/wp-json\/wp\/v2\/person\/7042"},{"embeddable":true,"href":"https:\/\/www.akademie-solitude.de\/de\/wp-json\/wp\/v2\/person\/7043"},{"embeddable":true,"href":"https:\/\/www.akademie-solitude.de\/de\/wp-json\/wp\/v2\/person\/7011"},{"embeddable":true,"href":"https:\/\/www.akademie-solitude.de\/de\/wp-json\/wp\/v2\/person\/7045"},{"embeddable":true,"href":"https:\/\/www.akademie-solitude.de\/de\/wp-json\/wp\/v2\/person\/6970"},{"embeddable":true,"href":"https:\/\/www.akademie-solitude.de\/de\/wp-json\/wp\/v2\/person\/6973"},{"embeddable":true,"href":"https:\/\/www.akademie-solitude.de\/de\/wp-json\/wp\/v2\/person\/6974"},{"embeddable":true,"href":"https:\/\/www.akademie-solitude.de\/de\/wp-json\/wp\/v2\/person\/7015"}],"acf:term":[{"embeddable":true,"taxonomy":"category","href":"https:\/\/www.akademie-solitude.de\/de\/wp-json\/wp\/v2\/categories\/31"},{"embeddable":true,"taxonomy":"category","href":"https:\/\/www.akademie-solitude.de\/de\/wp-json\/wp\/v2\/categories\/29"},{"embeddable":true,"taxonomy":"category","href":"https:\/\/www.akademie-solitude.de\/de\/wp-json\/wp\/v2\/categories\/19"},{"embeddable":true,"taxonomy":"category","href":"https:\/\/www.akademie-solitude.de\/de\/wp-json\/wp\/v2\/categories\/17"}],"wp:attachment":[{"href":"https:\/\/www.akademie-solitude.de\/de\/wp-json\/wp\/v2\/media?parent=7650"}],"wp:term":[{"taxonomy":"category","embeddable":true,"href":"https:\/\/www.akademie-solitude.de\/de\/wp-json\/wp\/v2\/categories?post=7650"}],"curies":[{"name":"wp","href":"https:\/\/api.w.org\/{rel}","templated":true}]}}

Konzerte, Lesungen, Panels, Skype-Präsentationen und Künstlerpräsentationen

<hr><p>Geschichte dient uns häufig dazu, die Welt um uns herum zu verstehen. Wir greifen auf historisches Wissen und das historische Bewusstsein zurück und sind dadurch in der Lage uns mit den Geschehnissen des politischen und kulturellen Lebens auseinanderzusetzen und sie erklärbar zu machen. Es wäre jedoch spannend, dem Leben auf der Straße, zu Hause sowie den alltäglichen Situationen in Politik und Kultur direkt zu begegnen, um zu beobachten und herauszufinden wie sie »Geschichte« auf ihre Art und Weise vermitteln. Objekte und Situationen des alltäglichen Lebens schaffen ständig Begegnungen, die Unmut oder Instabilität produzieren. Diese Verhältnisse destabilisieren den Boden auf dem wir stehen – sie formen sich stetig verändernde Gesellschaften und Politik auf eine Weise, die manchmal sehr offensichtlich und manchmal so sanft ist, dass wir die Erschütterungen kaum wahrnehmen. Was geschieht also mit unserem Verständnis von Geschichte, unserem historischem Bewusstsein, unserer alltäglichen Wahrnehmung von Kultur, wenn das tägliche Leben klar in die Richtung einer Geschichtspraktik zeigt, die wir nur ahnen können während wir inmitten dieser Situationen stehen?<br><br>Konzept und Text von Kaiwan Mehta.</p><hr><p><strong>Programm</strong></p><p><u>Donnerstag, 22. März 2018</u></p><p>10.00 Uhr Begrüßung und Einführung von Jean-Baptiste Joly, Kaiwan Mehta<br><br>10.45 Uhr Kaffeepause<br><br>11.00 Uhr Panel mit Nicole Gingras, Ana Wild, Ilana Salama Ortar<br><br>13.00 Uhr Mittagessen<br><br>14.00 Uhr Performance <em>Bhramana VIII</em> von Sahej Rahal<br><br>15.15 Uhr Kaffeepause<br><br>15.30 Uhr Panel mit Ackbar Abbas und Leone Contini<br><br>17.00 Uhr Kaffeepause<br><br>17.15 Uhr Präsentationen von Gurur Ertem und Douglas Rogerson<br><br>19.00 Uhr Abendessen<br><br>20.00 Uhr Konzerte mit Marcus Schmickler, James Rushford, Anthony Pateras<br><br>22.00 Uhr Dj-set von Magali Daniaux & Cédric Pigot</p><p><u>Freitag, 23. März 2018</u></p><p>10.00 Uhr Panel mit Nishant Shah (Skype-Vortrag), Shilpa Gupta, Hans D. Christ  <br><br>12.00 Uhr Kaffeepause<br><br>12.15 Uhr Präsentationen mit Christoph Knoth, Ricardo Portilho Mattos,<br><br>13.00 Uhr Mittagessen<br><br>14.00 Uhr Präsentationen von Dina Karadžić & Vedran Gligo, Tom Rosenberg<br><br>15.15 Uhr Kaffeepause<br><br>15.30 Uhr Präsentationen von Soetkin Verstegen, Damjan Kokalevski, Manuel Montenegro<br><br>18.00 Uhr Abendessen<br><br>19.00 Uhr Lesungen mit Ahdaf Soueif und Terézia Mora (Audio-Lesung) sowie Aditi Rao, Vinicius Jatobá, Bojan Krištofić<br><br>20.30 Uhr Abschließende Podiumsdiskussion mit Kaiwan Mehta & Catherine David</p><hr><p>Mit Beiträgen von:</p><p><strong>Ackbar Abbas</strong>, Professor für Vergleichende Literaturwissenschaft an der University of California, Irvine, CA/USA | <strong>Leone Contini, </strong>Ethnograf und Künstler, Carmignano/Italien |<strong> Hans D. Christ, </strong>Ko-Direktor des Württembergischen Kunstvereins Stuttgart, Stuttgart/Deutschland | <strong>Catherine David</strong>, Kuratorin und stellvertretende Direktorin des Musée National d'Art Moderne am Centre Georges-Pompidou, Paris/Frankreich | <strong>Gurur Ertem, </strong>Kultursoziologin und Ko-Direktorin des iDANS International Contemporary Dance and Performance Festival, Istanbul/Türkei | <strong>Nicole Gingras, </strong>Forscherin, Kuratorin und Autorin im Bereich der zeitgenössischen Kunst und Medienkunst, Montreal/Kanada | <strong>Vedran Gligo, </strong>DIY Künstler/Hacker, Zagreb/Kroatien | <strong>Shilpa Gupta, </strong>Bildende Künstlerin, Mumbai/Indien | <strong>Vinicius Jatobá, </strong>Prosa-, Essay- und Bühnenautor, Paris/Frankreich | <strong>Dina Karadžić, </strong>Künstlerin im Bereich der bildenden, digitalen und der Netzkunst, Zagreb/Kroatien ​| <strong>Christoph Knoth, </strong>Digitaler Grafikdesigner und Lehrer, Berlin/Deutschland ​| <strong>Damjan Kokalevski, </strong>Architekt und Forscher, Zürich/Schweiz | <strong>Bojan Krištofić, </strong>Schriftsteller und Designer, Zagreb/Kroatien ​| <strong>Kaiwan Mehta, </strong>Architekt, Wissenschaftler, Redaktionsleiter der Zeitschrift DOMUS India und derzeitiger Juryvorsitzender der Akademie Schloss Solitude, Mumbai/Indien ​| <strong>Manuel Montenegro, </strong>Architekt, Dozent, Lehrer, Kurator und Forscher, Porto/Portugal | <strong>Terézia Mora, </strong>Schriftstellerin, Drehbuchautorin und Übersetzerin aus dem Ungarischen, Berlin/Deutschland ​| <strong>Ricardo Portilho Mattos, </strong>Designer und Forscher, Belo Horizonte/Brasilien ​| <strong>Ilana Salama Ortar, </strong>Audiovisuelle Künstlerin und Forscherin in Civic-Performance Art, Frankfurt am Main/Deutschland ​| <strong>Anthony Pateras, </strong>Komponist und Pianist, Melbourne/Australien ​| <strong>Aditi Rao, </strong>Schriftstellerin und Pädagogin, Neu-Delhi/Indien ​| <strong>Douglas Rogerson, </strong>Künstler und Forscher, New York, NY/USA ​| <strong>Tom Rosenberg, </strong>Filmemacher, Lehrer für Dokumentar- und Experimentalfilm, sowie amtlich zugelassener Privatermittler, Texas/USA ​| <strong>James Rushford, </strong>Musiker und Forscher, Melbourne/Australien | <strong>Marcus Schmickler, </strong>Komponist, Köln/Deutschland ​| <strong>Nishant Shah, </strong>Dekan der Graduate School der ArtEZ University of the Arts, Zwolle/Niederlande, sowie Professor an der Leuphana Universität Lüneburg/Deutschland ​| <strong>Ahdaf Soueif, </strong>Schriftstellerin und Kommentatorin für Politik und Kultur, London/Großbritannien und Kairo/Ägypten ​| <strong>Soetkin Verstegen, </strong>Unabhängige Filmemacherin und Trickfilmzeichnerin, Brüssel/Belgien ​| <strong>Ana Wild, </strong>Performance-Macherin, Genf/Schweiz.</p><hr><p>Das Symposium findet statt im Rahmen des Programms <em>art, science & business</em> an der Akademie Schloss Solitude.</p><p>In englischer Sprache. Der Eintritt ist frei.</p><p>Tagespauschale für Verpflegung inkl. Mittagessen, Abendessen, Kaffee und Getränke: 20 Euro/10 Euro für Studierende.</p><p>Anmeldung bis zum 16. März 2018 per E-Mail an Emily Knoll, <a data-cke-saved-href="mailto:knoll@akademie-solitude.de" href="mailto:knoll@akademie-solitude.de">knoll@akademie-solitude.de</a>,<br>Tel. + 49 (0)711 99619 482</p>
