{"id":7667,"date":"2020-03-26T18:07:07","date_gmt":"2020-03-26T17:07:07","guid":{"rendered":"https:\/\/www.akademie-solitude.de\/event\/9-september-2018-11-uhr-solitude-konzerte-in-der-scheune-konzert-des-anima-klavierquartetts\/"},"modified":"2020-08-12T09:48:14","modified_gmt":"2020-08-12T07:48:14","slug":"9-september-2018-11-uhr-solitude-konzerte-in-der-scheune-konzert-des-anima-klavierquartetts","status":"publish","type":"event","link":"https:\/\/www.akademie-solitude.de\/de\/event\/9-september-2018-11-uhr-solitude-konzerte-in-der-scheune-konzert-des-anima-klavierquartetts\/","title":{"rendered":"Solitude-Konzerte in der Scheune \u2013 Konzert des Anima Klavierquartetts"},"content":{"rendered":"","protected":false},"author":1,"featured_media":8304,"template":"","categories":[501],"class_list":["post-7667","event","type-event","status-publish","hentry","category-konzert"],"acf":{"bgcolor":"","bgcolor_custom":"","custom_color_css_variable":"","content_type":null,"intro_preview_headline":"","intro_preview_txt":"Das Anima Klavierquartett konzertiert am 9. September 2018 in der Scheune der Akademie Schloss Solitude, im Rahmen der Klassikreihe \u00bbSolitude-Konzerte in der Scheune \u2013 Junge Interpreten spielen Kammermusik\u00ab.","intro_preview_img":8304,"event_id_old":"3939","event_subtitle":"1. Preistr\u00e4ger des Carl Wendling Kammermusikwettbewerbs","event_date":"2018-09-09 11:00:00","event_date_end":"2018-09-09 11:00:00","event_location":[{"event_location_name":"Akademie Schloss Solitude\/Scheune","event_location_link":""}],"event_programme":"","event_taxonomy_category":[501],"event_practice_field":false,"event_opening":"","event_opening_times":"","event_additional_info":"","event_txt_old":"&nbsp;\n\n<hr \/>\n\nDas Anima Klavierquartett konzertiert am 9. September 2018 in der Scheune der Akademie Schloss Solitude, im Rahmen der Klassikreihe \u00bbSolitude-Konzerte in der Scheune \u2013 Junge Interpreten spielen Kammermusik\u00ab. Das Gewinnerquartett des Carl Wendling Kammermusikwettbewerbs, bestehend aus Johannes Brzoska (Violine), Till Breitkreutz (Viola), Levan St\u00fclpnagel (Violoncello) und Sophia Weidemann (Klavier), spielt Werke von\u00a0Ludwig van Beethoven (1770\u20131827),\u00a0Joaquin Turina (1982\u20131949) und\u00a0Johannes Brahms (1833\u20131897).\n\n\u200bJOHANNES BRZOSKA (*1998 in Essen) war seit seinem viertem Lebensjahr Sch\u00fcler bei Nikolai Mintchev und war sp\u00e4ter Jungstudent an der Folkwang Universit\u00e4t der K\u00fcnste in Essen. Seit 2016 studiert er an der Staatlichen Hochschule f\u00fcr Musik und Darstellende Kunst Stuttgart bei Prof. Anke Dill. Er ist mehrfacher Preistr\u00e4ger von \u00bbJugend musiziert\u00ab auf Landes- und Bundesebene. Er absolvierte Meisterkurse bei international renommierten Professoren wie Prof. Latica Honda-Rosenberg, Prof. Mintcho Mintchev und Prof. Svetlin Roussev. Als Mitglied des Bundesjugendorchesters f\u00fchrten ihn Tourneen u. a. nach China und ins Baltikum. Er spielt eine Geige von Nicolas Lupot aus dem Jahr 1806, welche ihm als Leihgabe von der Alice und Hans Joachim Thorm\u00e4hlen-Stiftung zur Verf\u00fcgung gestellt wird.\n\nTILL BREITKREUTZ (*1994 in Bietigheim-Bissingen) erhielt ab 2006 Violaunterricht. Zwischen 2009 und 2012 erhielt er mehrfach Preise auf Landes- und Bundesebene beim Wettbewerb \u00bbJugend musiziert\u00ab. Seit 2013 studiert er bei Prof. Andra Darzins an der Staatlichen Hochschule f\u00fcr Musik und Darstellende Kunst Stuttgart. Seitdem erh\u00e4lt er auch intensiven Kammermusikunterricht in den Quartettklassen von Prof. Stefan Fehlandt und Prof. Peter Buck. Mit verschiedenen Ensembles nahm er an Konzerten und Kursen bei Pers\u00f6nlichkeiten wie Prof. Valentin Erben (Alban Berg Quartett), Prof. Eberhardt Feltz und Prof. Tim Vogler (Vogler Quartett) teil. Till Breitkreutz verbindet eine rege k\u00fcnstlerische Zusammenarbeit mit Rudolf Buchbinder, Daniel M\u00fcller-Schott, Carolin Widmann u.v.m.\n\nLEVAN ST\u00dcLPNAGEL (*1996 in Filderstadt) nahm seinen ersten Cellounterricht bei Jochen Kefer. 2009\u20132011 erhielt er Unterricht bei Joachim Hess, bevor er zu Prof. Conradin Brotbek an die Staatliche Hochschule f\u00fcr Musik und Darstellende Kunst Stuttgart wechselte. Er ist mehrmaliger Preistr\u00e4ger des \u00bbTonk\u00fcnstlerwettbewerbs\u00ab und des Wettbewerbs \u00bbJugend musiziert\u00ab, bei welchem er sich 2013 in den Kategorien \u00bbCello solo\u00ab und \u00bbKlaviertrio\u00ab auf Bundesebene zwei 1. Preise erspielte. 2014 war Levan St\u00fclpnagel Preistr\u00e4ger des Deutschen Musikinstrumentenfonds der Deutschen Stiftung Musikleben in Hamburg. Er spielt regelm\u00e4\u00dfig Kammermusik und wird dabei u.a von Prof. Peter Buck (Melos Quartett) und Prof. Stefan Fehlandt (Vogler Quartett) unterrichtet.\n\nSOPHIA WEIDEMANN (*1994 in Filderstadt) begann ihre musikalische Ausbildung am Klavier im Alter von zehn Jahren. Mit f\u00fcnfzehn Jahren wurde sie Jungstudentin an der Staatlichen Hochschule f\u00fcr Musik und Darstellende Kunst Stuttgart in der Klasse von Prof. Florian Wiek. Sie schloss ihren Bachelor mit Bestnote ab und studiert zurzeit einen k\u00fcnstlerischen Master in bei Prof. Wiek. Ein Erasmus-Aufenthalt f\u00fchrte sie nach Wien an die Universit\u00e4t f\u00fcr Musik und Darstellende Kunst zu Prof. Jan Jiracek von Arnim. Sie ist Preistr\u00e4gerin u. a von \u00bbJugend musiziert\u00ab, und gewann 2015 den 1. Preis beim internationalen B\u00e9la Bart\u00f3k Klavierwettbewerb in Wien. Sie ist\u00a0Sie ist Stipendiaten von Live Music Now, der Helga Drews Stiftung und der Richard-Wagner-Stipendienstiftung.\n\n<hr \/>\n\n<strong>PROGRAMM<\/strong>\n\n<strong>09.September 2018, 11 Uhr\u00a0<\/strong>\n\n<strong>ANIMA KLAVIERQUARTETT<\/strong>\nJohannes Brzoska, <em>Violine<\/em>\nTill Breitkreutz, <em>Viola<\/em>\nLevan St\u00fclpnagel, <em>Violoncello<\/em>\nSophia Weidemann,<em> Klavier<\/em>\n\nLUDWIG VAN BEETHOVEN (1770\u20131827)\nKlavierquartett Es-Dur op. 16\n\nJOAQUIN TURINA (1982\u20131949)\nKlavierquartett a-Moll\n\nJOHANNES BRAHMS (1833\u20131897)\nKlavierquartett A-Dur op. 26\n\n<hr \/>\n\nEine Konzertreihe der Akademie Schloss Solitude und der Rudolf Eberle Stiftung. Programm\u00e4nderungen vorbehalten.\n\n<strong>Eintritt:<\/strong>\u00a018 Euro\/ erm. 12 Euro, zzgl. VVK-Geb\u00fchr\nPl\u00e4tze nicht nummeriert\n<strong>Karten erh\u00e4ltlich bei:<\/strong>\u00a0SKS Russ, Tel. 0711\/55066077, Charlottenplatz 17, 70173 Stuttgart\nRestkarten an der Tageskasse\n\n<strong>Wann:<\/strong>\u00a009. September 2018, 11 Uhr\n<strong>Wo:<\/strong>\u00a0Akademie Schloss Solitude, Scheune\n\n<hr \/>\n\n&nbsp;","event_more_events":"","related_posts_event":""},"_links":{"self":[{"href":"https:\/\/www.akademie-solitude.de\/de\/wp-json\/wp\/v2\/event\/7667","targetHints":{"allow":["GET"]}}],"collection":[{"href":"https:\/\/www.akademie-solitude.de\/de\/wp-json\/wp\/v2\/event"}],"about":[{"href":"https:\/\/www.akademie-solitude.de\/de\/wp-json\/wp\/v2\/types\/event"}],"author":[{"embeddable":true,"href":"https:\/\/www.akademie-solitude.de\/de\/wp-json\/wp\/v2\/users\/1"}],"acf:term":[{"embeddable":true,"taxonomy":"category","href":"https:\/\/www.akademie-solitude.de\/de\/wp-json\/wp\/v2\/categories\/501"}],"wp:featuredmedia":[{"embeddable":true,"href":"https:\/\/www.akademie-solitude.de\/de\/wp-json\/wp\/v2\/media\/8304"}],"wp:attachment":[{"href":"https:\/\/www.akademie-solitude.de\/de\/wp-json\/wp\/v2\/media?parent=7667"}],"wp:term":[{"taxonomy":"category","embeddable":true,"href":"https:\/\/www.akademie-solitude.de\/de\/wp-json\/wp\/v2\/categories?post=7667"}],"curies":[{"name":"wp","href":"https:\/\/api.w.org\/{rel}","templated":true}]}}

1. Preisträger des Carl Wendling Kammermusikwettbewerbs

&nbsp;

<hr />

Das Anima Klavierquartett konzertiert am 9. September 2018 in der Scheune der Akademie Schloss Solitude, im Rahmen der Klassikreihe »Solitude-Konzerte in der Scheune – Junge Interpreten spielen Kammermusik«. Das Gewinnerquartett des Carl Wendling Kammermusikwettbewerbs, bestehend aus Johannes Brzoska (Violine), Till Breitkreutz (Viola), Levan Stülpnagel (Violoncello) und Sophia Weidemann (Klavier), spielt Werke von Ludwig van Beethoven (1770–1827), Joaquin Turina (1982–1949) und Johannes Brahms (1833–1897).

​JOHANNES BRZOSKA (*1998 in Essen) war seit seinem viertem Lebensjahr Schüler bei Nikolai Mintchev und war später Jungstudent an der Folkwang Universität der Künste in Essen. Seit 2016 studiert er an der Staatlichen Hochschule für Musik und Darstellende Kunst Stuttgart bei Prof. Anke Dill. Er ist mehrfacher Preisträger von »Jugend musiziert« auf Landes- und Bundesebene. Er absolvierte Meisterkurse bei international renommierten Professoren wie Prof. Latica Honda-Rosenberg, Prof. Mintcho Mintchev und Prof. Svetlin Roussev. Als Mitglied des Bundesjugendorchesters führten ihn Tourneen u. a. nach China und ins Baltikum. Er spielt eine Geige von Nicolas Lupot aus dem Jahr 1806, welche ihm als Leihgabe von der Alice und Hans Joachim Thormählen-Stiftung zur Verfügung gestellt wird.

TILL BREITKREUTZ (*1994 in Bietigheim-Bissingen) erhielt ab 2006 Violaunterricht. Zwischen 2009 und 2012 erhielt er mehrfach Preise auf Landes- und Bundesebene beim Wettbewerb »Jugend musiziert«. Seit 2013 studiert er bei Prof. Andra Darzins an der Staatlichen Hochschule für Musik und Darstellende Kunst Stuttgart. Seitdem erhält er auch intensiven Kammermusikunterricht in den Quartettklassen von Prof. Stefan Fehlandt und Prof. Peter Buck. Mit verschiedenen Ensembles nahm er an Konzerten und Kursen bei Persönlichkeiten wie Prof. Valentin Erben (Alban Berg Quartett), Prof. Eberhardt Feltz und Prof. Tim Vogler (Vogler Quartett) teil. Till Breitkreutz verbindet eine rege künstlerische Zusammenarbeit mit Rudolf Buchbinder, Daniel Müller-Schott, Carolin Widmann u.v.m.

LEVAN STÜLPNAGEL (*1996 in Filderstadt) nahm seinen ersten Cellounterricht bei Jochen Kefer. 2009–2011 erhielt er Unterricht bei Joachim Hess, bevor er zu Prof. Conradin Brotbek an die Staatliche Hochschule für Musik und Darstellende Kunst Stuttgart wechselte. Er ist mehrmaliger Preisträger des »Tonkünstlerwettbewerbs« und des Wettbewerbs »Jugend musiziert«, bei welchem er sich 2013 in den Kategorien »Cello solo« und »Klaviertrio« auf Bundesebene zwei 1. Preise erspielte. 2014 war Levan Stülpnagel Preisträger des Deutschen Musikinstrumentenfonds der Deutschen Stiftung Musikleben in Hamburg. Er spielt regelmäßig Kammermusik und wird dabei u.a von Prof. Peter Buck (Melos Quartett) und Prof. Stefan Fehlandt (Vogler Quartett) unterrichtet.

SOPHIA WEIDEMANN (*1994 in Filderstadt) begann ihre musikalische Ausbildung am Klavier im Alter von zehn Jahren. Mit fünfzehn Jahren wurde sie Jungstudentin an der Staatlichen Hochschule für Musik und Darstellende Kunst Stuttgart in der Klasse von Prof. Florian Wiek. Sie schloss ihren Bachelor mit Bestnote ab und studiert zurzeit einen künstlerischen Master in bei Prof. Wiek. Ein Erasmus-Aufenthalt führte sie nach Wien an die Universität für Musik und Darstellende Kunst zu Prof. Jan Jiracek von Arnim. Sie ist Preisträgerin u. a von »Jugend musiziert«, und gewann 2015 den 1. Preis beim internationalen Béla Bartók Klavierwettbewerb in Wien. Sie ist Sie ist Stipendiaten von Live Music Now, der Helga Drews Stiftung und der Richard-Wagner-Stipendienstiftung.

<hr />

<strong>PROGRAMM</strong>

<strong>09.September 2018, 11 Uhr </strong>

<strong>ANIMA KLAVIERQUARTETT</strong>
Johannes Brzoska, <em>Violine</em>
Till Breitkreutz, <em>Viola</em>
Levan Stülpnagel, <em>Violoncello</em>
Sophia Weidemann,<em> Klavier</em>

LUDWIG VAN BEETHOVEN (1770–1827)
Klavierquartett Es-Dur op. 16

JOAQUIN TURINA (1982–1949)
Klavierquartett a-Moll

JOHANNES BRAHMS (1833–1897)
Klavierquartett A-Dur op. 26

<hr />

Eine Konzertreihe der Akademie Schloss Solitude und der Rudolf Eberle Stiftung. Programmänderungen vorbehalten.

<strong>Eintritt:</strong> 18 Euro/ erm. 12 Euro, zzgl. VVK-Gebühr
Plätze nicht nummeriert
<strong>Karten erhältlich bei:</strong> SKS Russ, Tel. 0711/55066077, Charlottenplatz 17, 70173 Stuttgart
Restkarten an der Tageskasse

<strong>Wann:</strong> 09. September 2018, 11 Uhr
<strong>Wo:</strong> Akademie Schloss Solitude, Scheune

<hr />

&nbsp;
