{"id":25884,"date":"2020-12-01T11:53:20","date_gmt":"2020-12-01T10:53:20","guid":{"rendered":"https:\/\/www.akademie-solitude.de\/?page_id=25884"},"modified":"2025-02-06T11:38:09","modified_gmt":"2025-02-06T10:38:09","slug":"praktikum-im-bereich-art-science-business","status":"publish","type":"page","link":"https:\/\/www.akademie-solitude.de\/de\/praktikum-im-bereich-art-science-business\/","title":{"rendered":"Praktikum im Bereich art, science &#038; business"},"content":{"rendered":"","protected":false},"excerpt":{"rendered":"","protected":false},"author":2,"featured_media":0,"parent":0,"menu_order":44,"comment_status":"closed","ping_status":"closed","template":"","meta":{"_acf_changed":false,"inline_featured_image":false,"footnotes":""},"class_list":["post-25884","page","type-page","status-publish","hentry"],"acf":{"bgcolor":"","bgcolor_custom":"","custom_color_css_variable":"","content_type":[{"acf_fc_layout":"content_txt","acfe_flexible_layout_title":"Text","bgcolor":"","bgcolor_custom":"","layout_col_size":8,"txt_cols":"is-1-txtcol","txt":"Praktikumszeitraum: ab sofort\r\nStellenumfang: 39,5 h \/ Woche\r\nVerg\u00fctung: siehe Infokasten\r\nBewerbung: ab sofort (Bewerbung, inklusive Lebenslauf und Motivationsschreiben als PDF)\r\nBewerbung senden an: Catherine Galliou (Verwaltungsdirektorin),\r\n<a href=\"mailto:bewerbung@akademie-solitude.de\">bewerbung@akademie-solitude.de<\/a>\r\nAnsprechpartnerin: Sophie-Charlotte Thieroff (Referentin <em>art, science &amp; business<\/em>)\r\n<a href=\"mailto:s.thieroff@akademie-solitude.de\">s.thieroff@akademie-solitude.de<\/a>, Tel. 0711-99619-135"},{"acf_fc_layout":"content_txt","acfe_flexible_layout_title":"Text","bgcolor":"has-bg-grey","bgcolor_custom":"","layout_col_size":12,"txt_cols":"is-1-txtcol","txt":"<h6>Allgemeines zum Praktikum<\/h6>\r\nZur Verst\u00e4rkung ihres Teams von 16 Besch\u00e4ftigten bietet die Akademie Praktikumsstellen in verschiedenen Bereichen an, vorrangig an junge Bachelor- und Master-Studierende bzw. Absolvent*innen aus der Region Stuttgart. Ziel solcher Praktika ist das Erlernen von Mechanismen und Arbeitstechniken, die im Bereich von Kulturorganisationen und -institutionen n\u00f6tig sind, vor allem in einer internationalen Ku\u0308nstler*innenresidenz.\r\n\r\nDas Praktikum an der Akademie Schloss Solitude ist eine Vollzeitbesch\u00e4ftigung mit einer Wochenarbeitszeit von 39,5 Stunden. Bei einem ausgeschriebenen Pflichtpraktikum im Rahmen eines Studiums bel\u00e4uft sich die Aufwandsentsch\u00e4digung auf 500 Euro\/Monat. Sofern es sich nicht um ein Pflichtpraktikum handelt, wird das Praktikum nach dem Mindestlohngesetz (MiLog), derzeit circa 2.000 Euro pro Monat brutto bei einem abgeschlossenen Hochschulstudium, verg\u00fctet.\r\n\r\nDie Akademie Schloss Solitude ber\u00fccksichtigt die Gleichstellung von Frauen, M\u00e4nnern und Diversen nach Ma\u00dfgabe des Landesgleichstellungsgesetzes. Wir begr\u00fc\u00dfen insbesondere Bewerbungen von People of Color, queeren Personen und FLINTA* (Frauen, Lesben, Inter, Non-bin\u00e4re, Trans, Agender Personen) sowie Personen mit Migrationshintergrund. Schwerbehinderte Bewerber*innen werden bei gleicher Eignung bevorzugt ber\u00fccksichtigt."},{"acf_fc_layout":"content_txt","acfe_flexible_layout_title":"Text","bgcolor":"","bgcolor_custom":"","layout_col_size":8,"txt_cols":"is-1-txtcol","txt":"<span class=\"has-font-maison-neue\" style=\"font-family: Maison Neue;\">Der ab sofort zu besetzende Praktikumsplatz umfasst die Unterstu\u0308tzung des Teams im Programm <em>art, science und business<\/em> in den Bereichen der Veranstaltungsorganisation und Koordination, der Pressearbeit sowie die Mitarbeit im Archiv.<\/span>\r\n\r\nVoraussetzungen fu\u0308r eine Bewerbung sind ein gro\u00dfes Interesse fu\u0308r kulturelle Themen und interdisziplin\u00e4re Arbeit, insbesondere fu\u0308r die aktuellen Ausdrucksformen in allen Kunstbereichen und der Verbindung von wissenschaftlichen und ku\u0308nstlerischen Diskursen. Bewerber*innen sollten au\u00dferdem ein ausgepr\u00e4gtes Organisationstalent vorweisen, ein exzellentes Deutsch in Wort und Schrift sowie sehr gute Englischkenntnisse in Wort und Schrift. Kenntnisse einer weiteren Fremdsprache sind von Vorteil.\r\n\r\nDie Dauer des Praktikums betr\u00e4gt sechs Monate. Die Praktikant*innen sind w\u00e4hrend der Zeit Teil des Teams, u\u0308bernehmen selbstst\u00e4ndige Aufgaben, sie arbeiten aber auch Kolleg*innen der Akademie zu. Sie verfu\u0308gen u\u0308ber einen vollst\u00e4ndig eingerichteten eigenen Arbeitsplatz.\r\n\r\n<span class=\"has-font-maison-neue\" style=\"font-family: Maison Neue;\">Bei Interesse senden Sie bitte Lebenslauf und Motivationsschreiben per E-Mail bis zum <span style=\"text-decoration: underline;\">28. Februar 2025<\/span> an Catherine Galliou (Verwaltungsdirektorin):\r\n<a href=\"mailto:bewerbung@akademie-solitude.de\">bewerbung@akademie-solitude.de<\/a>.\r\nFu\u0308r Ru\u0308ckfragen zum Praktikum wenden Sie sich bitte an Sophie-Charlotte Thieroff (Referentin Programm <em>art, science &amp; business<\/em>): <a href=\"mailto:s.thieroff@akademie-solitude.de\">s.thieroff@akademie-solitude.de<\/a>, Tel. 0711-99619-135.\r\n<\/span>"},{"acf_fc_layout":"content_cta","acfe_flexible_layout_title":"Link \/ Call-to-Action","bgcolor":"has-bg-red","bgcolor_custom":"","layout_col_size":8,"cta_link":{"type":"url","value":"mailto:bewerbung@akademie-solitude.de","title":"","target":true},"cta_txt":"Hier bewerben","cta_button_txt":"E-Mail senden"},{"acf_fc_layout":"content_download","acfe_flexible_layout_title":"Download","bgcolor":"has-bg-blue","bgcolor_custom":"","layout_col_size":8,"download_txt":"Download PDF","download_file":41784}],"intro_preview_headline":"Praktikum im Bereich Presse- und \u00d6ffentlichkeitsarbeit","intro_preview_txt":"","intro_preview_img":""},"_links":{"self":[{"href":"https:\/\/www.akademie-solitude.de\/de\/wp-json\/wp\/v2\/pages\/25884","targetHints":{"allow":["GET"]}}],"collection":[{"href":"https:\/\/www.akademie-solitude.de\/de\/wp-json\/wp\/v2\/pages"}],"about":[{"href":"https:\/\/www.akademie-solitude.de\/de\/wp-json\/wp\/v2\/types\/page"}],"author":[{"embeddable":true,"href":"https:\/\/www.akademie-solitude.de\/de\/wp-json\/wp\/v2\/users\/2"}],"replies":[{"embeddable":true,"href":"https:\/\/www.akademie-solitude.de\/de\/wp-json\/wp\/v2\/comments?post=25884"}],"version-history":[{"count":5,"href":"https:\/\/www.akademie-solitude.de\/de\/wp-json\/wp\/v2\/pages\/25884\/revisions"}],"predecessor-version":[{"id":42031,"href":"https:\/\/www.akademie-solitude.de\/de\/wp-json\/wp\/v2\/pages\/25884\/revisions\/42031"}],"wp:attachment":[{"href":"https:\/\/www.akademie-solitude.de\/de\/wp-json\/wp\/v2\/media?parent=25884"}],"curies":[{"name":"wp","href":"https:\/\/api.w.org\/{rel}","templated":true}]}}

Praktikumszeitraum: ab sofort
Stellenumfang: 39,5 h / Woche
Vergütung: siehe Infokasten
Bewerbung: ab sofort (Bewerbung, inklusive Lebenslauf und Motivationsschreiben als PDF)
Bewerbung senden an: Catherine Galliou (Verwaltungsdirektorin),
<a href="mailto:bewerbung@akademie-solitude.de">bewerbung@akademie-solitude.de</a>
Ansprechpartnerin: Sophie-Charlotte Thieroff (Referentin <em>art, science &amp; business</em>)
<a href="mailto:s.thieroff@akademie-solitude.de">s.thieroff@akademie-solitude.de</a>, Tel. 0711-99619-135

<h6>Allgemeines zum Praktikum</h6>
Zur Verstärkung ihres Teams von 16 Beschäftigten bietet die Akademie Praktikumsstellen in verschiedenen Bereichen an, vorrangig an junge Bachelor- und Master-Studierende bzw. Absolvent*innen aus der Region Stuttgart. Ziel solcher Praktika ist das Erlernen von Mechanismen und Arbeitstechniken, die im Bereich von Kulturorganisationen und -institutionen nötig sind, vor allem in einer internationalen Künstler*innenresidenz.

Das Praktikum an der Akademie Schloss Solitude ist eine Vollzeitbeschäftigung mit einer Wochenarbeitszeit von 39,5 Stunden. Bei einem ausgeschriebenen Pflichtpraktikum im Rahmen eines Studiums beläuft sich die Aufwandsentschädigung auf 500 Euro/Monat. Sofern es sich nicht um ein Pflichtpraktikum handelt, wird das Praktikum nach dem Mindestlohngesetz (MiLog), derzeit circa 2.000 Euro pro Monat brutto bei einem abgeschlossenen Hochschulstudium, vergütet.

Die Akademie Schloss Solitude berücksichtigt die Gleichstellung von Frauen, Männern und Diversen nach Maßgabe des Landesgleichstellungsgesetzes. Wir begrüßen insbesondere Bewerbungen von People of Color, queeren Personen und FLINTA* (Frauen, Lesben, Inter, Non-binäre, Trans, Agender Personen) sowie Personen mit Migrationshintergrund. Schwerbehinderte Bewerber*innen werden bei gleicher Eignung bevorzugt berücksichtigt.

<span class="has-font-maison-neue" style="font-family: Maison Neue;">Der ab sofort zu besetzende Praktikumsplatz umfasst die Unterstützung des Teams im Programm <em>art, science und business</em> in den Bereichen der Veranstaltungsorganisation und Koordination, der Pressearbeit sowie die Mitarbeit im Archiv.</span>

Voraussetzungen für eine Bewerbung sind ein großes Interesse für kulturelle Themen und interdisziplinäre Arbeit, insbesondere für die aktuellen Ausdrucksformen in allen Kunstbereichen und der Verbindung von wissenschaftlichen und künstlerischen Diskursen. Bewerber*innen sollten außerdem ein ausgeprägtes Organisationstalent vorweisen, ein exzellentes Deutsch in Wort und Schrift sowie sehr gute Englischkenntnisse in Wort und Schrift. Kenntnisse einer weiteren Fremdsprache sind von Vorteil.

Die Dauer des Praktikums beträgt sechs Monate. Die Praktikant*innen sind während der Zeit Teil des Teams, übernehmen selbstständige Aufgaben, sie arbeiten aber auch Kolleg*innen der Akademie zu. Sie verfügen über einen vollständig eingerichteten eigenen Arbeitsplatz.

<span class="has-font-maison-neue" style="font-family: Maison Neue;">Bei Interesse senden Sie bitte Lebenslauf und Motivationsschreiben per E-Mail bis zum <span style="text-decoration: underline;">28. Februar 2025</span> an Catherine Galliou (Verwaltungsdirektorin):
<a href="mailto:bewerbung@akademie-solitude.de">bewerbung@akademie-solitude.de</a>.
Für Rückfragen zum Praktikum wenden Sie sich bitte an Sophie-Charlotte Thieroff (Referentin Programm <em>art, science &amp; business</em>): <a href="mailto:s.thieroff@akademie-solitude.de">s.thieroff@akademie-solitude.de</a>, Tel. 0711-99619-135.
</span>

Praktikum im Bereich Presse- und Öffentlichkeitsarbeit
