{"id":13941,"date":"2020-07-27T17:52:45","date_gmt":"2020-07-27T15:52:45","guid":{"rendered":"https:\/\/www.akademie-solitude.de\/?post_type=person&#038;p=13941"},"modified":"2021-01-29T15:37:19","modified_gmt":"2021-01-29T14:37:19","slug":"olivia-berkowicz","status":"publish","type":"person","link":"https:\/\/www.akademie-solitude.de\/de\/person\/olivia-berkowicz\/","title":{"rendered":"Olivia Berkowicz"},"content":{"rendered":"","protected":false},"author":8,"featured_media":0,"template":"","meta":{"_acf_changed":false,"inline_featured_image":false},"person_type":[57],"program":[346],"practice_field":[142],"year_generation":[105,106],"class_list":["post-13941","person","type-person","status-publish","hentry","person_type-stipendiatinnen","program-solitude-stipendium","practice_field-gesellschaftlich-gemeinschaftlich","year_generation-105","year_generation-106"],"acf":{"person_id__old":"","person_name":{"person_name":"Olivia ","person_middlename":"","person_surname":"Berkowicz"},"person_metadata":"","person_position":[57],"person_job":"","person_txt":"Geboren 1990 in G\u00f6teborg\/Schweden.\r\n\r\nOlivia Berkowicz ist Kuratorin, Autorin und Redakteurin. Sie arbeitet an den Schnittstellen von Critical Visuality und zeitgen\u00f6ssischer Kunsttheorie, die sich in Arbeiten zur Erinnerung, Translokalit\u00e4t und alternativen Verbundenheiten manifestiert. Ihren Bachelor in Kunstgeschichte absolvierte sie am Goldsmiths College der University of London\/Gro\u00dfbritannien (2013) und ihren Master in Curatorial Studies an der Universit\u00e4t Stockholm\/Schweden (2016).\r\n\r\nGemeinsam mit Marianna Feher organisierte und kuratierte Berkowicz das diskursive Radioprojekt <em>Tentative Transmits <\/em>(2020\u20132022), das den \u00bbfr\u00fcheren Osten\u00ab untersucht. Das Projekt wird durch den k\u00fcnstlerischen Forschungszuschuss des Royal Institute of Art in Stockholm und den Stockholm City Culture Fund unterst\u00fctzt. 2020 bis 2021 arbeiten Berkowicz und Carla Garlaschi (aka Princess Prada) an der Wiederholung des Events <em>Quincea\u00f1era<\/em>, das regionale Pop-Choreografien und queere Liminalit\u00e4t als Formen regimekritischer Versammlungen reflektiert.\r\n\r\nOlivia Berkowicz ist Gr\u00fcndungsmitglied des interdisziplin\u00e4ren Kollektivs resina, das Formen von F\u00fcrsorge, \u00d6kofeminismus und informelle Lernumgebungen erkundet. Sie ist Mitbegr\u00fcnderin des internationalen Residenzprogramms Ferrara Residency\/Italien, das seit 2017 K\u00fcnstler*innen und Forscher*innen einl\u00e4dt, Formen des Zusammenseins zu erkunden und \u00fcber die Bedeutung prek\u00e4rer und affektiver Arbeit unter kapitalistischen Bedingungen zu reflektieren.\r\n\r\nIn den letzten Jahren arbeitete Berkowicz als Kuratorin und Produzentin am Grafikens Hus, S\u00f6dert\u00e4lje\/Schweden (2019\u20132020), am S\u00f6rmland Museum, Nyk\u00f6ping\/Schweden (2018\u20132019), am The Living History Forum, Stockholm (2018) sowie am The Royal Institute of Art, Stockholm (2017).","person_txt_short":"","person_img":"","person_website":"","person_links":null,"person_year":[105,106],"person_residencies":[{"person_stay_from":"20201001","person_stay_to":"20210630"}],"person_residency_sort_stay_from":"20201001","person_residency_sort_stay_to":"20210630","person_practice_field":[142],"person_program":[346],"person_locations":[{"person_city":"Stockholm","person_country":"Schweden"}],"person_country":"","related_posts_event":[25790,27609,27871,28284,28371,0,31090,31514,32906,33016,33025,33047,33160,33468,33469,33472,33475,33488,33509,33510,33513,33556,33559,33560,33561,33573,33574,33577,33594,33595,33596,33597,33599,33615],"related_posts_news":[31425],"related_posts_post":[31926,31988,32550],"related_posts_schlosspost":null,"person_fellow_juror_relation":[7112,7113]},"_links":{"self":[{"href":"https:\/\/www.akademie-solitude.de\/de\/wp-json\/wp\/v2\/person\/13941","targetHints":{"allow":["GET"]}}],"collection":[{"href":"https:\/\/www.akademie-solitude.de\/de\/wp-json\/wp\/v2\/person"}],"about":[{"href":"https:\/\/www.akademie-solitude.de\/de\/wp-json\/wp\/v2\/types\/person"}],"author":[{"embeddable":true,"href":"https:\/\/www.akademie-solitude.de\/de\/wp-json\/wp\/v2\/users\/8"}],"acf:post":[{"embeddable":true,"href":"https:\/\/www.akademie-solitude.de\/de\/wp-json\/wp\/v2\/person\/7113"},{"embeddable":true,"href":"https:\/\/www.akademie-solitude.de\/de\/wp-json\/wp\/v2\/person\/7112"},{"embeddable":true,"href":"https:\/\/www.akademie-solitude.de\/de\/wp-json\/wp\/v2\/posts\/31926"},{"embeddable":true,"href":"https:\/\/www.akademie-solitude.de\/de\/wp-json\/wp\/v2\/news\/31425"},{"embeddable":true,"href":"https:\/\/www.akademie-solitude.de\/de\/wp-json\/wp\/v2\/event\/32906"},{"embeddable":true,"href":"https:\/\/www.akademie-solitude.de\/de\/wp-json\/wp\/v2\/event\/31514"},{"embeddable":true,"href":"https:\/\/www.akademie-solitude.de\/de\/wp-json\/wp\/v2\/event\/31090"},{"embeddable":true,"href":"https:\/\/www.akademie-solitude.de\/de\/wp-json\/wp\/v2\/person\/0"},{"embeddable":true,"href":"https:\/\/www.akademie-solitude.de\/de\/wp-json\/wp\/v2\/event\/27609"},{"embeddable":true,"href":"https:\/\/www.akademie-solitude.de\/de\/wp-json\/wp\/v2\/event\/25790"}],"acf:term":[{"embeddable":true,"taxonomy":"program","href":"https:\/\/www.akademie-solitude.de\/de\/wp-json\/wp\/v2\/program\/346"},{"embeddable":true,"taxonomy":"practice_field","href":"https:\/\/www.akademie-solitude.de\/de\/wp-json\/wp\/v2\/practice_field\/142"},{"embeddable":true,"taxonomy":"year_generation","href":"https:\/\/www.akademie-solitude.de\/de\/wp-json\/wp\/v2\/year_generation\/106"},{"embeddable":true,"taxonomy":"year_generation","href":"https:\/\/www.akademie-solitude.de\/de\/wp-json\/wp\/v2\/year_generation\/105"},{"embeddable":true,"taxonomy":"person_type","href":"https:\/\/www.akademie-solitude.de\/de\/wp-json\/wp\/v2\/person_type\/57"}],"wp:attachment":[{"href":"https:\/\/www.akademie-solitude.de\/de\/wp-json\/wp\/v2\/media?parent=13941"}],"wp:term":[{"taxonomy":"person_type","embeddable":true,"href":"https:\/\/www.akademie-solitude.de\/de\/wp-json\/wp\/v2\/person_type?post=13941"},{"taxonomy":"program","embeddable":true,"href":"https:\/\/www.akademie-solitude.de\/de\/wp-json\/wp\/v2\/program?post=13941"},{"taxonomy":"practice_field","embeddable":true,"href":"https:\/\/www.akademie-solitude.de\/de\/wp-json\/wp\/v2\/practice_field?post=13941"},{"taxonomy":"year_generation","embeddable":true,"href":"https:\/\/www.akademie-solitude.de\/de\/wp-json\/wp\/v2\/year_generation?post=13941"}],"curies":[{"name":"wp","href":"https:\/\/api.w.org\/{rel}","templated":true}]}}

Geboren 1990 in Göteborg/Schweden.

Olivia Berkowicz ist Kuratorin, Autorin und Redakteurin. Sie arbeitet an den Schnittstellen von Critical Visuality und zeitgenössischer Kunsttheorie, die sich in Arbeiten zur Erinnerung, Translokalität und alternativen Verbundenheiten manifestiert. Ihren Bachelor in Kunstgeschichte absolvierte sie am Goldsmiths College der University of London/Großbritannien (2013) und ihren Master in Curatorial Studies an der Universität Stockholm/Schweden (2016).

Gemeinsam mit Marianna Feher organisierte und kuratierte Berkowicz das diskursive Radioprojekt <em>Tentative Transmits </em>(2020–2022), das den »früheren Osten« untersucht. Das Projekt wird durch den künstlerischen Forschungszuschuss des Royal Institute of Art in Stockholm und den Stockholm City Culture Fund unterstützt. 2020 bis 2021 arbeiten Berkowicz und Carla Garlaschi (aka Princess Prada) an der Wiederholung des Events <em>Quinceañera</em>, das regionale Pop-Choreografien und queere Liminalität als Formen regimekritischer Versammlungen reflektiert.

Olivia Berkowicz ist Gründungsmitglied des interdisziplinären Kollektivs resina, das Formen von Fürsorge, Ökofeminismus und informelle Lernumgebungen erkundet. Sie ist Mitbegründerin des internationalen Residenzprogramms Ferrara Residency/Italien, das seit 2017 Künstler*innen und Forscher*innen einlädt, Formen des Zusammenseins zu erkunden und über die Bedeutung prekärer und affektiver Arbeit unter kapitalistischen Bedingungen zu reflektieren.

In den letzten Jahren arbeitete Berkowicz als Kuratorin und Produzentin am Grafikens Hus, Södertälje/Schweden (2019–2020), am Sörmland Museum, Nyköping/Schweden (2018–2019), am The Living History Forum, Stockholm (2018) sowie am The Royal Institute of Art, Stockholm (2017).
