{"id":13955,"date":"2020-07-27T17:50:21","date_gmt":"2020-07-27T15:50:21","guid":{"rendered":"https:\/\/www.akademie-solitude.de\/?post_type=person&#038;p=13955"},"modified":"2021-05-03T16:19:27","modified_gmt":"2021-05-03T14:19:27","slug":"angela-anderson","status":"publish","type":"person","link":"https:\/\/www.akademie-solitude.de\/de\/person\/angela-anderson\/","title":{"rendered":"Angela Anderson"},"content":{"rendered":"","protected":false},"author":8,"featured_media":0,"template":"","meta":{"_acf_changed":false,"inline_featured_image":false},"person_type":[57],"program":[346],"practice_field":[132],"year_generation":[105,106],"class_list":["post-13955","person","type-person","status-publish","hentry","person_type-stipendiatinnen","program-solitude-stipendium","practice_field-thematischer-fokus","year_generation-105","year_generation-106"],"acf":{"person_id__old":"","person_name":{"person_name":"Angela","person_middlename":"","person_surname":"Anderson"},"person_metadata":"","person_position":[57],"person_job":"","person_txt":"Angela Anderson ist K\u00fcnstlerin und Theoretikerin. Sie arbeitet an den Schnittstellen von Philosophie, \u00d6kologie, \u00d6konomie, Migration, Feminismus und Queer Theory. Im Fokus ihrer Arbeit liegen insbesondere die verheerenden Auswirkungen von gro\u00df angelegten Projekten zur Gewinnung nat\u00fcrlicher Ressourcen und die komplexen wirtschaftlichen, sozialen, historischen, \u00e4sthetischen und affektiven Kr\u00e4fte, die in ihnen zusammenwirken. Ihre k\u00fcnstlerische Produktion erfolgt in Form von mehrkanaligen Video- und Toninstallationen, skulpturalen Elementen und Fotografie.\r\n\r\nDurch das Experimentieren mit audiovisuellen Formen schafft Anderson Kartografien von multiplen Zeitlichkeiten, die sich der verflachenden Zeit des Kapitalismus widersetzen. Ihre Arbeit aktiviert verschiedene Arten des Sehens und Wahrnehmens von affektiven Beziehungen der Anerkennung und Gegenseitigkeit angesichts der multiplen, vom Menschen verursachten Krisen, die sich gegenw\u00e4rtig auf der ganzen Welt abspielen.\r\n\r\nZu ihren aktuellen Projekten z\u00e4hlen die audiovisuellen Installationen Ecosexual Time and the Subversive Multiplicity - Reclaiming Lost and Denied Temporalities as an Act of Love and Resistance in the Age of Capital Acceleration (2021), Three (or More) Ecologies: A Feminist Articulation of Eco-Intersectionality (2019) und der Kurzfilm The Sea Between You and Me (2016).\u00a0 Mit Angela Melitopoulos realisierte sie die Videoinstallationen Unearthing Disaster (2013\u20132015) und The Refrain (2015). F\u00fcr die documenta 14 arbeitete Anderson als Co-Autorin zusammen mit Melitopoulos an Crossings (2017).\r\n\r\nJ\u00fcngste Ausstellungen: Tallinn Photomonth Biennale\/Estland (2019), Tiroler Kunstpavillon, Innsbruck\/\u00d6sterreich (2019), Centro Andaluz de Arte Contempor\u00e1neo, Sevilla\/Spanien (2018), Holbaek Images\/D\u00e4nemark (2016), Framer Framed, Amsterdam\/Niederlande (2016), Thessaloniki Biennale\/Griechenland (2015).\r\n\r\n2018\/2019 war sie Stipendiatin am K\u00fcnstlerhaus B\u00fcchsenhausen in Innsbruck\/\u00d6sterreich (Fellowship Programm f\u00fcr Kunst und Theorie). 2020 war sie die Cathrin Pichler Preistr\u00e4gerin der Akademie der bildenden K\u00fcnste Wien.\r\n\r\nSie ist k\u00fcnstlerische Mitarbeiterin f\u00fcr bildende Kunst an der Kunsthochschule Kassel\/Deutschland und Ausstellungsgestalterin f\u00fcr das Forum Expanded der Internationalen Filmfestspiele Berlin\/Deutschland. Sie absolvierte ihren BA in \u00d6konomie und Lateinamerikastudien an der University of Minnesota\/USA und ihren MA in Film- und Medienwissenschaften an der New School, New York\/USA. Derzeit promoviert sie an der Akademie der bildenden K\u00fcnste in Wien\/\u00d6sterreich.","person_txt_short":"","person_img":"","person_website":"","person_links":null,"person_year":[105,106],"person_residencies":[{"person_stay_from":"20201001","person_stay_to":"20210630"}],"person_residency_sort_stay_from":null,"person_residency_sort_stay_to":null,"person_practice_field":[132],"person_program":[346],"person_locations":[{"person_city":"Berlin","person_country":"Deutschland"}],"person_country":"","related_posts_event":[28106,29591,34810],"related_posts_news":[24955,29614],"related_posts_post":[29835,29853,29890,29891,29892,29897,29894],"related_posts_schlosspost":null,"person_fellow_juror_relation":[7104,6973,7100,7112,7117]},"_links":{"self":[{"href":"https:\/\/www.akademie-solitude.de\/de\/wp-json\/wp\/v2\/person\/13955","targetHints":{"allow":["GET"]}}],"collection":[{"href":"https:\/\/www.akademie-solitude.de\/de\/wp-json\/wp\/v2\/person"}],"about":[{"href":"https:\/\/www.akademie-solitude.de\/de\/wp-json\/wp\/v2\/types\/person"}],"author":[{"embeddable":true,"href":"https:\/\/www.akademie-solitude.de\/de\/wp-json\/wp\/v2\/users\/8"}],"acf:post":[{"embeddable":true,"href":"https:\/\/www.akademie-solitude.de\/de\/wp-json\/wp\/v2\/person\/7117"},{"embeddable":true,"href":"https:\/\/www.akademie-solitude.de\/de\/wp-json\/wp\/v2\/person\/7112"},{"embeddable":true,"href":"https:\/\/www.akademie-solitude.de\/de\/wp-json\/wp\/v2\/person\/7100"},{"embeddable":true,"href":"https:\/\/www.akademie-solitude.de\/de\/wp-json\/wp\/v2\/person\/6973"},{"embeddable":true,"href":"https:\/\/www.akademie-solitude.de\/de\/wp-json\/wp\/v2\/person\/7104"},{"embeddable":true,"href":"https:\/\/www.akademie-solitude.de\/de\/wp-json\/wp\/v2\/posts\/29894"},{"embeddable":true,"href":"https:\/\/www.akademie-solitude.de\/de\/wp-json\/wp\/v2\/posts\/29853"},{"embeddable":true,"href":"https:\/\/www.akademie-solitude.de\/de\/wp-json\/wp\/v2\/posts\/29835"},{"embeddable":true,"href":"https:\/\/www.akademie-solitude.de\/de\/wp-json\/wp\/v2\/news\/29614"},{"embeddable":true,"href":"https:\/\/www.akademie-solitude.de\/de\/wp-json\/wp\/v2\/news\/24955"},{"embeddable":true,"href":"https:\/\/www.akademie-solitude.de\/de\/wp-json\/wp\/v2\/event\/34810"},{"embeddable":true,"href":"https:\/\/www.akademie-solitude.de\/de\/wp-json\/wp\/v2\/event\/29591"},{"embeddable":true,"href":"https:\/\/www.akademie-solitude.de\/de\/wp-json\/wp\/v2\/event\/28106"}],"acf:term":[{"embeddable":true,"taxonomy":"program","href":"https:\/\/www.akademie-solitude.de\/de\/wp-json\/wp\/v2\/program\/346"},{"embeddable":true,"taxonomy":"practice_field","href":"https:\/\/www.akademie-solitude.de\/de\/wp-json\/wp\/v2\/practice_field\/132"},{"embeddable":true,"taxonomy":"year_generation","href":"https:\/\/www.akademie-solitude.de\/de\/wp-json\/wp\/v2\/year_generation\/106"},{"embeddable":true,"taxonomy":"year_generation","href":"https:\/\/www.akademie-solitude.de\/de\/wp-json\/wp\/v2\/year_generation\/105"},{"embeddable":true,"taxonomy":"person_type","href":"https:\/\/www.akademie-solitude.de\/de\/wp-json\/wp\/v2\/person_type\/57"}],"wp:attachment":[{"href":"https:\/\/www.akademie-solitude.de\/de\/wp-json\/wp\/v2\/media?parent=13955"}],"wp:term":[{"taxonomy":"person_type","embeddable":true,"href":"https:\/\/www.akademie-solitude.de\/de\/wp-json\/wp\/v2\/person_type?post=13955"},{"taxonomy":"program","embeddable":true,"href":"https:\/\/www.akademie-solitude.de\/de\/wp-json\/wp\/v2\/program?post=13955"},{"taxonomy":"practice_field","embeddable":true,"href":"https:\/\/www.akademie-solitude.de\/de\/wp-json\/wp\/v2\/practice_field?post=13955"},{"taxonomy":"year_generation","embeddable":true,"href":"https:\/\/www.akademie-solitude.de\/de\/wp-json\/wp\/v2\/year_generation?post=13955"}],"curies":[{"name":"wp","href":"https:\/\/api.w.org\/{rel}","templated":true}]}}

Angela Anderson ist Künstlerin und Theoretikerin. Sie arbeitet an den Schnittstellen von Philosophie, Ökologie, Ökonomie, Migration, Feminismus und Queer Theory. Im Fokus ihrer Arbeit liegen insbesondere die verheerenden Auswirkungen von groß angelegten Projekten zur Gewinnung natürlicher Ressourcen und die komplexen wirtschaftlichen, sozialen, historischen, ästhetischen und affektiven Kräfte, die in ihnen zusammenwirken. Ihre künstlerische Produktion erfolgt in Form von mehrkanaligen Video- und Toninstallationen, skulpturalen Elementen und Fotografie.

Durch das Experimentieren mit audiovisuellen Formen schafft Anderson Kartografien von multiplen Zeitlichkeiten, die sich der verflachenden Zeit des Kapitalismus widersetzen. Ihre Arbeit aktiviert verschiedene Arten des Sehens und Wahrnehmens von affektiven Beziehungen der Anerkennung und Gegenseitigkeit angesichts der multiplen, vom Menschen verursachten Krisen, die sich gegenwärtig auf der ganzen Welt abspielen.

Zu ihren aktuellen Projekten zählen die audiovisuellen Installationen Ecosexual Time and the Subversive Multiplicity - Reclaiming Lost and Denied Temporalities as an Act of Love and Resistance in the Age of Capital Acceleration (2021), Three (or More) Ecologies: A Feminist Articulation of Eco-Intersectionality (2019) und der Kurzfilm The Sea Between You and Me (2016).  Mit Angela Melitopoulos realisierte sie die Videoinstallationen Unearthing Disaster (2013–2015) und The Refrain (2015). Für die documenta 14 arbeitete Anderson als Co-Autorin zusammen mit Melitopoulos an Crossings (2017).

Jüngste Ausstellungen: Tallinn Photomonth Biennale/Estland (2019), Tiroler Kunstpavillon, Innsbruck/Österreich (2019), Centro Andaluz de Arte Contemporáneo, Sevilla/Spanien (2018), Holbaek Images/Dänemark (2016), Framer Framed, Amsterdam/Niederlande (2016), Thessaloniki Biennale/Griechenland (2015).

2018/2019 war sie Stipendiatin am Künstlerhaus Büchsenhausen in Innsbruck/Österreich (Fellowship Programm für Kunst und Theorie). 2020 war sie die Cathrin Pichler Preisträgerin der Akademie der bildenden Künste Wien.

Sie ist künstlerische Mitarbeiterin für bildende Kunst an der Kunsthochschule Kassel/Deutschland und Ausstellungsgestalterin für das Forum Expanded der Internationalen Filmfestspiele Berlin/Deutschland. Sie absolvierte ihren BA in Ökonomie und Lateinamerikastudien an der University of Minnesota/USA und ihren MA in Film- und Medienwissenschaften an der New School, New York/USA. Derzeit promoviert sie an der Akademie der bildenden Künste in Wien/Österreich.
