{"id":21362,"date":"2020-08-18T13:57:49","date_gmt":"2020-08-18T11:57:49","guid":{"rendered":"https:\/\/www.akademie-solitude.de\/?post_type=person&#038;p=21362"},"modified":"2022-02-09T14:18:37","modified_gmt":"2022-02-09T13:18:37","slug":"ramy-al-asheq","status":"publish","type":"person","link":"https:\/\/www.akademie-solitude.de\/de\/person\/ramy-al-asheq\/","title":{"rendered":"Ramy Al-Asheq"},"content":{"rendered":"","protected":false},"author":8,"featured_media":0,"template":"","meta":{"_acf_changed":false,"inline_featured_image":false},"person_type":[57],"program":[346],"practice_field":[137],"year_generation":[105,106,107],"class_list":["post-21362","person","type-person","status-publish","hentry","person_type-stipendiatinnen","program-solitude-stipendium","practice_field-textuell","year_generation-105","year_generation-106","year_generation-107"],"acf":{"person_id__old":"","person_name":{"person_name":"Ramy","person_middlename":"","person_surname":"Al-Asheq"},"person_metadata":"","person_position":[57],"person_job":"","person_txt":"<span class=\"has-font-reckless-light\" style=\"font-family: 'Reckless Regular';\">Geboren 1989 in Schardscha\/Vereinigte Arabische Emirate.<\/span>\r\n\r\n<span class=\"has-font-reckless-light\" style=\"font-family: 'Reckless Regular';\">Ramy Al-Asheq ist ein syrisch-pal\u00e4stinensischer Dichter, Journalist und Kurator. Bislang hat er f\u00fcnf Gedichtb\u00e4nde auf Arabisch ver\u00f6ffentlicht. Im M\u00e4rz 2019 erschien im Sujet Verlag sein erster Gedichtband in deutscher Sprache, Ged\u00e4chtnishunde. In verschiedenen Anthologien und Literaturzeitschriften wurden seine Texte auf Bosnisch, Deutsch, Englisch, Franz\u00f6sisch, Kurdisch, Polnisch und Spanisch ver\u00f6ffentlicht. Zudem wurden einige seiner Gedichte in Lieder, Performances und Kunstwerke umgesetzt. 2020 erscheint sein erstes englisches Buch bei Seagull Books.<\/span>\r\n<div><span class=\"has-font-reckless-light\" style=\"font-family: 'Reckless Regular';\">2014 erhielt er ein Aufenthaltsstipendium f\u00fcr das Heinrich-B\u00f6ll-Haus Langenbroich in Kreuzau\/Deutschland. Ein Jahr sp\u00e4ter wurde er von der A. M. Qattan Foundation in Ramallah\/Pal\u00e4stina mit einem F\u00f6rderpreis ausgezeichnet. Ende 2017 lancierte er das deutsch-arabische Kulturmagazin FANN. Zudem ist er als Kurator f\u00fcr das Literaturhaus Berlin\/Deutschland t\u00e4tig und Mitgr\u00fcnder der Arabisch-deutschen Literaturtage Berlin. 2018 erhielt er ein Literaturstipendium der Akademie der K\u00fcnste in Berlin sowie zwei Aufenthaltsstipendien f\u00fcr das K\u00fcnstlerhaus Lukas in Ahrenshoop\/Deutschland und das K\u00fcnstlerdorf Sch\u00f6ppingen\/Deutschland.<\/span><\/div>","person_txt_short":"","person_img":"","person_website":"","person_links":[{"person_link_url":"https:\/\/www.alasheq.net\/en\/"}],"person_year":[105,106,107],"person_residencies":[{"person_stay_from":"20220101","person_stay_to":"20220630"},{"person_stay_from":null,"person_stay_to":null}],"person_residency_sort_stay_from":null,"person_residency_sort_stay_to":null,"person_practice_field":[137],"person_program":[346],"person_locations":[{"person_city":"Berlin","person_country":"Deutschland"}],"person_country":"","related_posts_event":[32836,33891,34012,34025,34060],"related_posts_news":[32558],"related_posts_post":[32822,32786,32824,32829,32846,32859,32862,32863,32866,32867,32872],"related_posts_schlosspost":null,"person_fellow_juror_relation":""},"_links":{"self":[{"href":"https:\/\/www.akademie-solitude.de\/de\/wp-json\/wp\/v2\/person\/21362","targetHints":{"allow":["GET"]}}],"collection":[{"href":"https:\/\/www.akademie-solitude.de\/de\/wp-json\/wp\/v2\/person"}],"about":[{"href":"https:\/\/www.akademie-solitude.de\/de\/wp-json\/wp\/v2\/types\/person"}],"author":[{"embeddable":true,"href":"https:\/\/www.akademie-solitude.de\/de\/wp-json\/wp\/v2\/users\/8"}],"acf:post":[{"embeddable":true,"href":"https:\/\/www.akademie-solitude.de\/de\/wp-json\/wp\/v2\/posts\/32786"},{"embeddable":true,"href":"https:\/\/www.akademie-solitude.de\/de\/wp-json\/wp\/v2\/news\/32558"},{"embeddable":true,"href":"https:\/\/www.akademie-solitude.de\/de\/wp-json\/wp\/v2\/event\/34060"},{"embeddable":true,"href":"https:\/\/www.akademie-solitude.de\/de\/wp-json\/wp\/v2\/event\/34025"},{"embeddable":true,"href":"https:\/\/www.akademie-solitude.de\/de\/wp-json\/wp\/v2\/event\/32836"}],"acf:term":[{"embeddable":true,"taxonomy":"program","href":"https:\/\/www.akademie-solitude.de\/de\/wp-json\/wp\/v2\/program\/346"},{"embeddable":true,"taxonomy":"practice_field","href":"https:\/\/www.akademie-solitude.de\/de\/wp-json\/wp\/v2\/practice_field\/137"},{"embeddable":true,"taxonomy":"year_generation","href":"https:\/\/www.akademie-solitude.de\/de\/wp-json\/wp\/v2\/year_generation\/107"},{"embeddable":true,"taxonomy":"year_generation","href":"https:\/\/www.akademie-solitude.de\/de\/wp-json\/wp\/v2\/year_generation\/106"},{"embeddable":true,"taxonomy":"year_generation","href":"https:\/\/www.akademie-solitude.de\/de\/wp-json\/wp\/v2\/year_generation\/105"},{"embeddable":true,"taxonomy":"person_type","href":"https:\/\/www.akademie-solitude.de\/de\/wp-json\/wp\/v2\/person_type\/57"}],"wp:attachment":[{"href":"https:\/\/www.akademie-solitude.de\/de\/wp-json\/wp\/v2\/media?parent=21362"}],"wp:term":[{"taxonomy":"person_type","embeddable":true,"href":"https:\/\/www.akademie-solitude.de\/de\/wp-json\/wp\/v2\/person_type?post=21362"},{"taxonomy":"program","embeddable":true,"href":"https:\/\/www.akademie-solitude.de\/de\/wp-json\/wp\/v2\/program?post=21362"},{"taxonomy":"practice_field","embeddable":true,"href":"https:\/\/www.akademie-solitude.de\/de\/wp-json\/wp\/v2\/practice_field?post=21362"},{"taxonomy":"year_generation","embeddable":true,"href":"https:\/\/www.akademie-solitude.de\/de\/wp-json\/wp\/v2\/year_generation?post=21362"}],"curies":[{"name":"wp","href":"https:\/\/api.w.org\/{rel}","templated":true}]}}

<span class="has-font-reckless-light" style="font-family: 'Reckless Regular';">Geboren 1989 in Schardscha/Vereinigte Arabische Emirate.</span>

<span class="has-font-reckless-light" style="font-family: 'Reckless Regular';">Ramy Al-Asheq ist ein syrisch-palästinensischer Dichter, Journalist und Kurator. Bislang hat er fünf Gedichtbände auf Arabisch veröffentlicht. Im März 2019 erschien im Sujet Verlag sein erster Gedichtband in deutscher Sprache, Gedächtnishunde. In verschiedenen Anthologien und Literaturzeitschriften wurden seine Texte auf Bosnisch, Deutsch, Englisch, Französisch, Kurdisch, Polnisch und Spanisch veröffentlicht. Zudem wurden einige seiner Gedichte in Lieder, Performances und Kunstwerke umgesetzt. 2020 erscheint sein erstes englisches Buch bei Seagull Books.</span>
<div><span class="has-font-reckless-light" style="font-family: 'Reckless Regular';">2014 erhielt er ein Aufenthaltsstipendium für das Heinrich-Böll-Haus Langenbroich in Kreuzau/Deutschland. Ein Jahr später wurde er von der A. M. Qattan Foundation in Ramallah/Palästina mit einem Förderpreis ausgezeichnet. Ende 2017 lancierte er das deutsch-arabische Kulturmagazin FANN. Zudem ist er als Kurator für das Literaturhaus Berlin/Deutschland tätig und Mitgründer der Arabisch-deutschen Literaturtage Berlin. 2018 erhielt er ein Literaturstipendium der Akademie der Künste in Berlin sowie zwei Aufenthaltsstipendien für das Künstlerhaus Lukas in Ahrenshoop/Deutschland und das Künstlerdorf Schöppingen/Deutschland.</span></div>
