{"id":24317,"date":"2020-11-17T09:51:08","date_gmt":"2020-11-17T08:51:08","guid":{"rendered":"https:\/\/www.akademie-solitude.de\/?post_type=person&#038;p=24317"},"modified":"2021-01-21T22:47:49","modified_gmt":"2021-01-21T21:47:49","slug":"rosa-omarsdottir","status":"publish","type":"person","link":"https:\/\/www.akademie-solitude.de\/de\/person\/rosa-omarsdottir\/","title":{"rendered":"R\u00f3sa \u00d3marsd\u00f3ttir"},"content":{"rendered":"","protected":false},"author":8,"featured_media":0,"template":"","meta":{"_acf_changed":false,"inline_featured_image":false},"person_type":[57],"program":[679],"practice_field":[],"year_generation":[106],"class_list":["post-24317","person","type-person","status-publish","hentry","person_type-stipendiatinnen","program-tanzpakt-stuttgart","year_generation-106"],"acf":{"person_id__old":"","person_name":{"person_name":"R\u00f3sa","person_middlename":"","person_surname":"\u00d3marsd\u00f3ttir "},"person_metadata":"","person_position":[57],"person_job":"","person_txt":"Geboren 1988 in Reykjav\u00edk\/Island.\r\n\r\nR\u00f3sa \u00d3marsd\u00f3ttir studierte Tanz und Choreografie an der Kunstakademie Island (Listah\u00e1sk\u00f3li \u00cdslands), Reykjav\u00edk\/Island (2008\u20132010), und der P.A.R.T.S. \u2013 Performing Arts Research and Training Studios, Br\u00fcssel\/Belgien (2010\u20132014). Gemeinsam mit Inga Huld H\u00e1konard\u00f3ttir entwickelte sie die Performances <em>Wilhelm Scream<\/em> (2014) und <em>The Valley<\/em> (2015) sowie die Auftragsarbeit <em>Da Da Dans <\/em>(2016) f\u00fcr die Iceland Dance Company. Als Einzelautorin realisierte sie <em>Traces<\/em>, Urauff\u00fchrung im Beursschouwburg, Br\u00fcssel (2017), und <em>Spills<\/em>, Urauff\u00fchrung auf dem Reykjav\u00edk Dance Festival (2019).\r\n\r\nIhre Arbeiten waren auf dem MIRfestival Athen\/Griechenland (2018), dem Festival HOMO NOVUS in Riga\/Lettland (2018), dem Julidans-Festival Amsterdam\/Niederlande (2017) und bei Future is Feminist in Br\u00fcssel (2017) zu sehen. Ihre Performances wurden mehrfach f\u00fcr die Icelandic Theatre Awards nominiert. <em>The Valley <\/em>wurde f\u00fcr die beste Choreografie ausgezeichnet, <em>Da Da Dans <\/em>und <em>Spills <\/em>in der Kategorie \u00bbSoundcape for Performance\u00ab.\r\n\r\nR\u00f3sa \u00d3marsd\u00f3ttir leitet zusammen mit A\u0301sru\u0301n Magnu\u0301sdo\u0301ttir und Alexander Roberts das Forschungsprojekt <em>Secondhand Knowledge<\/em>, das sich auf periphere Tanzgemeinschaften und ihre Beziehung zur Tanzgeschichte und zum Begriff des Secondhand-Wissens konzentriert.","person_txt_short":"","person_img":24816,"person_website":"","person_links":[{"person_link_url":"http:\/\/www.rosaomarsdottir.com"}],"person_year":[106],"person_residencies":[{"person_stay_from":"20210101","person_stay_to":"20210331"},{"person_stay_from":"20211001","person_stay_to":"20211231"}],"person_residency_sort_stay_from":"20211001","person_residency_sort_stay_to":"20211231","person_practice_field":false,"person_program":[679],"person_locations":[{"person_city":"Br\u00fcssel","person_country":"Belgien"}],"person_country":"","related_posts_event":[27609,27871,28284,28371,0,28630,31572],"related_posts_news":[27186,13138],"related_posts_post":"","related_posts_schlosspost":null,"person_fellow_juror_relation":""},"_links":{"self":[{"href":"https:\/\/www.akademie-solitude.de\/de\/wp-json\/wp\/v2\/person\/24317","targetHints":{"allow":["GET"]}}],"collection":[{"href":"https:\/\/www.akademie-solitude.de\/de\/wp-json\/wp\/v2\/person"}],"about":[{"href":"https:\/\/www.akademie-solitude.de\/de\/wp-json\/wp\/v2\/types\/person"}],"author":[{"embeddable":true,"href":"https:\/\/www.akademie-solitude.de\/de\/wp-json\/wp\/v2\/users\/8"}],"acf:post":[{"embeddable":true,"href":"https:\/\/www.akademie-solitude.de\/de\/wp-json\/wp\/v2\/news\/13138"},{"embeddable":true,"href":"https:\/\/www.akademie-solitude.de\/de\/wp-json\/wp\/v2\/news\/27186"},{"embeddable":true,"href":"https:\/\/www.akademie-solitude.de\/de\/wp-json\/wp\/v2\/event\/31572"},{"embeddable":true,"href":"https:\/\/www.akademie-solitude.de\/de\/wp-json\/wp\/v2\/event\/28630"},{"embeddable":true,"href":"https:\/\/www.akademie-solitude.de\/de\/wp-json\/wp\/v2\/person\/0"},{"embeddable":true,"href":"https:\/\/www.akademie-solitude.de\/de\/wp-json\/wp\/v2\/event\/27609"}],"acf:term":[{"embeddable":true,"taxonomy":"program","href":"https:\/\/www.akademie-solitude.de\/de\/wp-json\/wp\/v2\/program\/679"},{"embeddable":true,"taxonomy":"year_generation","href":"https:\/\/www.akademie-solitude.de\/de\/wp-json\/wp\/v2\/year_generation\/106"},{"embeddable":true,"taxonomy":"person_type","href":"https:\/\/www.akademie-solitude.de\/de\/wp-json\/wp\/v2\/person_type\/57"}],"wp:attachment":[{"href":"https:\/\/www.akademie-solitude.de\/de\/wp-json\/wp\/v2\/media?parent=24317"}],"wp:term":[{"taxonomy":"person_type","embeddable":true,"href":"https:\/\/www.akademie-solitude.de\/de\/wp-json\/wp\/v2\/person_type?post=24317"},{"taxonomy":"program","embeddable":true,"href":"https:\/\/www.akademie-solitude.de\/de\/wp-json\/wp\/v2\/program?post=24317"},{"taxonomy":"practice_field","embeddable":true,"href":"https:\/\/www.akademie-solitude.de\/de\/wp-json\/wp\/v2\/practice_field?post=24317"},{"taxonomy":"year_generation","embeddable":true,"href":"https:\/\/www.akademie-solitude.de\/de\/wp-json\/wp\/v2\/year_generation?post=24317"}],"curies":[{"name":"wp","href":"https:\/\/api.w.org\/{rel}","templated":true}]}}

Rósa Ómarsdóttir

Rósa

Ómarsdóttir

Geboren 1988 in Reykjavík/Island.

Rósa Ómarsdóttir studierte Tanz und Choreografie an der Kunstakademie Island (Listaháskóli Íslands), Reykjavík/Island (2008–2010), und der P.A.R.T.S. – Performing Arts Research and Training Studios, Brüssel/Belgien (2010–2014). Gemeinsam mit Inga Huld Hákonardóttir entwickelte sie die Performances <em>Wilhelm Scream</em> (2014) und <em>The Valley</em> (2015) sowie die Auftragsarbeit <em>Da Da Dans </em>(2016) für die Iceland Dance Company. Als Einzelautorin realisierte sie <em>Traces</em>, Uraufführung im Beursschouwburg, Brüssel (2017), und <em>Spills</em>, Uraufführung auf dem Reykjavík Dance Festival (2019).

Ihre Arbeiten waren auf dem MIRfestival Athen/Griechenland (2018), dem Festival HOMO NOVUS in Riga/Lettland (2018), dem Julidans-Festival Amsterdam/Niederlande (2017) und bei Future is Feminist in Brüssel (2017) zu sehen. Ihre Performances wurden mehrfach für die Icelandic Theatre Awards nominiert. <em>The Valley </em>wurde für die beste Choreografie ausgezeichnet, <em>Da Da Dans </em>und <em>Spills </em>in der Kategorie »Soundcape for Performance«.

Rósa Ómarsdóttir leitet zusammen mit Ásrún Magnúsdóttir und Alexander Roberts das Forschungsprojekt <em>Secondhand Knowledge</em>, das sich auf periphere Tanzgemeinschaften und ihre Beziehung zur Tanzgeschichte und zum Begriff des Secondhand-Wissens konzentriert.

Brüssel
