{"id":31092,"date":"2021-08-10T09:41:19","date_gmt":"2021-08-10T07:41:19","guid":{"rendered":"https:\/\/www.akademie-solitude.de\/?post_type=person&#038;p=31092"},"modified":"2021-11-09T18:25:17","modified_gmt":"2021-11-09T17:25:17","slug":"corinne-nsimba-lutonadio","status":"publish","type":"person","link":"https:\/\/www.akademie-solitude.de\/de\/person\/corinne-nsimba-lutonadio\/","title":{"rendered":"Corinne Nsimba Lutonadio"},"content":{"rendered":"","protected":false},"author":15,"featured_media":0,"template":"","meta":{"_acf_changed":false,"inline_featured_image":false},"person_type":[57],"program":[809],"practice_field":[],"year_generation":[106],"class_list":["post-31092","person","type-person","status-publish","hentry","person_type-stipendiatinnen","program-namibia-stipendium","year_generation-106"],"acf":{"person_id__old":"","person_name":{"person_name":"Corinne","person_middlename":"Nsimba","person_surname":"Lutonadio"},"person_metadata":"","person_position":[57],"person_job":"","person_txt":"Geboren 1991 in Paris\/Frankreich.\r\n\r\nCorinne Nsimba Lutonadio ist bildende K\u00fcnstlerin und Grafikdesignerin. Ihren BA in Visual Arts absolvierte sie an der Intuit Lab School Paris (2014). 2015 erhielt sie ihr Post-dipl\u00f4me\u00a0in Motion Design von der \u00c9cole Professionnelle Sup\u00e9rieure d\u2019Arts Graphiques in Paris. Sie lebt und arbeitet in Berlin.\r\n\r\nMit ihrer Kunst w\u00fcrdigt sie ihre kongolesischen Wurzeln, um einen sicheren Ort f\u00fcr Selbstreflexion und Empowerment zu erfahren. Ihre Arbeiten waren auf dem Festival F\u00eate du Graphisme, Paris (2016), sowie im Rahmen von 48 Stunden Neuk\u00f6lln, Berlin\/Deutschland (Einzelausstellung <em>First Shapes,<\/em> 2017), und in kollektiven Online-Ausstellungen zu sehen.\r\n\r\nCorinne Nsimba Lutoniado ist Stipendiatin des Namibia-Deutschland-Stipendiums im Rahmen der Namibia-Initiative des Ministeriums f\u00fcr Wissenschaft, Forschung und Kunst Baden-W\u00fcrttemberg. Sie wird f\u00fcr vier Monate in Windhoek\/Namibia arbeiten. ","person_txt_short":"","person_img":"","person_website":"","person_links":null,"person_year":[106],"person_residencies":[{"person_stay_from":null,"person_stay_to":null}],"person_residency_sort_stay_from":null,"person_residency_sort_stay_to":null,"person_practice_field":false,"person_program":[809],"person_locations":[{"person_city":"Berlin","person_country":"Deutschland"}],"person_country":"","related_posts_event":"","related_posts_news":[31506],"related_posts_post":"","related_posts_schlosspost":null,"person_fellow_juror_relation":""},"_links":{"self":[{"href":"https:\/\/www.akademie-solitude.de\/de\/wp-json\/wp\/v2\/person\/31092","targetHints":{"allow":["GET"]}}],"collection":[{"href":"https:\/\/www.akademie-solitude.de\/de\/wp-json\/wp\/v2\/person"}],"about":[{"href":"https:\/\/www.akademie-solitude.de\/de\/wp-json\/wp\/v2\/types\/person"}],"author":[{"embeddable":true,"href":"https:\/\/www.akademie-solitude.de\/de\/wp-json\/wp\/v2\/users\/15"}],"acf:post":[{"embeddable":true,"href":"https:\/\/www.akademie-solitude.de\/de\/wp-json\/wp\/v2\/news\/31506"}],"acf:term":[{"embeddable":true,"taxonomy":"program","href":"https:\/\/www.akademie-solitude.de\/de\/wp-json\/wp\/v2\/program\/809"},{"embeddable":true,"taxonomy":"year_generation","href":"https:\/\/www.akademie-solitude.de\/de\/wp-json\/wp\/v2\/year_generation\/106"},{"embeddable":true,"taxonomy":"person_type","href":"https:\/\/www.akademie-solitude.de\/de\/wp-json\/wp\/v2\/person_type\/57"}],"wp:attachment":[{"href":"https:\/\/www.akademie-solitude.de\/de\/wp-json\/wp\/v2\/media?parent=31092"}],"wp:term":[{"taxonomy":"person_type","embeddable":true,"href":"https:\/\/www.akademie-solitude.de\/de\/wp-json\/wp\/v2\/person_type?post=31092"},{"taxonomy":"program","embeddable":true,"href":"https:\/\/www.akademie-solitude.de\/de\/wp-json\/wp\/v2\/program?post=31092"},{"taxonomy":"practice_field","embeddable":true,"href":"https:\/\/www.akademie-solitude.de\/de\/wp-json\/wp\/v2\/practice_field?post=31092"},{"taxonomy":"year_generation","embeddable":true,"href":"https:\/\/www.akademie-solitude.de\/de\/wp-json\/wp\/v2\/year_generation?post=31092"}],"curies":[{"name":"wp","href":"https:\/\/api.w.org\/{rel}","templated":true}]}}

Geboren 1991 in Paris/Frankreich.

Corinne Nsimba Lutonadio ist bildende Künstlerin und Grafikdesignerin. Ihren BA in Visual Arts absolvierte sie an der Intuit Lab School Paris (2014). 2015 erhielt sie ihr Post-diplôme in Motion Design von der École Professionnelle Supérieure d’Arts Graphiques in Paris. Sie lebt und arbeitet in Berlin.

Mit ihrer Kunst würdigt sie ihre kongolesischen Wurzeln, um einen sicheren Ort für Selbstreflexion und Empowerment zu erfahren. Ihre Arbeiten waren auf dem Festival Fête du Graphisme, Paris (2016), sowie im Rahmen von 48 Stunden Neukölln, Berlin/Deutschland (Einzelausstellung <em>First Shapes,</em> 2017), und in kollektiven Online-Ausstellungen zu sehen.

Corinne Nsimba Lutoniado ist Stipendiatin des Namibia-Deutschland-Stipendiums im Rahmen der Namibia-Initiative des Ministeriums für Wissenschaft, Forschung und Kunst Baden-Württemberg. Sie wird für vier Monate in Windhoek/Namibia arbeiten.
