{"id":31151,"date":"2021-08-30T11:09:01","date_gmt":"2021-08-30T09:09:01","guid":{"rendered":"https:\/\/www.akademie-solitude.de\/?post_type=person&#038;p=31151"},"modified":"2021-09-03T13:24:34","modified_gmt":"2021-09-03T11:24:34","slug":"simonaramona-aka-claudedersch","status":"publish","type":"person","link":"https:\/\/www.akademie-solitude.de\/de\/person\/simonaramona-aka-claudedersch\/","title":{"rendered":"Simona&#038;Ramona (aka Claude&#038;Dersch)"},"content":{"rendered":"","protected":false},"author":10,"featured_media":0,"template":"","meta":{"_acf_changed":false,"inline_featured_image":false},"person_type":[57],"program":[401],"practice_field":[365],"year_generation":[106],"class_list":["post-31151","person","type-person","status-publish","hentry","person_type-stipendiatinnen","program-web-residencies","practice_field-web-residencies","year_generation-106"],"acf":{"person_id__old":"","person_name":{"person_name":"Simona Dumitriu &","person_middlename":"","person_surname":"Ramona Dima"},"person_metadata":"","person_position":[57],"person_job":"","person_txt":"<strong>Simona&amp;Ramona (aka Claude&amp;Dersch)<\/strong> ist das k\u00fcnstlerische Alter Ego des Lebens- und Arbeitsduos <strong>Simona Dumitriu<\/strong> und <strong>Ramona Dima<\/strong>. Simona und Ramona eint ein gemeinsames Interesse f\u00fcr Poesie und autoethnographisches Schreiben als politisches Tool. Simona ist Lehrerin, Organisatorin und Kuratorin sowie Gr\u00fcndungsmitglied des mythischen Platforma Space in Bukarest\/Rum\u00e4nien. Ramona ist promovierte Wissenschaftlerin, die \u00fcber verloren gegangene rum\u00e4nische queere Geschichten schreibt. Ihre gemeinsame k\u00fcnstlerische Praxis ist der wesentliche Teil ihres Aktivismus.","person_txt_short":"","person_img":31255,"person_website":"","person_links":null,"person_year":[106],"person_residencies":[{"person_stay_from":"20210901","person_stay_to":"20211015"}],"person_residency_sort_stay_from":null,"person_residency_sort_stay_to":null,"person_practice_field":[365],"person_program":[401],"person_locations":[{"person_city":"Malm\u00f6","person_country":"Schweden"},{"person_city":"Bukarest","person_country":"Rum\u00e4nien"}],"person_country":"","related_posts_event":[32906,33016,33025,33047,33160,33468,33469,33472,33475,33488,33509,33510,33513,33556,33559,33560,33561,33573,33574,33577,33594,33595,33596,33597,33599,33615],"related_posts_news":[32152],"related_posts_post":[29477,31165,31366,31632,31930],"related_posts_schlosspost":null,"person_fellow_juror_relation":[29491]},"_links":{"self":[{"href":"https:\/\/www.akademie-solitude.de\/de\/wp-json\/wp\/v2\/person\/31151","targetHints":{"allow":["GET"]}}],"collection":[{"href":"https:\/\/www.akademie-solitude.de\/de\/wp-json\/wp\/v2\/person"}],"about":[{"href":"https:\/\/www.akademie-solitude.de\/de\/wp-json\/wp\/v2\/types\/person"}],"author":[{"embeddable":true,"href":"https:\/\/www.akademie-solitude.de\/de\/wp-json\/wp\/v2\/users\/10"}],"acf:post":[{"embeddable":true,"href":"https:\/\/www.akademie-solitude.de\/de\/wp-json\/wp\/v2\/person\/29491"},{"embeddable":true,"href":"https:\/\/www.akademie-solitude.de\/de\/wp-json\/wp\/v2\/posts\/31930"},{"embeddable":true,"href":"https:\/\/www.akademie-solitude.de\/de\/wp-json\/wp\/v2\/posts\/31632"},{"embeddable":true,"href":"https:\/\/www.akademie-solitude.de\/de\/wp-json\/wp\/v2\/posts\/31366"},{"embeddable":true,"href":"https:\/\/www.akademie-solitude.de\/de\/wp-json\/wp\/v2\/posts\/31165"},{"embeddable":true,"href":"https:\/\/www.akademie-solitude.de\/de\/wp-json\/wp\/v2\/news\/32152"},{"embeddable":true,"href":"https:\/\/www.akademie-solitude.de\/de\/wp-json\/wp\/v2\/event\/32906"}],"acf:term":[{"embeddable":true,"taxonomy":"program","href":"https:\/\/www.akademie-solitude.de\/de\/wp-json\/wp\/v2\/program\/401"},{"embeddable":true,"taxonomy":"practice_field","href":"https:\/\/www.akademie-solitude.de\/de\/wp-json\/wp\/v2\/practice_field\/365"},{"embeddable":true,"taxonomy":"year_generation","href":"https:\/\/www.akademie-solitude.de\/de\/wp-json\/wp\/v2\/year_generation\/106"},{"embeddable":true,"taxonomy":"person_type","href":"https:\/\/www.akademie-solitude.de\/de\/wp-json\/wp\/v2\/person_type\/57"}],"wp:attachment":[{"href":"https:\/\/www.akademie-solitude.de\/de\/wp-json\/wp\/v2\/media?parent=31151"}],"wp:term":[{"taxonomy":"person_type","embeddable":true,"href":"https:\/\/www.akademie-solitude.de\/de\/wp-json\/wp\/v2\/person_type?post=31151"},{"taxonomy":"program","embeddable":true,"href":"https:\/\/www.akademie-solitude.de\/de\/wp-json\/wp\/v2\/program?post=31151"},{"taxonomy":"practice_field","embeddable":true,"href":"https:\/\/www.akademie-solitude.de\/de\/wp-json\/wp\/v2\/practice_field?post=31151"},{"taxonomy":"year_generation","embeddable":true,"href":"https:\/\/www.akademie-solitude.de\/de\/wp-json\/wp\/v2\/year_generation?post=31151"}],"curies":[{"name":"wp","href":"https:\/\/api.w.org\/{rel}","templated":true}]}}

<strong>Simona&amp;Ramona (aka Claude&amp;Dersch)</strong> ist das künstlerische Alter Ego des Lebens- und Arbeitsduos <strong>Simona Dumitriu</strong> und <strong>Ramona Dima</strong>. Simona und Ramona eint ein gemeinsames Interesse für Poesie und autoethnographisches Schreiben als politisches Tool. Simona ist Lehrerin, Organisatorin und Kuratorin sowie Gründungsmitglied des mythischen Platforma Space in Bukarest/Rumänien. Ramona ist promovierte Wissenschaftlerin, die über verloren gegangene rumänische queere Geschichten schreibt. Ihre gemeinsame künstlerische Praxis ist der wesentliche Teil ihres Aktivismus.

Malmö

Rumänien
