{"id":31374,"date":"2021-09-03T16:41:38","date_gmt":"2021-09-03T14:41:38","guid":{"rendered":"https:\/\/www.akademie-solitude.de\/?post_type=person&#038;p=31374"},"modified":"2022-01-19T15:53:17","modified_gmt":"2022-01-19T14:53:17","slug":"rangoato-hlasane","status":"publish","type":"person","link":"https:\/\/www.akademie-solitude.de\/de\/person\/rangoato-hlasane\/","title":{"rendered":"Rangoato Hlasane"},"content":{"rendered":"","protected":false},"author":15,"featured_media":0,"template":"","meta":{"_acf_changed":false,"inline_featured_image":false},"person_type":[56],"program":[346],"practice_field":[142],"year_generation":[107,826],"class_list":["post-31374","person","type-person","status-publish","hentry","person_type-jurorinnen","program-solitude-stipendium","practice_field-gesellschaftlich-gemeinschaftlich","year_generation-107","year_generation-826"],"acf":{"person_id__old":"","person_name":{"person_name":"Rangoato","person_middlename":"","person_surname":"Hlasane"},"person_metadata":"","person_position":[56],"person_job":"","person_txt":"Geboren 1981 in Polokwane\/S\u00fcdafrika.\r\n\r\nRangoato Hlasane lebt und arbeitet in Johannesburg\/S\u00fcdafrika. Er ist Mitbegr\u00fcnder und Co-Direktor (2008 bis heute) des Forschungs- und Medienkunstkollektivs Keleketla! Library und Dozent f\u00fcr Bildende Kunst an der Wits School of Arts der University of the Witwatersrand, Johannesburg (seit 2013). Er studierte an der University of Johannesburg, wo er seinen Master mit Auszeichnung abschloss (2008\u20132011). Hlasane ist Doktorand an der Wits University sowie Mitglied des Another Roadmap Africa Cluster (ARAC).\r\n\r\nZu seinen Ver\u00f6ffentlichungen z\u00e4hlen \u00bbBigger Than the Tick-Box: Defining Interdisciplinary Art\/s Education to Funders in South Africa\u00ab (in: Nicola Laur\u00e9 al-Samarai, <em>Creating Spaces: Non-formal Art\/s Education and Vocational Training for Artists in Africa Between Cultural Policies and Cultural Funding<\/em>, Contact Zones Nairobi, 2014) und \u00bbNot Your Typical Library: We Believe a Library is Everything\u00ab (in: <em>Revista Mesa<\/em>, Nr. 3: <em>Publicness in Art<\/em>, Instituto Mesa, 2015).\r\n\r\n2018 realisierte er mit Keleketla! Library im Rahmen der 10. Berlin Biennale f\u00fcr zeitgen\u00f6ssische Kunst im HAU2 und YAAM Berlin unter dem Titel \u00bb17 July to 12 September 1977. Lebo Mathosa is born. Steve Biko is assassinated\u00ab unter anderem eine kollaborative Ausstellung und ein Konzert von Thath'i Cover Okestra. Im Jahr 2020 folgte das transkontinentale Studioalbum <em>Keleketla!<\/em> (Ahead Of Our Times, London) der gleichnamigen Kunstinitiative, das in der <em>New York Times<\/em> und der <em>Financial Times<\/em> sowie auf zahlreichen weiteren Online-Plattformen erw\u00e4hnt wurde.","person_txt_short":"","person_img":32282,"person_website":"","person_links":null,"person_year":[107,826],"person_residencies":null,"person_residency_sort_stay_from":null,"person_residency_sort_stay_to":null,"person_practice_field":[142],"person_program":[346],"person_locations":[{"person_city":"Johannesburg","person_country":"S\u00fcdafrika"}],"person_country":"","related_posts_event":"","related_posts_news":[33877],"related_posts_post":"","related_posts_schlosspost":null,"person_juror_fellow_relation":""},"_links":{"self":[{"href":"https:\/\/www.akademie-solitude.de\/de\/wp-json\/wp\/v2\/person\/31374","targetHints":{"allow":["GET"]}}],"collection":[{"href":"https:\/\/www.akademie-solitude.de\/de\/wp-json\/wp\/v2\/person"}],"about":[{"href":"https:\/\/www.akademie-solitude.de\/de\/wp-json\/wp\/v2\/types\/person"}],"author":[{"embeddable":true,"href":"https:\/\/www.akademie-solitude.de\/de\/wp-json\/wp\/v2\/users\/15"}],"acf:post":[{"embeddable":true,"href":"https:\/\/www.akademie-solitude.de\/de\/wp-json\/wp\/v2\/news\/33877"}],"acf:term":[{"embeddable":true,"taxonomy":"program","href":"https:\/\/www.akademie-solitude.de\/de\/wp-json\/wp\/v2\/program\/346"},{"embeddable":true,"taxonomy":"practice_field","href":"https:\/\/www.akademie-solitude.de\/de\/wp-json\/wp\/v2\/practice_field\/142"},{"embeddable":true,"taxonomy":"year_generation","href":"https:\/\/www.akademie-solitude.de\/de\/wp-json\/wp\/v2\/year_generation\/826"},{"embeddable":true,"taxonomy":"year_generation","href":"https:\/\/www.akademie-solitude.de\/de\/wp-json\/wp\/v2\/year_generation\/107"},{"embeddable":true,"taxonomy":"person_type","href":"https:\/\/www.akademie-solitude.de\/de\/wp-json\/wp\/v2\/person_type\/56"}],"wp:attachment":[{"href":"https:\/\/www.akademie-solitude.de\/de\/wp-json\/wp\/v2\/media?parent=31374"}],"wp:term":[{"taxonomy":"person_type","embeddable":true,"href":"https:\/\/www.akademie-solitude.de\/de\/wp-json\/wp\/v2\/person_type?post=31374"},{"taxonomy":"program","embeddable":true,"href":"https:\/\/www.akademie-solitude.de\/de\/wp-json\/wp\/v2\/program?post=31374"},{"taxonomy":"practice_field","embeddable":true,"href":"https:\/\/www.akademie-solitude.de\/de\/wp-json\/wp\/v2\/practice_field?post=31374"},{"taxonomy":"year_generation","embeddable":true,"href":"https:\/\/www.akademie-solitude.de\/de\/wp-json\/wp\/v2\/year_generation?post=31374"}],"curies":[{"name":"wp","href":"https:\/\/api.w.org\/{rel}","templated":true}]}}

Geboren 1981 in Polokwane/Südafrika.

Rangoato Hlasane lebt und arbeitet in Johannesburg/Südafrika. Er ist Mitbegründer und Co-Direktor (2008 bis heute) des Forschungs- und Medienkunstkollektivs Keleketla! Library und Dozent für Bildende Kunst an der Wits School of Arts der University of the Witwatersrand, Johannesburg (seit 2013). Er studierte an der University of Johannesburg, wo er seinen Master mit Auszeichnung abschloss (2008–2011). Hlasane ist Doktorand an der Wits University sowie Mitglied des Another Roadmap Africa Cluster (ARAC).

Zu seinen Veröffentlichungen zählen »Bigger Than the Tick-Box: Defining Interdisciplinary Art/s Education to Funders in South Africa« (in: Nicola Lauré al-Samarai, <em>Creating Spaces: Non-formal Art/s Education and Vocational Training for Artists in Africa Between Cultural Policies and Cultural Funding</em>, Contact Zones Nairobi, 2014) und »Not Your Typical Library: We Believe a Library is Everything« (in: <em>Revista Mesa</em>, Nr. 3: <em>Publicness in Art</em>, Instituto Mesa, 2015).

2018 realisierte er mit Keleketla! Library im Rahmen der 10. Berlin Biennale für zeitgenössische Kunst im HAU2 und YAAM Berlin unter dem Titel »17 July to 12 September 1977. Lebo Mathosa is born. Steve Biko is assassinated« unter anderem eine kollaborative Ausstellung und ein Konzert von Thath'i Cover Okestra. Im Jahr 2020 folgte das transkontinentale Studioalbum <em>Keleketla!</em> (Ahead Of Our Times, London) der gleichnamigen Kunstinitiative, das in der <em>New York Times</em> und der <em>Financial Times</em> sowie auf zahlreichen weiteren Online-Plattformen erwähnt wurde.

Südafrika
