{"id":31699,"date":"2021-10-28T17:44:59","date_gmt":"2021-10-28T15:44:59","guid":{"rendered":"https:\/\/www.akademie-solitude.de\/?post_type=person&#038;p=31699"},"modified":"2021-11-16T12:00:01","modified_gmt":"2021-11-16T11:00:01","slug":"leo","status":"publish","type":"person","link":"https:\/\/www.akademie-solitude.de\/de\/person\/leo\/","title":{"rendered":"leo"},"content":{"rendered":"","protected":false},"author":4,"featured_media":0,"template":"","meta":{"_acf_changed":false,"inline_featured_image":false},"person_type":[57],"program":[346],"practice_field":[633,141],"year_generation":[105,106],"class_list":["post-31699","person","type-person","status-publish","hentry","person_type-stipendiatinnen","program-solitude-stipendium","practice_field-ab-2020","practice_field-visuell","year_generation-105","year_generation-106"],"acf":{"person_id__old":"","person_name":{"person_name":"","person_middlename":"","person_surname":"leo"},"person_metadata":"","person_position":[57],"person_job":"","person_txt":"Geboren 1990 in Brasilien.\r\n\r\nleo studierte von 2010 bis 2016 Betriebswirtschaft, Kunst und Design an der Staatlichen Universit\u00e4t von Juiz de Fora\/Brasilien sowie Bildende Kunst an der privaten Kunstschule Parque Lage in Rio de Janeiro\/Brasilien (2013\/2014). 2018 schloss xier das Diplomstudium in Bildender Kunst an der Universit\u00e4t der K\u00fcnste Berlin ab. Die k\u00fcnstlerische und performative Arbeit von leo wurde 2019 in der Core Exhibition der Kunstakademie Glassell \u2013 Museum of Fine Arts, Houston\/USA, 2018 in <em>Mutterzunge<\/em> im Babylon, Berlin und 2017 in <em>SuperLiv\/f<\/em>e bei \u2014fffriedrich, Frankfurt am Main\/Deutschland pr\u00e4sentiert. 2018 wurde leo mit einem Stipendium des CORE Program am Museum of Fine Arts, Houston ausgezeichnet.","person_txt_short":"","person_img":"","person_website":"","person_links":null,"person_year":[105,106],"person_residencies":[{"person_stay_from":"20211001","person_stay_to":"20220331"}],"person_residency_sort_stay_from":null,"person_residency_sort_stay_to":null,"person_practice_field":[141,633],"person_program":[346],"person_locations":[{"person_city":"","person_country":"USA"}],"person_country":"","related_posts_event":[33891,34012,34025],"related_posts_news":"","related_posts_post":[32822,32786,32824,32829,32846,32859,32862,32863,32866,32867,32872],"related_posts_schlosspost":null,"person_fellow_juror_relation":[7107,7103,7108]},"_links":{"self":[{"href":"https:\/\/www.akademie-solitude.de\/de\/wp-json\/wp\/v2\/person\/31699","targetHints":{"allow":["GET"]}}],"collection":[{"href":"https:\/\/www.akademie-solitude.de\/de\/wp-json\/wp\/v2\/person"}],"about":[{"href":"https:\/\/www.akademie-solitude.de\/de\/wp-json\/wp\/v2\/types\/person"}],"author":[{"embeddable":true,"href":"https:\/\/www.akademie-solitude.de\/de\/wp-json\/wp\/v2\/users\/4"}],"acf:post":[{"embeddable":true,"href":"https:\/\/www.akademie-solitude.de\/de\/wp-json\/wp\/v2\/person\/7108"},{"embeddable":true,"href":"https:\/\/www.akademie-solitude.de\/de\/wp-json\/wp\/v2\/person\/7103"},{"embeddable":true,"href":"https:\/\/www.akademie-solitude.de\/de\/wp-json\/wp\/v2\/person\/7107"},{"embeddable":true,"href":"https:\/\/www.akademie-solitude.de\/de\/wp-json\/wp\/v2\/posts\/32786"},{"embeddable":true,"href":"https:\/\/www.akademie-solitude.de\/de\/wp-json\/wp\/v2\/event\/34025"}],"acf:term":[{"embeddable":true,"taxonomy":"program","href":"https:\/\/www.akademie-solitude.de\/de\/wp-json\/wp\/v2\/program\/346"},{"embeddable":true,"taxonomy":"practice_field","href":"https:\/\/www.akademie-solitude.de\/de\/wp-json\/wp\/v2\/practice_field\/633"},{"embeddable":true,"taxonomy":"practice_field","href":"https:\/\/www.akademie-solitude.de\/de\/wp-json\/wp\/v2\/practice_field\/141"},{"embeddable":true,"taxonomy":"year_generation","href":"https:\/\/www.akademie-solitude.de\/de\/wp-json\/wp\/v2\/year_generation\/106"},{"embeddable":true,"taxonomy":"year_generation","href":"https:\/\/www.akademie-solitude.de\/de\/wp-json\/wp\/v2\/year_generation\/105"},{"embeddable":true,"taxonomy":"person_type","href":"https:\/\/www.akademie-solitude.de\/de\/wp-json\/wp\/v2\/person_type\/57"}],"wp:attachment":[{"href":"https:\/\/www.akademie-solitude.de\/de\/wp-json\/wp\/v2\/media?parent=31699"}],"wp:term":[{"taxonomy":"person_type","embeddable":true,"href":"https:\/\/www.akademie-solitude.de\/de\/wp-json\/wp\/v2\/person_type?post=31699"},{"taxonomy":"program","embeddable":true,"href":"https:\/\/www.akademie-solitude.de\/de\/wp-json\/wp\/v2\/program?post=31699"},{"taxonomy":"practice_field","embeddable":true,"href":"https:\/\/www.akademie-solitude.de\/de\/wp-json\/wp\/v2\/practice_field?post=31699"},{"taxonomy":"year_generation","embeddable":true,"href":"https:\/\/www.akademie-solitude.de\/de\/wp-json\/wp\/v2\/year_generation?post=31699"}],"curies":[{"name":"wp","href":"https:\/\/api.w.org\/{rel}","templated":true}]}}

Geboren 1990 in Brasilien.

leo studierte von 2010 bis 2016 Betriebswirtschaft, Kunst und Design an der Staatlichen Universität von Juiz de Fora/Brasilien sowie Bildende Kunst an der privaten Kunstschule Parque Lage in Rio de Janeiro/Brasilien (2013/2014). 2018 schloss xier das Diplomstudium in Bildender Kunst an der Universität der Künste Berlin ab. Die künstlerische und performative Arbeit von leo wurde 2019 in der Core Exhibition der Kunstakademie Glassell – Museum of Fine Arts, Houston/USA, 2018 in <em>Mutterzunge</em> im Babylon, Berlin und 2017 in <em>SuperLiv/f</em>e bei —fffriedrich, Frankfurt am Main/Deutschland präsentiert. 2018 wurde leo mit einem Stipendium des CORE Program am Museum of Fine Arts, Houston ausgezeichnet.
