{"id":34163,"date":"2022-08-16T17:29:11","date_gmt":"2022-08-16T15:29:11","guid":{"rendered":"https:\/\/www.akademie-solitude.de\/?post_type=person&#038;p=34163"},"modified":"2022-08-16T17:29:11","modified_gmt":"2022-08-16T15:29:11","slug":"akos-kormanyos","status":"publish","type":"person","link":"https:\/\/www.akademie-solitude.de\/de\/person\/akos-kormanyos\/","title":{"rendered":"\u00c1kos Korm\u00e1nyos"},"content":{"rendered":"","protected":false},"author":8,"featured_media":0,"template":"","meta":{"_acf_changed":false,"inline_featured_image":false},"person_type":[57],"program":[631],"practice_field":[],"year_generation":[107],"class_list":["post-34163","person","type-person","status-publish","hentry","person_type-stipendiatinnen","program-kooperationsstipendium","year_generation-107"],"acf":{"person_id__old":"","person_name":{"person_name":"\u00c1kos","person_middlename":"","person_surname":"Korm\u00e1nyos"},"person_metadata":"","person_position":[57],"person_job":"","person_txt":"\u00c1kos Korm\u00e1nyos wurde 1992 als Auslandsungar in Senta\/Serbien (ehemaliges Jugoslawien) geboren.\r\n\r\n\u00c1kos wurde mit einer seltenen neurologischen Erkrankung namens SMA geboren, die ihn sein Leben lang begleitet. Er schloss die Grundschule und das Gymnasium in seiner Heimatstadt ab. W\u00e4hrend dieser Zeit interessierte er sich f\u00fcr Naturwissenschaften und vertrat Ungarn 2011 bei der I-SWEEP-Olympiade in den USA.\r\n\r\nEr erwarb seinen BA und MA in Psychologie an der Universit\u00e4t Szeged, Ungarn, wo er ebenfalls Philosophie und \u00c4sthetik studierte. Derzeit arbeitet er als Psychologe mit Krebspatienten in der onkologischen Abteilung in Szeged, wobei er gleichzeitig sein Postgraduiertenstudium an der University of Essex in Gro\u00dfbritannien fortsetzt.\r\n\r\nSein erstes Buch <em>Parav\u00e1n<\/em> wurde 2019 ver\u00f6ffentlicht (Forum-FISZ Verlag), 2021 folgte\u00a0 sein zweites Buch<em> T\u00f6redezetts\u00e9gmentes\u00edt\u00e9s<\/em> (Forum-FISZ Verlag), welches seine Erfahrungen als Mensch, der mit einer k\u00f6rperlichen Behinderung lebt, thematisiert. Sein drittes Buch <em>L\u00e9gz\u00e9stechnik\u00e1k <\/em>wurde 2022 ver\u00f6ffentlicht.\r\n\r\nIm Jahr 2021 erhielt er das P\u00e9ter-Horv\u00e1th-Literaturstipendium, das mit einem Aufenthalt an der Akademie Schloss Solitude verbunden ist.","person_txt_short":"","person_img":34164,"person_website":"","person_links":null,"person_year":[107],"person_residencies":[{"person_stay_from":"20220801","person_stay_to":"20220814"}],"person_residency_sort_stay_from":null,"person_residency_sort_stay_to":null,"person_practice_field":false,"person_program":[631],"person_locations":[{"person_city":"Szeged","person_country":"Ungarn"}],"person_country":"","related_posts_event":"","related_posts_news":"","related_posts_post":"","related_posts_schlosspost":null,"person_fellow_juror_relation":""},"_links":{"self":[{"href":"https:\/\/www.akademie-solitude.de\/de\/wp-json\/wp\/v2\/person\/34163","targetHints":{"allow":["GET"]}}],"collection":[{"href":"https:\/\/www.akademie-solitude.de\/de\/wp-json\/wp\/v2\/person"}],"about":[{"href":"https:\/\/www.akademie-solitude.de\/de\/wp-json\/wp\/v2\/types\/person"}],"author":[{"embeddable":true,"href":"https:\/\/www.akademie-solitude.de\/de\/wp-json\/wp\/v2\/users\/8"}],"acf:term":[{"embeddable":true,"taxonomy":"program","href":"https:\/\/www.akademie-solitude.de\/de\/wp-json\/wp\/v2\/program\/631"},{"embeddable":true,"taxonomy":"year_generation","href":"https:\/\/www.akademie-solitude.de\/de\/wp-json\/wp\/v2\/year_generation\/107"},{"embeddable":true,"taxonomy":"person_type","href":"https:\/\/www.akademie-solitude.de\/de\/wp-json\/wp\/v2\/person_type\/57"}],"wp:attachment":[{"href":"https:\/\/www.akademie-solitude.de\/de\/wp-json\/wp\/v2\/media?parent=34163"}],"wp:term":[{"taxonomy":"person_type","embeddable":true,"href":"https:\/\/www.akademie-solitude.de\/de\/wp-json\/wp\/v2\/person_type?post=34163"},{"taxonomy":"program","embeddable":true,"href":"https:\/\/www.akademie-solitude.de\/de\/wp-json\/wp\/v2\/program?post=34163"},{"taxonomy":"practice_field","embeddable":true,"href":"https:\/\/www.akademie-solitude.de\/de\/wp-json\/wp\/v2\/practice_field?post=34163"},{"taxonomy":"year_generation","embeddable":true,"href":"https:\/\/www.akademie-solitude.de\/de\/wp-json\/wp\/v2\/year_generation?post=34163"}],"curies":[{"name":"wp","href":"https:\/\/api.w.org\/{rel}","templated":true}]}}

Ákos Kormányos

Ákos

Kormányos

Ákos Kormányos wurde 1992 als Auslandsungar in Senta/Serbien (ehemaliges Jugoslawien) geboren.

Ákos wurde mit einer seltenen neurologischen Erkrankung namens SMA geboren, die ihn sein Leben lang begleitet. Er schloss die Grundschule und das Gymnasium in seiner Heimatstadt ab. Während dieser Zeit interessierte er sich für Naturwissenschaften und vertrat Ungarn 2011 bei der I-SWEEP-Olympiade in den USA.

Er erwarb seinen BA und MA in Psychologie an der Universität Szeged, Ungarn, wo er ebenfalls Philosophie und Ästhetik studierte. Derzeit arbeitet er als Psychologe mit Krebspatienten in der onkologischen Abteilung in Szeged, wobei er gleichzeitig sein Postgraduiertenstudium an der University of Essex in Großbritannien fortsetzt.

Sein erstes Buch <em>Paraván</em> wurde 2019 veröffentlicht (Forum-FISZ Verlag), 2021 folgte  sein zweites Buch<em> Töredezettségmentesítés</em> (Forum-FISZ Verlag), welches seine Erfahrungen als Mensch, der mit einer körperlichen Behinderung lebt, thematisiert. Sein drittes Buch <em>Légzéstechnikák </em>wurde 2022 veröffentlicht.

Im Jahr 2021 erhielt er das Péter-Horváth-Literaturstipendium, das mit einem Aufenthalt an der Akademie Schloss Solitude verbunden ist.
