{"id":34632,"date":"2022-10-05T15:07:57","date_gmt":"2022-10-05T13:07:57","guid":{"rendered":"https:\/\/www.akademie-solitude.de\/?post_type=person&#038;p=34632"},"modified":"2023-02-09T12:32:42","modified_gmt":"2023-02-09T11:32:42","slug":"alessandra-santiesteban","status":"publish","type":"person","link":"https:\/\/www.akademie-solitude.de\/de\/person\/alessandra-santiesteban\/","title":{"rendered":"Alessandra Santiesteban"},"content":{"rendered":"","protected":false},"author":8,"featured_media":0,"template":"","meta":{"_acf_changed":false,"inline_featured_image":false},"person_type":[57],"program":[346],"practice_field":[133],"year_generation":[107,826],"class_list":["post-34632","person","type-person","status-publish","hentry","person_type-stipendiatinnen","program-solitude-stipendium","practice_field-auditiv-physisch","year_generation-107","year_generation-826"],"acf":{"person_id__old":"","person_name":{"person_name":"Alessandra","person_middlename":"","person_surname":"Santiesteban"},"person_metadata":"","person_position":[57],"person_job":"","person_txt":"Geboren 1985 in Holguin\/Kuba.\r\n\r\nAlessandra Santiesteban ist Schriftstellerin, Forscherin, Theaterproduzentin und bildende K\u00fcnstlerin. Sie lebt seit 2018 in Madrid\/Spanien.\r\n\r\nSie hat einen MA in den Studienf\u00e4chern Darstellende K\u00fcnste und Bildwissenschaften (MPECV) (2019) des Reina-Sof\u00eda-Museum (Madrid) und der Universit\u00e4t Kastilien-La Mancha\/Spanien. 2010 schloss sie ihr Studium an der Universit\u00e4t der K\u00fcnste in Havanna mit einem Diplom in Theaterkunst ab. Au\u00dferdem studierte sie vier Jahre lang Journalismus an der Universidad de Oriente, Santiago de Cuba\/Kuba.\r\n\r\nIhre Arbeit ist f\u00e4cher\u00fcbergreifend und kombiniert Medien-, Schreib- und Performance-Techniken aus den Bereichen Geisteswissenschaften, Geschichte, Arch\u00e4ologie, Architektur und \u00d6kologie. Seit Jahren besch\u00e4ftigt sie sich in ihrer dokumentarischen Forschung mit der Dekonstruktion des kubanischen revolution\u00e4ren \u00bbParadigmas\u00ab und der Frage, wie diese Arbeitserfahrungen mit anderen Kontexten verbunden werden k\u00f6nnen.\r\n\r\nSie hat an wichtigen Projekten zur F\u00f6rderung des iberoamerikanischen Theaters teilgenommen, darunter die tempor\u00e4re Theaterakademie Panorama\/Sur, ein Intensivseminar f\u00fcr Dramaturg*innen, und die internationale Akademie f\u00fcr darstellende Kunst Experimenta\/Sur, eine internationale Live-Kunstplattform, die in Buenos Aires\/Argentinien beziehungsweise Bogot\u00e1\/Kolumbien stattfanden.\r\n\r\nSantiesteban ist Mitglied der Union der Schriftsteller*innen und K\u00fcnstler*innen Kubas und der Allgemeinen Gesellschaft der Autor*innen und Verleger*innen (Spanien). Ihre schriftstellerischen und dramaturgischen Werke wurden von kubanischen Verlagen wie Ediciones UNION, Casa Editoria Abril, Ediciones La Luz und Ediciones Sinsentido ver\u00f6ffentlicht.\r\n\r\nIm Jahr 2020 gr\u00fcndete sie gemeinsam mit Karina Pino \u00bbThe Trailer\u00ab, eine Plattform f\u00fcr Forschung, Vermittlung und Entwicklung interdisziplin\u00e4rer Aktionen. Das Kollektiv hat Projekte initiiert, die sich mit weiblich konnotierten Problemen befassen, wie zum Beispiel den Migrationserfahrungen lateinamerikanischer Frauen, die in Europa ohne rechtlichen Schutz leben, dem Verh\u00e4ltnis ihrer K\u00f6rper zur neuen Umgebung und dem sozialen Druck, dem viele Migrantinnen ausgesetzt sind, die versuchen, bestimmten stereotypen Vorstellungen von Sch\u00f6nheit zu entsprechen. Die Projekte <em>Cartographies of Daily Life<\/em> (Nau Ivanow, Performing Arts Creation Center, Barcelona\/Spanien), <em>I Want to Be a Female Animal<\/em> (Carrozzerie | n.o.t , Rom\/Italien) und <em>The Girl Who Opened Cans With her Mouth<\/em> (Residenzprogramm des Fleetstreet-Theaters, Hamburg\/Deutschland) wurden im Jahr 2021 entwickelt.\r\n\r\nSantiesteban hat f\u00fcnf Jahre lang Erfahrungen gesammelt in der Entwicklung von Initiativen in der Nuclear City, einer derzeit von Ausgrenzung bedrohten Gemeinde, die f\u00fcr die Arbeiter*innen des 1992 stillgelegten Kernkraftwerks Juragu\u00e1 gebaut wurde. The Trailer arbeitet derzeit an <em>Juragu\u00e1, the Path of Blue Waters<\/em>, einem k\u00fcnstlerischen gemeinschaftlichen Umweltprojekt, das vom Prince Claus Fund und dem Goethe-Institut unterst\u00fctzt wird. Santiesteban ist eine der Dramaturg*innen und Filmregisseur*innen, deren Werke in der vom Instituto de Artivismo Hannah Arendt (INSTAR) koordinierten kubanischen Kunstausstellung auf der documenta fifteen in Kassel\/Deutschland im Jahr 2022 pr\u00e4sentiert wurden.","person_txt_short":"","person_img":35835,"person_website":"","person_links":null,"person_year":[107,826],"person_residencies":[{"person_stay_from":"20221001","person_stay_to":"20230331"}],"person_residency_sort_stay_from":null,"person_residency_sort_stay_to":null,"person_practice_field":[133],"person_program":[346],"person_locations":[{"person_city":"Madrid","person_country":"Spanien"}],"person_country":"","related_posts_event":[41163],"related_posts_news":"","related_posts_post":"","related_posts_schlosspost":null,"person_fellow_juror_relation":[7104,32660,32668]},"_links":{"self":[{"href":"https:\/\/www.akademie-solitude.de\/de\/wp-json\/wp\/v2\/person\/34632","targetHints":{"allow":["GET"]}}],"collection":[{"href":"https:\/\/www.akademie-solitude.de\/de\/wp-json\/wp\/v2\/person"}],"about":[{"href":"https:\/\/www.akademie-solitude.de\/de\/wp-json\/wp\/v2\/types\/person"}],"author":[{"embeddable":true,"href":"https:\/\/www.akademie-solitude.de\/de\/wp-json\/wp\/v2\/users\/8"}],"acf:post":[{"embeddable":true,"href":"https:\/\/www.akademie-solitude.de\/de\/wp-json\/wp\/v2\/person\/32668"},{"embeddable":true,"href":"https:\/\/www.akademie-solitude.de\/de\/wp-json\/wp\/v2\/person\/32660"},{"embeddable":true,"href":"https:\/\/www.akademie-solitude.de\/de\/wp-json\/wp\/v2\/person\/7104"},{"embeddable":true,"href":"https:\/\/www.akademie-solitude.de\/de\/wp-json\/wp\/v2\/event\/41163"}],"acf:term":[{"embeddable":true,"taxonomy":"program","href":"https:\/\/www.akademie-solitude.de\/de\/wp-json\/wp\/v2\/program\/346"},{"embeddable":true,"taxonomy":"practice_field","href":"https:\/\/www.akademie-solitude.de\/de\/wp-json\/wp\/v2\/practice_field\/133"},{"embeddable":true,"taxonomy":"year_generation","href":"https:\/\/www.akademie-solitude.de\/de\/wp-json\/wp\/v2\/year_generation\/826"},{"embeddable":true,"taxonomy":"year_generation","href":"https:\/\/www.akademie-solitude.de\/de\/wp-json\/wp\/v2\/year_generation\/107"},{"embeddable":true,"taxonomy":"person_type","href":"https:\/\/www.akademie-solitude.de\/de\/wp-json\/wp\/v2\/person_type\/57"}],"wp:attachment":[{"href":"https:\/\/www.akademie-solitude.de\/de\/wp-json\/wp\/v2\/media?parent=34632"}],"wp:term":[{"taxonomy":"person_type","embeddable":true,"href":"https:\/\/www.akademie-solitude.de\/de\/wp-json\/wp\/v2\/person_type?post=34632"},{"taxonomy":"program","embeddable":true,"href":"https:\/\/www.akademie-solitude.de\/de\/wp-json\/wp\/v2\/program?post=34632"},{"taxonomy":"practice_field","embeddable":true,"href":"https:\/\/www.akademie-solitude.de\/de\/wp-json\/wp\/v2\/practice_field?post=34632"},{"taxonomy":"year_generation","embeddable":true,"href":"https:\/\/www.akademie-solitude.de\/de\/wp-json\/wp\/v2\/year_generation?post=34632"}],"curies":[{"name":"wp","href":"https:\/\/api.w.org\/{rel}","templated":true}]}}

Geboren 1985 in Holguin/Kuba.

Alessandra Santiesteban ist Schriftstellerin, Forscherin, Theaterproduzentin und bildende Künstlerin. Sie lebt seit 2018 in Madrid/Spanien.

Sie hat einen MA in den Studienfächern Darstellende Künste und Bildwissenschaften (MPECV) (2019) des Reina-Sofía-Museum (Madrid) und der Universität Kastilien-La Mancha/Spanien. 2010 schloss sie ihr Studium an der Universität der Künste in Havanna mit einem Diplom in Theaterkunst ab. Außerdem studierte sie vier Jahre lang Journalismus an der Universidad de Oriente, Santiago de Cuba/Kuba.

Ihre Arbeit ist fächerübergreifend und kombiniert Medien-, Schreib- und Performance-Techniken aus den Bereichen Geisteswissenschaften, Geschichte, Archäologie, Architektur und Ökologie. Seit Jahren beschäftigt sie sich in ihrer dokumentarischen Forschung mit der Dekonstruktion des kubanischen revolutionären »Paradigmas« und der Frage, wie diese Arbeitserfahrungen mit anderen Kontexten verbunden werden können.

Sie hat an wichtigen Projekten zur Förderung des iberoamerikanischen Theaters teilgenommen, darunter die temporäre Theaterakademie Panorama/Sur, ein Intensivseminar für Dramaturg*innen, und die internationale Akademie für darstellende Kunst Experimenta/Sur, eine internationale Live-Kunstplattform, die in Buenos Aires/Argentinien beziehungsweise Bogotá/Kolumbien stattfanden.

Santiesteban ist Mitglied der Union der Schriftsteller*innen und Künstler*innen Kubas und der Allgemeinen Gesellschaft der Autor*innen und Verleger*innen (Spanien). Ihre schriftstellerischen und dramaturgischen Werke wurden von kubanischen Verlagen wie Ediciones UNION, Casa Editoria Abril, Ediciones La Luz und Ediciones Sinsentido veröffentlicht.

Im Jahr 2020 gründete sie gemeinsam mit Karina Pino »The Trailer«, eine Plattform für Forschung, Vermittlung und Entwicklung interdisziplinärer Aktionen. Das Kollektiv hat Projekte initiiert, die sich mit weiblich konnotierten Problemen befassen, wie zum Beispiel den Migrationserfahrungen lateinamerikanischer Frauen, die in Europa ohne rechtlichen Schutz leben, dem Verhältnis ihrer Körper zur neuen Umgebung und dem sozialen Druck, dem viele Migrantinnen ausgesetzt sind, die versuchen, bestimmten stereotypen Vorstellungen von Schönheit zu entsprechen. Die Projekte <em>Cartographies of Daily Life</em> (Nau Ivanow, Performing Arts Creation Center, Barcelona/Spanien), <em>I Want to Be a Female Animal</em> (Carrozzerie | n.o.t , Rom/Italien) und <em>The Girl Who Opened Cans With her Mouth</em> (Residenzprogramm des Fleetstreet-Theaters, Hamburg/Deutschland) wurden im Jahr 2021 entwickelt.

Santiesteban hat fünf Jahre lang Erfahrungen gesammelt in der Entwicklung von Initiativen in der Nuclear City, einer derzeit von Ausgrenzung bedrohten Gemeinde, die für die Arbeiter*innen des 1992 stillgelegten Kernkraftwerks Juraguá gebaut wurde. The Trailer arbeitet derzeit an <em>Juraguá, the Path of Blue Waters</em>, einem künstlerischen gemeinschaftlichen Umweltprojekt, das vom Prince Claus Fund und dem Goethe-Institut unterstützt wird. Santiesteban ist eine der Dramaturg*innen und Filmregisseur*innen, deren Werke in der vom Instituto de Artivismo Hannah Arendt (INSTAR) koordinierten kubanischen Kunstausstellung auf der documenta fifteen in Kassel/Deutschland im Jahr 2022 präsentiert wurden.
