{"id":42622,"date":"2025-04-23T12:14:50","date_gmt":"2025-04-23T10:14:50","guid":{"rendered":"https:\/\/www.akademie-solitude.de\/?post_type=person&#038;p=42622"},"modified":"2025-07-08T10:00:06","modified_gmt":"2025-07-08T08:00:06","slug":"ali-mirmohammadi","status":"publish","type":"person","link":"https:\/\/www.akademie-solitude.de\/de\/person\/ali-mirmohammadi\/","title":{"rendered":"Alireza Mirmohammadi"},"content":{"rendered":"","protected":false},"author":8,"featured_media":0,"template":"","meta":{"_acf_changed":false,"inline_featured_image":false},"person_type":[57],"program":[346],"practice_field":[133],"year_generation":[856,857],"class_list":["post-42622","person","type-person","status-publish","hentry","person_type-stipendiatinnen","program-solitude-stipendium","practice_field-auditiv-physisch","year_generation-856","year_generation-857"],"acf":{"person_id__old":"","person_name":{"person_name":"Alireza","person_middlename":"","person_surname":"Mirmohammadi"},"person_metadata":"","person_position":[57],"person_job":"","person_txt":"Alireza Mirmohammadi ist ein iranischer zeitgen\u00f6ssischer T\u00e4nzer und Choreograf, der in Paris\/Frankreich lebt. Im Jahr 2011 erwarb er seinen Bachelor-Abschluss in Theaterwissenschaften an Tehran University of Art und legte damit die akademische Grundlage f\u00fcr seine k\u00fcnstlerischen Aktivit\u00e4ten.\r\n\r\nW\u00e4hrend seiner Reise hat Mirmohammadi mit einer Reihe iranischer K\u00fcnstler*innen zusammengearbeitet. Dazu geh\u00f6ren immersive und interaktive Performances mit Mehdi Farajpour, dem k\u00fcnstlerischen Leiter der in Paris ans\u00e4ssigen Tanzkompanie Oriaan Theatre, sowie eine zentrale Rolle in Atefeh Tehranis physischem Theaterprojekt <em>Read<\/em>, neben anderen pr\u00e4genden Projekten.\r\n\r\nIm Jahr 2016 wagte er sich mit <em>Nature Exploration<\/em> in die Welt des Tanzfilms. Im selben Jahr erm\u00f6glichte er ein Treffen zwischen IETM-Mitgliedern und der iranischen Gemeinschaft der darstellenden K\u00fcnste, das 2017 zur Gr\u00fcndung der IPAC (Iranian Performing Arts Community) f\u00fchrte. IPAC umfasst mehr als 350 Mitglieder aus dem gesamten Bereich. Im Laufe eines Jahres organisierte Mirmohammadi elf Tanzworkshops, um das Wachstum dieser Gemeinschaft zu unterst\u00fctzen.\r\n\r\nEr hat auch zum narrativen Kino beigetragen, indem er als Berater der Regisseurin bei den Kurzfilmen <em>Stain<\/em> und <em>The Home Which I Loved<\/em> fungierte, die beide unter der Regie von Maryam Ghiasi entstanden und von renommierten internationalen Filmfestivals ausgew\u00e4hlt wurden.\r\n\r\nVon 2017 bis 2019 war er ein prominenter Performer in Jan Martens' renommierter GRIP-Tanzkompanie in Gent\/Belgien. In dieser Zeit arbeitete er mit der isl\u00e4ndischen Choreografin Bara Sigfusdottir als einer der Hauptt\u00e4nzer in ihrem St\u00fcck <em>being<\/em> zusammen, das auf Tourneen durch den Iran, Belgien, die T\u00fcrkei, Deutschland, Frankreich, die Niederlande und Island gezeigt wurde.\r\n\r\nSein Soloprojekt <em>Lullaby <\/em>besch\u00e4ftigt sich mit dem Thema der Trauer und ihrem verk\u00f6rperten Ausdruck durch Bewegung. Das St\u00fcck, das w\u00e4hrend seiner Aufenthalte im Workspace Brussels, bei PACT Zollverein und der Camargo Foundation entstand, wird von Charleroi Danse koproduziert und wurde im M\u00e4rz 2024 in Belgien uraufgef\u00fchrt.\r\n\r\nIm Jahr 2023 begann Mirmohammadi mit der Arbeit an seinem aktuellen Projekt <em>Mangle<\/em>, das in Zusammenarbeit mit seiner langj\u00e4hrigen Kollaborations- und Lebenspartnerin <a href=\"https:\/\/www.akademie-solitude.de\/de\/person\/maryam-ghiasi\/\">Maryam Ghiasi<\/a> entstand. Das St\u00fcck wurde im Rahmen internationaler Residenzen entwickelt, angefangen bei der Camargo Foundation und fortgesetzt in der Cit\u00e9 Internationale des Arts in Paris, mit weiteren Proben bei PACT Zollverein, Le CND und Montpellier Danse. Im April 2024 wurde Mangle f\u00fcr den prestigetr\u00e4chtigen Chaillot Fabrique-Aufenthalt am Th\u00e9\u00e2tre National de la Danse ausgew\u00e4hlt.","person_txt_short":"","person_img":42623,"person_website":"","person_links":null,"person_year":[856,857],"person_residencies":[{"person_stay_from":"20250407","person_stay_to":"20250713"}],"person_residency_sort_stay_from":null,"person_residency_sort_stay_to":null,"person_practice_field":[133],"person_program":[346],"person_locations":[{"person_city":"","person_country":"Iran"},{"person_city":"","person_country":"Frankreich"}],"person_country":"","related_posts_event":[42593],"related_posts_news":"","related_posts_post":"","related_posts_schlosspost":null,"person_fellow_juror_relation":[39529,39526]},"_links":{"self":[{"href":"https:\/\/www.akademie-solitude.de\/de\/wp-json\/wp\/v2\/person\/42622","targetHints":{"allow":["GET"]}}],"collection":[{"href":"https:\/\/www.akademie-solitude.de\/de\/wp-json\/wp\/v2\/person"}],"about":[{"href":"https:\/\/www.akademie-solitude.de\/de\/wp-json\/wp\/v2\/types\/person"}],"author":[{"embeddable":true,"href":"https:\/\/www.akademie-solitude.de\/de\/wp-json\/wp\/v2\/users\/8"}],"acf:post":[{"embeddable":true,"href":"https:\/\/www.akademie-solitude.de\/de\/wp-json\/wp\/v2\/person\/39526"},{"embeddable":true,"href":"https:\/\/www.akademie-solitude.de\/de\/wp-json\/wp\/v2\/person\/39529"},{"embeddable":true,"href":"https:\/\/www.akademie-solitude.de\/de\/wp-json\/wp\/v2\/event\/42593"}],"acf:term":[{"embeddable":true,"taxonomy":"program","href":"https:\/\/www.akademie-solitude.de\/de\/wp-json\/wp\/v2\/program\/346"},{"embeddable":true,"taxonomy":"practice_field","href":"https:\/\/www.akademie-solitude.de\/de\/wp-json\/wp\/v2\/practice_field\/133"},{"embeddable":true,"taxonomy":"year_generation","href":"https:\/\/www.akademie-solitude.de\/de\/wp-json\/wp\/v2\/year_generation\/857"},{"embeddable":true,"taxonomy":"year_generation","href":"https:\/\/www.akademie-solitude.de\/de\/wp-json\/wp\/v2\/year_generation\/856"},{"embeddable":true,"taxonomy":"person_type","href":"https:\/\/www.akademie-solitude.de\/de\/wp-json\/wp\/v2\/person_type\/57"}],"wp:attachment":[{"href":"https:\/\/www.akademie-solitude.de\/de\/wp-json\/wp\/v2\/media?parent=42622"}],"wp:term":[{"taxonomy":"person_type","embeddable":true,"href":"https:\/\/www.akademie-solitude.de\/de\/wp-json\/wp\/v2\/person_type?post=42622"},{"taxonomy":"program","embeddable":true,"href":"https:\/\/www.akademie-solitude.de\/de\/wp-json\/wp\/v2\/program?post=42622"},{"taxonomy":"practice_field","embeddable":true,"href":"https:\/\/www.akademie-solitude.de\/de\/wp-json\/wp\/v2\/practice_field?post=42622"},{"taxonomy":"year_generation","embeddable":true,"href":"https:\/\/www.akademie-solitude.de\/de\/wp-json\/wp\/v2\/year_generation?post=42622"}],"curies":[{"name":"wp","href":"https:\/\/api.w.org\/{rel}","templated":true}]}}

Alireza Mirmohammadi ist ein iranischer zeitgenössischer Tänzer und Choreograf, der in Paris/Frankreich lebt. Im Jahr 2011 erwarb er seinen Bachelor-Abschluss in Theaterwissenschaften an Tehran University of Art und legte damit die akademische Grundlage für seine künstlerischen Aktivitäten.

Während seiner Reise hat Mirmohammadi mit einer Reihe iranischer Künstler*innen zusammengearbeitet. Dazu gehören immersive und interaktive Performances mit Mehdi Farajpour, dem künstlerischen Leiter der in Paris ansässigen Tanzkompanie Oriaan Theatre, sowie eine zentrale Rolle in Atefeh Tehranis physischem Theaterprojekt <em>Read</em>, neben anderen prägenden Projekten.

Im Jahr 2016 wagte er sich mit <em>Nature Exploration</em> in die Welt des Tanzfilms. Im selben Jahr ermöglichte er ein Treffen zwischen IETM-Mitgliedern und der iranischen Gemeinschaft der darstellenden Künste, das 2017 zur Gründung der IPAC (Iranian Performing Arts Community) führte. IPAC umfasst mehr als 350 Mitglieder aus dem gesamten Bereich. Im Laufe eines Jahres organisierte Mirmohammadi elf Tanzworkshops, um das Wachstum dieser Gemeinschaft zu unterstützen.

Er hat auch zum narrativen Kino beigetragen, indem er als Berater der Regisseurin bei den Kurzfilmen <em>Stain</em> und <em>The Home Which I Loved</em> fungierte, die beide unter der Regie von Maryam Ghiasi entstanden und von renommierten internationalen Filmfestivals ausgewählt wurden.

Von 2017 bis 2019 war er ein prominenter Performer in Jan Martens' renommierter GRIP-Tanzkompanie in Gent/Belgien. In dieser Zeit arbeitete er mit der isländischen Choreografin Bara Sigfusdottir als einer der Haupttänzer in ihrem Stück <em>being</em> zusammen, das auf Tourneen durch den Iran, Belgien, die Türkei, Deutschland, Frankreich, die Niederlande und Island gezeigt wurde.

Sein Soloprojekt <em>Lullaby </em>beschäftigt sich mit dem Thema der Trauer und ihrem verkörperten Ausdruck durch Bewegung. Das Stück, das während seiner Aufenthalte im Workspace Brussels, bei PACT Zollverein und der Camargo Foundation entstand, wird von Charleroi Danse koproduziert und wurde im März 2024 in Belgien uraufgeführt.

Im Jahr 2023 begann Mirmohammadi mit der Arbeit an seinem aktuellen Projekt <em>Mangle</em>, das in Zusammenarbeit mit seiner langjährigen Kollaborations- und Lebenspartnerin <a href="https://www.akademie-solitude.de/de/person/maryam-ghiasi/">Maryam Ghiasi</a> entstand. Das Stück wurde im Rahmen internationaler Residenzen entwickelt, angefangen bei der Camargo Foundation und fortgesetzt in der Cité Internationale des Arts in Paris, mit weiteren Proben bei PACT Zollverein, Le CND und Montpellier Danse. Im April 2024 wurde Mangle für den prestigeträchtigen Chaillot Fabrique-Aufenthalt am Théâtre National de la Danse ausgewählt.
