{"id":43403,"date":"2026-02-03T10:58:01","date_gmt":"2026-02-03T09:58:01","guid":{"rendered":"https:\/\/www.akademie-solitude.de\/?post_type=person&#038;p=43403"},"modified":"2026-02-06T11:40:07","modified_gmt":"2026-02-06T10:40:07","slug":"collective-pals-research-group","status":"publish","type":"person","link":"https:\/\/www.akademie-solitude.de\/de\/person\/collective-pals-research-group\/","title":{"rendered":"Collective PALs Research Group"},"content":{"rendered":"","protected":false},"author":8,"featured_media":0,"template":"","meta":{"_acf_changed":false,"inline_featured_image":false},"person_type":[57],"program":[346],"practice_field":[142],"year_generation":[858],"class_list":["post-43403","person","type-person","status-publish","hentry","person_type-stipendiatinnen","program-solitude-stipendium","practice_field-gesellschaftlich-gemeinschaftlich","year_generation-858"],"acf":{"person_id__old":"","person_name":{"person_name":"","person_middlename":"","person_surname":"Collective PALs Research Group"},"person_metadata":"","person_position":[57],"person_job":"","person_txt":"PALs ist ein Forschungskollektiv bestehend aus Faye Harvey, Fine Bieler und Veronika Varga. In ihrer Praxis nutzen sie kritische Untersuchungsmethoden, um die Instabilit\u00e4t von Systemen \u2013 Institutionen, Gesetzen, Infrastrukturen \u2013 zu untersuchen, die sich als transhistorisch und damit als nat\u00fcrlich pr\u00e4sentieren. PALs widmet sich der Aufdeckung der \u00a0politischen Konstrukte, die der Finanzialisierung von Lebensr\u00e4umen zugrunde liegen. Ihre Arbeiten st\u00fctzen sich h\u00e4ufig auf Video, Animation, Ton, Theorie und Fiktion. Die Gruppe entstand am Centre for Research Architecture der Goldsmiths, University of London\/Gro\u00dfbritannien.\r\n\r\nVeronika Varga ist Forscherin und Architektin. Ihre Arbeit bewegt sich an der Schnittstelle von Themen wie Gerechtigkeit, Fl\u00fcsse und osteurop\u00e4ischer Futurismus. Aktuelle Projekte konzentrieren sich auf postsowjetische Infrastrukturlandschaften und Feucht\u00f6kologien.\r\n\r\nFaye Harvey arbeitet vorwiegend mit Video, Sound und Text. Ihre Forschungsschwerpunkte umfassen Wohnungs- und Mietk\u00e4mpfe, die Geschichte der Sozialf\u00fcrsorge und famili\u00e4rer Strukturen, den Widerstand gegen steigende Arbeitsproduktivit\u00e4t \u2013 insbesondere in der Logistik \u2013 sowie die Rolle von Hoffnung und Utopie in der politischen Organisation.\r\n\r\nFine Bieler ist bildende K\u00fcnstlerin und Forscherin. Sie besch\u00e4ftigt sich mit kolonialen Kontinuit\u00e4ten in zeitgen\u00f6ssischen Systemen wie Grenzen, Lieferketten und Landbesitz und besch\u00e4ftigt sich mit utopischen und abolitionistischen Praktiken, insbesondere im Kontext der Bildung.","person_txt_short":"","person_img":43404,"person_website":"","person_links":null,"person_year":[858],"person_residencies":[{"person_stay_from":"20260202","person_stay_to":"20260531"}],"person_residency_sort_stay_from":"20260202","person_residency_sort_stay_to":"20260531","person_practice_field":[142],"person_program":[346],"person_locations":[{"person_city":"","person_country":"Ungarn, Deutschland, Gro\u00dfbritannien"}],"person_country":"","related_posts_event":"","related_posts_news":"","related_posts_post":"","related_posts_schlosspost":null,"person_fellow_juror_relation":[42945,39511]},"_links":{"self":[{"href":"https:\/\/www.akademie-solitude.de\/de\/wp-json\/wp\/v2\/person\/43403","targetHints":{"allow":["GET"]}}],"collection":[{"href":"https:\/\/www.akademie-solitude.de\/de\/wp-json\/wp\/v2\/person"}],"about":[{"href":"https:\/\/www.akademie-solitude.de\/de\/wp-json\/wp\/v2\/types\/person"}],"author":[{"embeddable":true,"href":"https:\/\/www.akademie-solitude.de\/de\/wp-json\/wp\/v2\/users\/8"}],"acf:post":[{"embeddable":true,"href":"https:\/\/www.akademie-solitude.de\/de\/wp-json\/wp\/v2\/person\/39511"},{"embeddable":true,"href":"https:\/\/www.akademie-solitude.de\/de\/wp-json\/wp\/v2\/person\/42945"}],"acf:term":[{"embeddable":true,"taxonomy":"program","href":"https:\/\/www.akademie-solitude.de\/de\/wp-json\/wp\/v2\/program\/346"},{"embeddable":true,"taxonomy":"practice_field","href":"https:\/\/www.akademie-solitude.de\/de\/wp-json\/wp\/v2\/practice_field\/142"},{"embeddable":true,"taxonomy":"year_generation","href":"https:\/\/www.akademie-solitude.de\/de\/wp-json\/wp\/v2\/year_generation\/858"},{"embeddable":true,"taxonomy":"person_type","href":"https:\/\/www.akademie-solitude.de\/de\/wp-json\/wp\/v2\/person_type\/57"}],"wp:attachment":[{"href":"https:\/\/www.akademie-solitude.de\/de\/wp-json\/wp\/v2\/media?parent=43403"}],"wp:term":[{"taxonomy":"person_type","embeddable":true,"href":"https:\/\/www.akademie-solitude.de\/de\/wp-json\/wp\/v2\/person_type?post=43403"},{"taxonomy":"program","embeddable":true,"href":"https:\/\/www.akademie-solitude.de\/de\/wp-json\/wp\/v2\/program?post=43403"},{"taxonomy":"practice_field","embeddable":true,"href":"https:\/\/www.akademie-solitude.de\/de\/wp-json\/wp\/v2\/practice_field?post=43403"},{"taxonomy":"year_generation","embeddable":true,"href":"https:\/\/www.akademie-solitude.de\/de\/wp-json\/wp\/v2\/year_generation?post=43403"}],"curies":[{"name":"wp","href":"https:\/\/api.w.org\/{rel}","templated":true}]}}

PALs ist ein Forschungskollektiv bestehend aus Faye Harvey, Fine Bieler und Veronika Varga. In ihrer Praxis nutzen sie kritische Untersuchungsmethoden, um die Instabilität von Systemen – Institutionen, Gesetzen, Infrastrukturen – zu untersuchen, die sich als transhistorisch und damit als natürlich präsentieren. PALs widmet sich der Aufdeckung der  politischen Konstrukte, die der Finanzialisierung von Lebensräumen zugrunde liegen. Ihre Arbeiten stützen sich häufig auf Video, Animation, Ton, Theorie und Fiktion. Die Gruppe entstand am Centre for Research Architecture der Goldsmiths, University of London/Großbritannien.

Veronika Varga ist Forscherin und Architektin. Ihre Arbeit bewegt sich an der Schnittstelle von Themen wie Gerechtigkeit, Flüsse und osteuropäischer Futurismus. Aktuelle Projekte konzentrieren sich auf postsowjetische Infrastrukturlandschaften und Feuchtökologien.

Faye Harvey arbeitet vorwiegend mit Video, Sound und Text. Ihre Forschungsschwerpunkte umfassen Wohnungs- und Mietkämpfe, die Geschichte der Sozialfürsorge und familiärer Strukturen, den Widerstand gegen steigende Arbeitsproduktivität – insbesondere in der Logistik – sowie die Rolle von Hoffnung und Utopie in der politischen Organisation.

Fine Bieler ist bildende Künstlerin und Forscherin. Sie beschäftigt sich mit kolonialen Kontinuitäten in zeitgenössischen Systemen wie Grenzen, Lieferketten und Landbesitz und beschäftigt sich mit utopischen und abolitionistischen Praktiken, insbesondere im Kontext der Bildung.

Ungarn, Deutschland, Großbritannien
