{"id":43500,"date":"2025-09-08T15:38:59","date_gmt":"2025-09-08T13:38:59","guid":{"rendered":"https:\/\/www.akademie-solitude.de\/?post_type=person&#038;p=43500"},"modified":"2025-09-08T15:38:59","modified_gmt":"2025-09-08T13:38:59","slug":"sergiu-dita","status":"publish","type":"person","link":"https:\/\/www.akademie-solitude.de\/de\/person\/sergiu-dita\/","title":{"rendered":"Sergiu Di\u021b\u0103"},"content":{"rendered":"","protected":false},"author":8,"featured_media":0,"template":"","meta":{"_acf_changed":false,"inline_featured_image":false},"person_type":[57],"program":[347],"practice_field":[109],"year_generation":[857],"class_list":["post-43500","person","type-person","status-publish","hentry","person_type-stipendiatinnen","program-solitude-exchange-network","practice_field-sonderprogramme","year_generation-857"],"acf":{"person_id__old":"","person_name":{"person_name":"Sergiu","person_middlename":"","person_surname":"Di\u021b\u0103"},"person_metadata":"","person_position":[57],"person_job":"","person_txt":"Sergiu Di\u021b\u0103, geboren 1999 in Klausenburg\/Rum\u00e4nien, ist Performer und aufstrebender Choreograf mit Sitz in Bukarest\/Rum\u00e4nien. Er begann seine Ausbildung im zeitgen\u00f6ssischen Tanz am Octavian-Stroia-Gymnasium.\r\n\r\nEr hat einen Bachelor- und Masterabschluss in Choreografie von der Nationalen Universit\u00e4t f\u00fcr Theater und Film in Bukarest\/Rum\u00e4nien, wo er das Studium 2023 abschloss. Von 2022 bis 2023 studierte er au\u00dferdem an der Akademie f\u00fcr Tanz und Performance, die dem Nationalen Tanzzentrum Bukarest angegliedert ist.\r\n\r\nIn seiner k\u00fcnstlerischen Praxis erforscht er Popkultur als Instrument der Gesellschaftskritik unter Verwendung von Techniken wie Recycling, Sampling und Remixing. Seine Performance <em>MANual<\/em> (2023) war Teil des Festivals Mittelyoung, Cividale del Friuli\/Italien (2024), w\u00e4hrend <em>MEMETIC<\/em><em>S<\/em> (2024) bei den Rum\u00e4nischen Theaterpreisen (UNITER) 2025 f\u00fcr die Auszeichnung <em>Beste Choreografie<\/em> nominiert wurde.\r\n\r\nGemeinsam mit Anca Stoica bildet er das Kreativduo Platforma 13. Ihr j\u00fcngstes Werk <em>Balkan Ballerinas<\/em> (2024) tourte durch Sofia\/Bulgarien, Belgrad\/Serbien und Osnabr\u00fcck\/Deutschland, w\u00e4hrend ihr Deb\u00fctst\u00fcck <em>Pop Recycling Body Work<\/em> (2022) auf der Bukarester Biennale 10 gezeigt wurde.\r\n\r\nEr nahm an Residency-Programmen teil wie ID\u2019s in Sync, Rom\/Italien (2024), gef\u00f6rdert von Culture Moves Europe; \u0218AH<strong>\/<\/strong>Acas\u0103 la Hundorf\/At Home in Hundorf, Rum\u00e4nien (2023) und AREAL, Bukarest (2023). Au\u00dferdem arbeitete er als Bewegungsregisseur f\u00fcr verschiedene Theaterproduktionen am Deutschen Staatstheater Temeswar\/Rum\u00e4nien, am Kom\u00f6dientheater, Bukarest, und am Reactor, Cluj-Napoca.","person_txt_short":"","person_img":43501,"person_website":"","person_links":null,"person_year":[857],"person_residencies":[{"person_stay_from":"20250908","person_stay_to":"20251130"}],"person_residency_sort_stay_from":null,"person_residency_sort_stay_to":null,"person_practice_field":[109],"person_program":[347],"person_locations":[{"person_city":"Bukarest","person_country":"Rum\u00e4nien"}],"person_country":"","related_posts_event":[43427,43694],"related_posts_news":"","related_posts_post":"","related_posts_schlosspost":null,"person_fellow_juror_relation":""},"_links":{"self":[{"href":"https:\/\/www.akademie-solitude.de\/de\/wp-json\/wp\/v2\/person\/43500","targetHints":{"allow":["GET"]}}],"collection":[{"href":"https:\/\/www.akademie-solitude.de\/de\/wp-json\/wp\/v2\/person"}],"about":[{"href":"https:\/\/www.akademie-solitude.de\/de\/wp-json\/wp\/v2\/types\/person"}],"author":[{"embeddable":true,"href":"https:\/\/www.akademie-solitude.de\/de\/wp-json\/wp\/v2\/users\/8"}],"acf:post":[{"embeddable":true,"href":"https:\/\/www.akademie-solitude.de\/de\/wp-json\/wp\/v2\/event\/43694"},{"embeddable":true,"href":"https:\/\/www.akademie-solitude.de\/de\/wp-json\/wp\/v2\/event\/43427"}],"acf:term":[{"embeddable":true,"taxonomy":"program","href":"https:\/\/www.akademie-solitude.de\/de\/wp-json\/wp\/v2\/program\/347"},{"embeddable":true,"taxonomy":"practice_field","href":"https:\/\/www.akademie-solitude.de\/de\/wp-json\/wp\/v2\/practice_field\/109"},{"embeddable":true,"taxonomy":"year_generation","href":"https:\/\/www.akademie-solitude.de\/de\/wp-json\/wp\/v2\/year_generation\/857"},{"embeddable":true,"taxonomy":"person_type","href":"https:\/\/www.akademie-solitude.de\/de\/wp-json\/wp\/v2\/person_type\/57"}],"wp:attachment":[{"href":"https:\/\/www.akademie-solitude.de\/de\/wp-json\/wp\/v2\/media?parent=43500"}],"wp:term":[{"taxonomy":"person_type","embeddable":true,"href":"https:\/\/www.akademie-solitude.de\/de\/wp-json\/wp\/v2\/person_type?post=43500"},{"taxonomy":"program","embeddable":true,"href":"https:\/\/www.akademie-solitude.de\/de\/wp-json\/wp\/v2\/program?post=43500"},{"taxonomy":"practice_field","embeddable":true,"href":"https:\/\/www.akademie-solitude.de\/de\/wp-json\/wp\/v2\/practice_field?post=43500"},{"taxonomy":"year_generation","embeddable":true,"href":"https:\/\/www.akademie-solitude.de\/de\/wp-json\/wp\/v2\/year_generation?post=43500"}],"curies":[{"name":"wp","href":"https:\/\/api.w.org\/{rel}","templated":true}]}}

Sergiu Diță

Diță

Sergiu Diță, geboren 1999 in Klausenburg/Rumänien, ist Performer und aufstrebender Choreograf mit Sitz in Bukarest/Rumänien. Er begann seine Ausbildung im zeitgenössischen Tanz am Octavian-Stroia-Gymnasium.

Er hat einen Bachelor- und Masterabschluss in Choreografie von der Nationalen Universität für Theater und Film in Bukarest/Rumänien, wo er das Studium 2023 abschloss. Von 2022 bis 2023 studierte er außerdem an der Akademie für Tanz und Performance, die dem Nationalen Tanzzentrum Bukarest angegliedert ist.

In seiner künstlerischen Praxis erforscht er Popkultur als Instrument der Gesellschaftskritik unter Verwendung von Techniken wie Recycling, Sampling und Remixing. Seine Performance <em>MANual</em> (2023) war Teil des Festivals Mittelyoung, Cividale del Friuli/Italien (2024), während <em>MEMETIC</em><em>S</em> (2024) bei den Rumänischen Theaterpreisen (UNITER) 2025 für die Auszeichnung <em>Beste Choreografie</em> nominiert wurde.

Gemeinsam mit Anca Stoica bildet er das Kreativduo Platforma 13. Ihr jüngstes Werk <em>Balkan Ballerinas</em> (2024) tourte durch Sofia/Bulgarien, Belgrad/Serbien und Osnabrück/Deutschland, während ihr Debütstück <em>Pop Recycling Body Work</em> (2022) auf der Bukarester Biennale 10 gezeigt wurde.

Er nahm an Residency-Programmen teil wie ID’s in Sync, Rom/Italien (2024), gefördert von Culture Moves Europe; ȘAH<strong>/</strong>Acasă la Hundorf/At Home in Hundorf, Rumänien (2023) und AREAL, Bukarest (2023). Außerdem arbeitete er als Bewegungsregisseur für verschiedene Theaterproduktionen am Deutschen Staatstheater Temeswar/Rumänien, am Komödientheater, Bukarest, und am Reactor, Cluj-Napoca.

Rumänien
