{"id":5464,"date":"2020-03-26T14:47:11","date_gmt":"2020-03-26T13:47:11","guid":{"rendered":"https:\/\/www.akademie-solitude.de\/person\/dan-graham\/"},"modified":"2020-08-12T17:27:08","modified_gmt":"2020-08-12T15:27:08","slug":"dan-graham","status":"publish","type":"person","link":"https:\/\/www.akademie-solitude.de\/de\/person\/dan-graham\/","title":{"rendered":"Dan  Graham"},"content":{"rendered":"","protected":false},"author":1,"featured_media":0,"template":"","meta":{"_acf_changed":false,"inline_featured_image":false},"person_type":[56],"program":[],"practice_field":[111],"year_generation":[94,95,96],"class_list":["post-5464","person","type-person","status-publish","hentry","person_type-jurorinnen","practice_field-bildende-kunst","year_generation-94","year_generation-95","year_generation-96"],"acf":{"person_id__old":"1357","person_name":{"person_name":"Dan","person_middlename":"","person_surname":"Graham"},"person_metadata":"","person_position":[56],"person_job":"","person_txt":"Geboren 1942 in Urbana\/USA<br \/>\n<br \/>\nDan Graham ist Konzeptk\u00fcnstler und lebt in New York. Er spielt eine einflussreiche Rolle in der zeitgen\u00f6ssischen Kunst als K\u00fcnstler einerseits und als Kunstkritiker und -theoretiker andererseits. Seine Kunstkarriere begann 1964 als er nach New York ging und die John Daniels Gallery er\u00f6ffnete. Grahams Arbeit schlie\u00dft Disziplinen ein wie Film, Video, Performance, Fotografie, Architekturmodelle und Glas- und Spiegelstrukturen. Sein besonderes Augenmerk liegt auf der Beziehung zwischen seinen Kunstwerken und ihren Betrachtern. Graham machte sich in den 1980er Jahren als Architekt von konzeptuellen Glas- und Spiegelpavillons einen Namen. <br \/>\nNeben seinen visuellen Arbeiten ver\u00f6ffentlichte er eine gro\u00dfe Anzahl von kritischen und spekulativen Schriften. Seine fr\u00fchesten Arbeiten waren Fotografien und Drucke numerologischer Sequenzen. Seine Fotos hinterfragen die Beziehung zwischen privater und \u00f6ffentlicher Architektur. <br \/>\n<br \/>\nEinzelausstellungen (Auswahl): \u00bbDan Graham \u0152uvres, 1965-2000\u00ab, Mus\u00e9e d'art moderne de la Ville de Paris, Frankreich (2001); \u00bbChildren's Day Care Center\u00ab, CD-Rom, Cartoon, and Computer Screen Library Project, Marian Goodman Gallery, New York (2000); \u00bbArchitekturmodell\u00ab, Kunst-Werke Berlin (1999); \u00bbThe Suburban City\u00ab, Neue Galerie am Landesmuseum Joanneum, Graz (1997); \u00bbVideo\/Architecture\/Performance\u00ab, EA-Generali-Foundation, Wien (1995); \u00bbPavilion Sculptures & Photographs\u00ab, Lisson Gallery, London (1991). <br \/>\n<br \/>\nGruppenausstellungen (Auswahl): \u00bbBisected Triangle, Interior Curve\u00ab, Madison Square Park, New York (2002); \u00bbGreek Meander Pavilion\u00bb, Lisson Gallery, London(2001); \u00bbGirls Make-Up Room\u00ab, Hauser & Wirth Z\u00fcrich, London (1998-2000); \u00bbTwo Way Mirror with Hedge Labyrinth\u00ab, Lisson Gallery, London (1989); \u00bbHomes for America\u00ab, John Gibson Gallery, New York (1967).","person_txt_short":"","person_img":"","person_website":"","person_links":null,"person_year":[94,95,96],"person_residencies":null,"person_residency_sort_stay_from":null,"person_residency_sort_stay_to":null,"person_practice_field":[111],"person_program":false,"person_locations":[{"person_city":"New York","person_country":"USA"}],"person_country":"","related_posts_event":"","related_posts_news":"","related_posts_post":null,"related_posts_schlosspost":null,"person_juror_fellow_relation":[5958,5996,6028,6083,6111,6134,6157,6161]},"_links":{"self":[{"href":"https:\/\/www.akademie-solitude.de\/de\/wp-json\/wp\/v2\/person\/5464","targetHints":{"allow":["GET"]}}],"collection":[{"href":"https:\/\/www.akademie-solitude.de\/de\/wp-json\/wp\/v2\/person"}],"about":[{"href":"https:\/\/www.akademie-solitude.de\/de\/wp-json\/wp\/v2\/types\/person"}],"author":[{"embeddable":true,"href":"https:\/\/www.akademie-solitude.de\/de\/wp-json\/wp\/v2\/users\/1"}],"acf:post":[{"embeddable":true,"href":"https:\/\/www.akademie-solitude.de\/de\/wp-json\/wp\/v2\/person\/6161"},{"embeddable":true,"href":"https:\/\/www.akademie-solitude.de\/de\/wp-json\/wp\/v2\/person\/6157"},{"embeddable":true,"href":"https:\/\/www.akademie-solitude.de\/de\/wp-json\/wp\/v2\/person\/6134"},{"embeddable":true,"href":"https:\/\/www.akademie-solitude.de\/de\/wp-json\/wp\/v2\/person\/6111"},{"embeddable":true,"href":"https:\/\/www.akademie-solitude.de\/de\/wp-json\/wp\/v2\/person\/6083"},{"embeddable":true,"href":"https:\/\/www.akademie-solitude.de\/de\/wp-json\/wp\/v2\/person\/6028"},{"embeddable":true,"href":"https:\/\/www.akademie-solitude.de\/de\/wp-json\/wp\/v2\/person\/5996"},{"embeddable":true,"href":"https:\/\/www.akademie-solitude.de\/de\/wp-json\/wp\/v2\/person\/5958"}],"acf:term":[{"embeddable":true,"taxonomy":"practice_field","href":"https:\/\/www.akademie-solitude.de\/de\/wp-json\/wp\/v2\/practice_field\/111"},{"embeddable":true,"taxonomy":"year_generation","href":"https:\/\/www.akademie-solitude.de\/de\/wp-json\/wp\/v2\/year_generation\/96"},{"embeddable":true,"taxonomy":"year_generation","href":"https:\/\/www.akademie-solitude.de\/de\/wp-json\/wp\/v2\/year_generation\/95"},{"embeddable":true,"taxonomy":"year_generation","href":"https:\/\/www.akademie-solitude.de\/de\/wp-json\/wp\/v2\/year_generation\/94"},{"embeddable":true,"taxonomy":"person_type","href":"https:\/\/www.akademie-solitude.de\/de\/wp-json\/wp\/v2\/person_type\/56"}],"wp:attachment":[{"href":"https:\/\/www.akademie-solitude.de\/de\/wp-json\/wp\/v2\/media?parent=5464"}],"wp:term":[{"taxonomy":"person_type","embeddable":true,"href":"https:\/\/www.akademie-solitude.de\/de\/wp-json\/wp\/v2\/person_type?post=5464"},{"taxonomy":"program","embeddable":true,"href":"https:\/\/www.akademie-solitude.de\/de\/wp-json\/wp\/v2\/program?post=5464"},{"taxonomy":"practice_field","embeddable":true,"href":"https:\/\/www.akademie-solitude.de\/de\/wp-json\/wp\/v2\/practice_field?post=5464"},{"taxonomy":"year_generation","embeddable":true,"href":"https:\/\/www.akademie-solitude.de\/de\/wp-json\/wp\/v2\/year_generation?post=5464"}],"curies":[{"name":"wp","href":"https:\/\/api.w.org\/{rel}","templated":true}]}}

Geboren 1942 in Urbana/USA<br />
<br />
Dan Graham ist Konzeptkünstler und lebt in New York. Er spielt eine einflussreiche Rolle in der zeitgenössischen Kunst als Künstler einerseits und als Kunstkritiker und -theoretiker andererseits. Seine Kunstkarriere begann 1964 als er nach New York ging und die John Daniels Gallery eröffnete. Grahams Arbeit schließt Disziplinen ein wie Film, Video, Performance, Fotografie, Architekturmodelle und Glas- und Spiegelstrukturen. Sein besonderes Augenmerk liegt auf der Beziehung zwischen seinen Kunstwerken und ihren Betrachtern. Graham machte sich in den 1980er Jahren als Architekt von konzeptuellen Glas- und Spiegelpavillons einen Namen. <br />
Neben seinen visuellen Arbeiten veröffentlichte er eine große Anzahl von kritischen und spekulativen Schriften. Seine frühesten Arbeiten waren Fotografien und Drucke numerologischer Sequenzen. Seine Fotos hinterfragen die Beziehung zwischen privater und öffentlicher Architektur. <br />
<br />
Einzelausstellungen (Auswahl): »Dan Graham Œuvres, 1965-2000«, Musée d'art moderne de la Ville de Paris, Frankreich (2001); »Children's Day Care Center«, CD-Rom, Cartoon, and Computer Screen Library Project, Marian Goodman Gallery, New York (2000); »Architekturmodell«, Kunst-Werke Berlin (1999); »The Suburban City«, Neue Galerie am Landesmuseum Joanneum, Graz (1997); »Video/Architecture/Performance«, EA-Generali-Foundation, Wien (1995); »Pavilion Sculptures & Photographs«, Lisson Gallery, London (1991). <br />
<br />
Gruppenausstellungen (Auswahl): »Bisected Triangle, Interior Curve«, Madison Square Park, New York (2002); »Greek Meander Pavilion», Lisson Gallery, London(2001); »Girls Make-Up Room«, Hauser & Wirth Zürich, London (1998-2000); »Two Way Mirror with Hedge Labyrinth«, Lisson Gallery, London (1989); »Homes for America«, John Gibson Gallery, New York (1967).
