{"id":5472,"date":"2020-03-26T14:47:11","date_gmt":"2020-03-26T13:47:11","guid":{"rendered":"https:\/\/www.akademie-solitude.de\/person\/caroline-gerschlager\/"},"modified":"2020-08-12T17:27:09","modified_gmt":"2020-08-12T15:27:09","slug":"caroline-gerschlager","status":"publish","type":"person","link":"https:\/\/www.akademie-solitude.de\/de\/person\/caroline-gerschlager\/","title":{"rendered":"Caroline  Gerschlager"},"content":{"rendered":"","protected":false},"author":1,"featured_media":0,"template":"","meta":{"_acf_changed":false,"inline_featured_image":false},"person_type":[56],"program":[],"practice_field":[116],"year_generation":[94,95,96],"class_list":["post-5472","person","type-person","status-publish","hentry","person_type-jurorinnen","practice_field-wirtschaft-wirtschaftswissenschaften","year_generation-94","year_generation-95","year_generation-96"],"acf":{"person_id__old":"1365","person_name":{"person_name":"Caroline","person_middlename":"","person_surname":"Gerschlager"},"person_metadata":"","person_position":[56],"person_job":"","person_txt":"Caroline Gerschlager ist Gastforscherin an der Universit\u00e9 Libre de Bruxelles und bereitet ihre Habilitation (Volkswirtschaftslehre) an der Wirtschaftsuniversit\u00e4t Wien vor.  Nach ihrem Abschluss 1995 als Doktorin der Wirtschaftswissenschaft setzte sie ihre Forschungsarbeit in Paris am Centre de Recherche en Epist\u00e9mologie Appliqu\u00e9e (CREA, \u00c9cole Polytechnique) und am Maison des Sciences de l'Homme fort (1995-1998). Von 2001 bis 2005 leitete sie ein internationales Forschungsprojekt zum Thema \u00bbDeception in Markets\u00ab (finanziert vom \u00d6sterreichischen Bundesministerium f\u00fcr Bildung, Wissenschaft und Kultur) an der Wirtschaftsuniversit\u00e4t Wien. Sie war f\u00fcnfzehn Jahre als Lektorin f\u00fcr Volkswirtschaftslehre an der Wirtschaftsuniversit\u00e4t Wien und an der Universit\u00e4t Wien t\u00e4tig. Im November 2004 war sie Gastprofessorin an der Universit\u00e9 d\u2019Evry in Frankreich.<br>\n<br>\nIhre Forschungsschwerpunke sind aktuelle Entwicklungen in der Mikro\u00f6konomie, Philosophie und \u00d6konomie und Dogmengeschichte. Ihr inhaltliches Interesse, das sie mit unterschiedlichen Methoden verfolgt, liegt bei Problemen der \u00bbT\u00e4uschung und Selbstt\u00e4uschung auf M\u00e4rkten und in Wirtschaftsorganisationen\u00ab.  <br>\n<br>\nCaroline Gerschlager hat mehrere B\u00fccher geschrieben und herausgegeben, darunter \u00bbDeception in Markets. An Economic Analysis\u00ab (Houndmills: Palgrave Macmillan 2005), \u00bbExchange and Deception: A Feminist Perspective\u00ab (Boston-Dordrecht-London: Kluwer academic publishers 2002, mit Monika Mokre), \u00bbExpanding the Economic Concept of Exchange. Deception, Self-deception and Illusions\u00ab (Bosten-Dordrecht-London: Kluwer academic publishers 2001), \u00bbKonturen der Entgrenzung. Zur \u00d6konomie des Neuen in Thomas Hobbes, Francis Bacon und Joseph Schumpeter\u00ab (Marburg: Metropolis 1998) sowie zahlreiche Artikel in Fachzeitschriften ver\u00f6ffentlicht.","person_txt_short":"","person_img":"","person_website":"","person_links":null,"person_year":[94,95,96],"person_residencies":null,"person_residency_sort_stay_from":null,"person_residency_sort_stay_to":null,"person_practice_field":[116],"person_program":false,"person_locations":[{"person_city":"Vienna","person_country":"Australien"}],"person_country":"","related_posts_event":"","related_posts_news":"","related_posts_post":null,"related_posts_schlosspost":null,"person_juror_fellow_relation":[5676,5694]},"_links":{"self":[{"href":"https:\/\/www.akademie-solitude.de\/de\/wp-json\/wp\/v2\/person\/5472","targetHints":{"allow":["GET"]}}],"collection":[{"href":"https:\/\/www.akademie-solitude.de\/de\/wp-json\/wp\/v2\/person"}],"about":[{"href":"https:\/\/www.akademie-solitude.de\/de\/wp-json\/wp\/v2\/types\/person"}],"author":[{"embeddable":true,"href":"https:\/\/www.akademie-solitude.de\/de\/wp-json\/wp\/v2\/users\/1"}],"acf:post":[{"embeddable":true,"href":"https:\/\/www.akademie-solitude.de\/de\/wp-json\/wp\/v2\/person\/5694"},{"embeddable":true,"href":"https:\/\/www.akademie-solitude.de\/de\/wp-json\/wp\/v2\/person\/5676"}],"acf:term":[{"embeddable":true,"taxonomy":"practice_field","href":"https:\/\/www.akademie-solitude.de\/de\/wp-json\/wp\/v2\/practice_field\/116"},{"embeddable":true,"taxonomy":"year_generation","href":"https:\/\/www.akademie-solitude.de\/de\/wp-json\/wp\/v2\/year_generation\/96"},{"embeddable":true,"taxonomy":"year_generation","href":"https:\/\/www.akademie-solitude.de\/de\/wp-json\/wp\/v2\/year_generation\/95"},{"embeddable":true,"taxonomy":"year_generation","href":"https:\/\/www.akademie-solitude.de\/de\/wp-json\/wp\/v2\/year_generation\/94"},{"embeddable":true,"taxonomy":"person_type","href":"https:\/\/www.akademie-solitude.de\/de\/wp-json\/wp\/v2\/person_type\/56"}],"wp:attachment":[{"href":"https:\/\/www.akademie-solitude.de\/de\/wp-json\/wp\/v2\/media?parent=5472"}],"wp:term":[{"taxonomy":"person_type","embeddable":true,"href":"https:\/\/www.akademie-solitude.de\/de\/wp-json\/wp\/v2\/person_type?post=5472"},{"taxonomy":"program","embeddable":true,"href":"https:\/\/www.akademie-solitude.de\/de\/wp-json\/wp\/v2\/program?post=5472"},{"taxonomy":"practice_field","embeddable":true,"href":"https:\/\/www.akademie-solitude.de\/de\/wp-json\/wp\/v2\/practice_field?post=5472"},{"taxonomy":"year_generation","embeddable":true,"href":"https:\/\/www.akademie-solitude.de\/de\/wp-json\/wp\/v2\/year_generation?post=5472"}],"curies":[{"name":"wp","href":"https:\/\/api.w.org\/{rel}","templated":true}]}}

Caroline Gerschlager ist Gastforscherin an der Université Libre de Bruxelles und bereitet ihre Habilitation (Volkswirtschaftslehre) an der Wirtschaftsuniversität Wien vor.  Nach ihrem Abschluss 1995 als Doktorin der Wirtschaftswissenschaft setzte sie ihre Forschungsarbeit in Paris am Centre de Recherche en Epistémologie Appliquée (CREA, École Polytechnique) und am Maison des Sciences de l'Homme fort (1995-1998). Von 2001 bis 2005 leitete sie ein internationales Forschungsprojekt zum Thema »Deception in Markets« (finanziert vom Österreichischen Bundesministerium für Bildung, Wissenschaft und Kultur) an der Wirtschaftsuniversität Wien. Sie war fünfzehn Jahre als Lektorin für Volkswirtschaftslehre an der Wirtschaftsuniversität Wien und an der Universität Wien tätig. Im November 2004 war sie Gastprofessorin an der Université d’Evry in Frankreich.<br>
<br>
Ihre Forschungsschwerpunke sind aktuelle Entwicklungen in der Mikroökonomie, Philosophie und Ökonomie und Dogmengeschichte. Ihr inhaltliches Interesse, das sie mit unterschiedlichen Methoden verfolgt, liegt bei Problemen der »Täuschung und Selbsttäuschung auf Märkten und in Wirtschaftsorganisationen«.  <br>
<br>
Caroline Gerschlager hat mehrere Bücher geschrieben und herausgegeben, darunter »Deception in Markets. An Economic Analysis« (Houndmills: Palgrave Macmillan 2005), »Exchange and Deception: A Feminist Perspective« (Boston-Dordrecht-London: Kluwer academic publishers 2002, mit Monika Mokre), »Expanding the Economic Concept of Exchange. Deception, Self-deception and Illusions« (Bosten-Dordrecht-London: Kluwer academic publishers 2001), »Konturen der Entgrenzung. Zur Ökonomie des Neuen in Thomas Hobbes, Francis Bacon und Joseph Schumpeter« (Marburg: Metropolis 1998) sowie zahlreiche Artikel in Fachzeitschriften veröffentlicht.
