{"id":5514,"date":"2020-03-26T14:47:15","date_gmt":"2020-03-26T13:47:15","guid":{"rendered":"https:\/\/www.akademie-solitude.de\/person\/ingrid-wildi\/"},"modified":"2020-08-12T17:27:15","modified_gmt":"2020-08-12T15:27:15","slug":"ingrid-wildi","status":"publish","type":"person","link":"https:\/\/www.akademie-solitude.de\/de\/person\/ingrid-wildi\/","title":{"rendered":"Ingrid  Wildi"},"content":{"rendered":"","protected":false},"author":1,"featured_media":0,"template":"","meta":{"_acf_changed":false,"inline_featured_image":false},"person_type":[56],"program":[],"practice_field":[121],"year_generation":[92,93,94],"class_list":["post-5514","person","type-person","status-publish","hentry","person_type-jurorinnen","practice_field-video-film-neue-medien","year_generation-92","year_generation-93","year_generation-94"],"acf":{"person_id__old":"1407","person_name":{"person_name":"Ingrid","person_middlename":"","person_surname":"Wildi"},"person_metadata":"","person_position":[56],"person_job":"","person_txt":"Geboren 1963 in Santiago de Chile. <br \/>\n<br \/>\nIngrid Wildi lebt in Genf, hat an der Hochschule f\u00fcr Gestaltung und Kunst in Z\u00fcrich studiert und ein Nachdiplomstudium an der Ecole sup\u00e9rieure d\u2019art visuel in Genf (bei Silvie Defraoui, Ursula Biemann und Dominique Gonzales-Foerster) absolviert. <br \/>\n<br \/>\nNeben zahlreichen Einzelausstellungen, u.a. \u201eDe Palabra en Palabra\u201c im Aargauer Kunsthaus, Aarau; im Centre d\u2019Art Contemporain, Genf (beide 2004) und \u201eQuelquepart II\u201c im Kunsthaus Glarus (2006) pr\u00e4sentierte Ingrid Wildi ihre Arbeit 2005 in der Ausstellung \u201eShadows collide with people\u201c im Schweizer Pavillon der 51. Venedig Biennale. <br \/>\n<br \/>\nBeteiligungen in Gruppenausstellungen waren u. a. \u201ere_view \/ Collection\u201c (Migros Museum, Z\u00fcrich, 2003); \u201eReprocessing Reality\u201c (P.S.1 Contemporary Art Center - MoMA, Long Island City, NY, 2006); \u201eEfecto Downey\u201c (Espacio Fundaci\u00f3n Telef\u00f3nica, Buenos Aires, 2006); \u201eSoleil Noir\u201c (Kunstverein Salzburg, 2006); \u201emankind. Story of a Wound\u201c (SMAK, Gent, 2006); \u201eUne Question de G\u00e9n\u00e9ration\u201c (Mus\u00e9e d\u2019art contemporain, Lyon, 2007) und \u201eThe Screen Eye or the New Image\u201c (Casino Luxembourg - Forum d'art contemporain, Luxemburg, 2007). <br \/>\n<br \/>\nSie geht in ihren Video-Essays, die sich zwischen Dokumentar- und Kunstfilm bewegen, meist von Gespr\u00e4chen aus, stellt Fragen zu Themen der Philosophie, Religion, Politik und verbindet die Antworten der Befragten mit Aussagen \u00fcber deren eigene Geschichte. <br \/>\n<br \/>\nDie Sprache dient ihr als dokumentarisches Material, das sie durch die nichtlineare Zusammensetzung der pr\u00e4zis ausgew\u00e4hlten Gespr\u00e4chsfragmente fiktionalisiert, um damit Nichtsichtbares sichtbar zu machen. <br \/>\n<br \/>\nDas Interview ist f\u00fcr Ingrid Wildi ein Instrument um sowohl \u00fcber pers\u00f6nliche Lebensgeschichten, wie auch die Weltgeschichte nachzudenken; dar\u00fcber wie Menschen ihre eigene Geschichte in Bezug auf die kollektive Geschichte verstehen. Es ist ein Ort, wo sich Erinnerungen, Projektionen und Erfundenes vermischen.","person_txt_short":"","person_img":"","person_website":"","person_links":null,"person_year":[92,93,94],"person_residencies":null,"person_residency_sort_stay_from":null,"person_residency_sort_stay_to":null,"person_practice_field":[121],"person_program":false,"person_locations":[{"person_city":"Genf","person_country":"Schweiz"}],"person_country":"","related_posts_event":"","related_posts_news":"","related_posts_post":null,"related_posts_schlosspost":null,"person_juror_fellow_relation":[6442,6447,6452,6457,6462,6467,6472,6593]},"_links":{"self":[{"href":"https:\/\/www.akademie-solitude.de\/de\/wp-json\/wp\/v2\/person\/5514","targetHints":{"allow":["GET"]}}],"collection":[{"href":"https:\/\/www.akademie-solitude.de\/de\/wp-json\/wp\/v2\/person"}],"about":[{"href":"https:\/\/www.akademie-solitude.de\/de\/wp-json\/wp\/v2\/types\/person"}],"author":[{"embeddable":true,"href":"https:\/\/www.akademie-solitude.de\/de\/wp-json\/wp\/v2\/users\/1"}],"acf:post":[{"embeddable":true,"href":"https:\/\/www.akademie-solitude.de\/de\/wp-json\/wp\/v2\/person\/6593"},{"embeddable":true,"href":"https:\/\/www.akademie-solitude.de\/de\/wp-json\/wp\/v2\/person\/6472"},{"embeddable":true,"href":"https:\/\/www.akademie-solitude.de\/de\/wp-json\/wp\/v2\/person\/6467"},{"embeddable":true,"href":"https:\/\/www.akademie-solitude.de\/de\/wp-json\/wp\/v2\/person\/6462"},{"embeddable":true,"href":"https:\/\/www.akademie-solitude.de\/de\/wp-json\/wp\/v2\/person\/6457"},{"embeddable":true,"href":"https:\/\/www.akademie-solitude.de\/de\/wp-json\/wp\/v2\/person\/6452"},{"embeddable":true,"href":"https:\/\/www.akademie-solitude.de\/de\/wp-json\/wp\/v2\/person\/6447"},{"embeddable":true,"href":"https:\/\/www.akademie-solitude.de\/de\/wp-json\/wp\/v2\/person\/6442"}],"acf:term":[{"embeddable":true,"taxonomy":"practice_field","href":"https:\/\/www.akademie-solitude.de\/de\/wp-json\/wp\/v2\/practice_field\/121"},{"embeddable":true,"taxonomy":"year_generation","href":"https:\/\/www.akademie-solitude.de\/de\/wp-json\/wp\/v2\/year_generation\/94"},{"embeddable":true,"taxonomy":"year_generation","href":"https:\/\/www.akademie-solitude.de\/de\/wp-json\/wp\/v2\/year_generation\/93"},{"embeddable":true,"taxonomy":"year_generation","href":"https:\/\/www.akademie-solitude.de\/de\/wp-json\/wp\/v2\/year_generation\/92"},{"embeddable":true,"taxonomy":"person_type","href":"https:\/\/www.akademie-solitude.de\/de\/wp-json\/wp\/v2\/person_type\/56"}],"wp:attachment":[{"href":"https:\/\/www.akademie-solitude.de\/de\/wp-json\/wp\/v2\/media?parent=5514"}],"wp:term":[{"taxonomy":"person_type","embeddable":true,"href":"https:\/\/www.akademie-solitude.de\/de\/wp-json\/wp\/v2\/person_type?post=5514"},{"taxonomy":"program","embeddable":true,"href":"https:\/\/www.akademie-solitude.de\/de\/wp-json\/wp\/v2\/program?post=5514"},{"taxonomy":"practice_field","embeddable":true,"href":"https:\/\/www.akademie-solitude.de\/de\/wp-json\/wp\/v2\/practice_field?post=5514"},{"taxonomy":"year_generation","embeddable":true,"href":"https:\/\/www.akademie-solitude.de\/de\/wp-json\/wp\/v2\/year_generation?post=5514"}],"curies":[{"name":"wp","href":"https:\/\/api.w.org\/{rel}","templated":true}]}}

Geboren 1963 in Santiago de Chile. <br />
<br />
Ingrid Wildi lebt in Genf, hat an der Hochschule für Gestaltung und Kunst in Zürich studiert und ein Nachdiplomstudium an der Ecole supérieure d’art visuel in Genf (bei Silvie Defraoui, Ursula Biemann und Dominique Gonzales-Foerster) absolviert. <br />
<br />
Neben zahlreichen Einzelausstellungen, u.a. „De Palabra en Palabra“ im Aargauer Kunsthaus, Aarau; im Centre d’Art Contemporain, Genf (beide 2004) und „Quelquepart II“ im Kunsthaus Glarus (2006) präsentierte Ingrid Wildi ihre Arbeit 2005 in der Ausstellung „Shadows collide with people“ im Schweizer Pavillon der 51. Venedig Biennale. <br />
<br />
Beteiligungen in Gruppenausstellungen waren u. a. „re_view / Collection“ (Migros Museum, Zürich, 2003); „Reprocessing Reality“ (P.S.1 Contemporary Art Center - MoMA, Long Island City, NY, 2006); „Efecto Downey“ (Espacio Fundación Telefónica, Buenos Aires, 2006); „Soleil Noir“ (Kunstverein Salzburg, 2006); „mankind. Story of a Wound“ (SMAK, Gent, 2006); „Une Question de Génération“ (Musée d’art contemporain, Lyon, 2007) und „The Screen Eye or the New Image“ (Casino Luxembourg - Forum d'art contemporain, Luxemburg, 2007). <br />
<br />
Sie geht in ihren Video-Essays, die sich zwischen Dokumentar- und Kunstfilm bewegen, meist von Gesprächen aus, stellt Fragen zu Themen der Philosophie, Religion, Politik und verbindet die Antworten der Befragten mit Aussagen über deren eigene Geschichte. <br />
<br />
Die Sprache dient ihr als dokumentarisches Material, das sie durch die nichtlineare Zusammensetzung der präzis ausgewählten Gesprächsfragmente fiktionalisiert, um damit Nichtsichtbares sichtbar zu machen. <br />
<br />
Das Interview ist für Ingrid Wildi ein Instrument um sowohl über persönliche Lebensgeschichten, wie auch die Weltgeschichte nachzudenken; darüber wie Menschen ihre eigene Geschichte in Bezug auf die kollektive Geschichte verstehen. Es ist ein Ort, wo sich Erinnerungen, Projektionen und Erfundenes vermischen.
