{"id":5523,"date":"2020-03-26T14:47:17","date_gmt":"2020-03-26T13:47:17","guid":{"rendered":"https:\/\/www.akademie-solitude.de\/person\/nele-hertling\/"},"modified":"2020-08-12T17:27:16","modified_gmt":"2020-08-12T15:27:16","slug":"nele-hertling","status":"publish","type":"person","link":"https:\/\/www.akademie-solitude.de\/de\/person\/nele-hertling\/","title":{"rendered":"Nele  Hertling"},"content":{"rendered":"","protected":false},"author":1,"featured_media":0,"template":"","meta":{"_acf_changed":false,"inline_featured_image":false},"person_type":[56],"program":[],"practice_field":[120],"year_generation":[83,84],"class_list":["post-5523","person","type-person","status-publish","hentry","person_type-jurorinnen","practice_field-darstellende-kunst","year_generation-83","year_generation-84"],"acf":{"person_id__old":"1416","person_name":{"person_name":"Nele","person_middlename":"","person_surname":"Hertling"},"person_metadata":"","person_position":[56],"person_job":"","person_txt":"In Berlin geboren, Studium an der Philosophischen Fakult\u00e4t der Humboldt-Universit\u00e4t Berlin. Langj\u00e4hrig Sekret\u00e4r der Akademie der K\u00fcnste, Berlin.<br \/>\n<br \/>\nSeit Anfang 1970 allj\u00e4hrliche Produktion der Reihe \"Pantomime - Musik - Tanz - Theater\", seit 1972 kunstdidaktische Aktivit\u00e4ten.<br \/>\n<br \/>\n1988 k\u00fcnstlerische Leitung \"Werkstatt Berlin 1988 GmbH\", verantwortlich u. a. f\u00fcr das gesamte Programm und die \"Tanzwerkstatt Berlin\".<br \/>\n<br \/>\nAnfang 1989 Ernennung zur Gesch\u00e4ftsf\u00fchrerin und Intendantin des Hebbel-Theaters Berlin (Produktionen, Gastspiele, Theater, Tanz, Musiktheater).<br \/>\n<br \/>\nWeiterhin Durchf\u00fchrung von Projekten wie der Reihe \"Tanz im August\".","person_txt_short":"","person_img":"","person_website":"","person_links":null,"person_year":[83,84],"person_residencies":null,"person_residency_sort_stay_from":null,"person_residency_sort_stay_to":null,"person_practice_field":[120],"person_program":false,"person_locations":[{"person_city":"Berlin","person_country":"Deutschland"}],"person_country":"","related_posts_event":"","related_posts_news":"","related_posts_post":null,"related_posts_schlosspost":null,"person_juror_fellow_relation":[5755,5780,5784,5787,6356,6375,6410,6571,6575,6636]},"_links":{"self":[{"href":"https:\/\/www.akademie-solitude.de\/de\/wp-json\/wp\/v2\/person\/5523","targetHints":{"allow":["GET"]}}],"collection":[{"href":"https:\/\/www.akademie-solitude.de\/de\/wp-json\/wp\/v2\/person"}],"about":[{"href":"https:\/\/www.akademie-solitude.de\/de\/wp-json\/wp\/v2\/types\/person"}],"author":[{"embeddable":true,"href":"https:\/\/www.akademie-solitude.de\/de\/wp-json\/wp\/v2\/users\/1"}],"acf:post":[{"embeddable":true,"href":"https:\/\/www.akademie-solitude.de\/de\/wp-json\/wp\/v2\/person\/6636"},{"embeddable":true,"href":"https:\/\/www.akademie-solitude.de\/de\/wp-json\/wp\/v2\/person\/6575"},{"embeddable":true,"href":"https:\/\/www.akademie-solitude.de\/de\/wp-json\/wp\/v2\/person\/6571"},{"embeddable":true,"href":"https:\/\/www.akademie-solitude.de\/de\/wp-json\/wp\/v2\/person\/6410"},{"embeddable":true,"href":"https:\/\/www.akademie-solitude.de\/de\/wp-json\/wp\/v2\/person\/6375"},{"embeddable":true,"href":"https:\/\/www.akademie-solitude.de\/de\/wp-json\/wp\/v2\/person\/6356"},{"embeddable":true,"href":"https:\/\/www.akademie-solitude.de\/de\/wp-json\/wp\/v2\/person\/5787"},{"embeddable":true,"href":"https:\/\/www.akademie-solitude.de\/de\/wp-json\/wp\/v2\/person\/5784"},{"embeddable":true,"href":"https:\/\/www.akademie-solitude.de\/de\/wp-json\/wp\/v2\/person\/5780"},{"embeddable":true,"href":"https:\/\/www.akademie-solitude.de\/de\/wp-json\/wp\/v2\/person\/5755"}],"acf:term":[{"embeddable":true,"taxonomy":"practice_field","href":"https:\/\/www.akademie-solitude.de\/de\/wp-json\/wp\/v2\/practice_field\/120"},{"embeddable":true,"taxonomy":"year_generation","href":"https:\/\/www.akademie-solitude.de\/de\/wp-json\/wp\/v2\/year_generation\/84"},{"embeddable":true,"taxonomy":"year_generation","href":"https:\/\/www.akademie-solitude.de\/de\/wp-json\/wp\/v2\/year_generation\/83"},{"embeddable":true,"taxonomy":"person_type","href":"https:\/\/www.akademie-solitude.de\/de\/wp-json\/wp\/v2\/person_type\/56"}],"wp:attachment":[{"href":"https:\/\/www.akademie-solitude.de\/de\/wp-json\/wp\/v2\/media?parent=5523"}],"wp:term":[{"taxonomy":"person_type","embeddable":true,"href":"https:\/\/www.akademie-solitude.de\/de\/wp-json\/wp\/v2\/person_type?post=5523"},{"taxonomy":"program","embeddable":true,"href":"https:\/\/www.akademie-solitude.de\/de\/wp-json\/wp\/v2\/program?post=5523"},{"taxonomy":"practice_field","embeddable":true,"href":"https:\/\/www.akademie-solitude.de\/de\/wp-json\/wp\/v2\/practice_field?post=5523"},{"taxonomy":"year_generation","embeddable":true,"href":"https:\/\/www.akademie-solitude.de\/de\/wp-json\/wp\/v2\/year_generation?post=5523"}],"curies":[{"name":"wp","href":"https:\/\/api.w.org\/{rel}","templated":true}]}}

In Berlin geboren, Studium an der Philosophischen Fakultät der Humboldt-Universität Berlin. Langjährig Sekretär der Akademie der Künste, Berlin.<br />
<br />
Seit Anfang 1970 alljährliche Produktion der Reihe "Pantomime - Musik - Tanz - Theater", seit 1972 kunstdidaktische Aktivitäten.<br />
<br />
1988 künstlerische Leitung "Werkstatt Berlin 1988 GmbH", verantwortlich u. a. für das gesamte Programm und die "Tanzwerkstatt Berlin".<br />
<br />
Anfang 1989 Ernennung zur Geschäftsführerin und Intendantin des Hebbel-Theaters Berlin (Produktionen, Gastspiele, Theater, Tanz, Musiktheater).<br />
<br />
Weiterhin Durchführung von Projekten wie der Reihe "Tanz im August".
