{"id":5539,"date":"2020-03-26T14:47:19","date_gmt":"2020-03-26T13:47:19","guid":{"rendered":"https:\/\/www.akademie-solitude.de\/person\/ilma-rakusa-2\/"},"modified":"2020-08-12T17:27:19","modified_gmt":"2020-08-12T15:27:19","slug":"ilma-rakusa-2","status":"publish","type":"person","link":"https:\/\/www.akademie-solitude.de\/de\/person\/ilma-rakusa-2\/","title":{"rendered":"Ilma  Rakusa"},"content":{"rendered":"","protected":false},"author":1,"featured_media":0,"template":"","meta":{"_acf_changed":false,"inline_featured_image":false},"person_type":[56],"program":[],"practice_field":[119],"year_generation":[80,81],"class_list":["post-5539","person","type-person","status-publish","hentry","person_type-jurorinnen","practice_field-literatur","year_generation-80","year_generation-81"],"acf":{"person_id__old":"1432","person_name":{"person_name":"Ilma","person_middlename":"","person_surname":"Rakusa"},"person_metadata":"","person_position":[56],"person_job":"","person_txt":"In Rimavska Sobota (Slowakei) geboren. Studium der Slawistik und der Romanistik in Z\u00fcrich, Paris und Sankt Petersburg.<br \/>\n<br \/>\nSeit 1971 als Assistentin und Lehrbeauftragte am Slawischen Seminar und am Institut f\u00fcr Allgemeine Sprachwissenschaft der Universit\u00e4t Z\u00fcrich t\u00e4tig.<br \/>\n<br \/>\nFreiberuflich als Schriftstellerin (u.a. bei Suhrkamp), \u00dcbersetzerin und Publizistin (\"Neue Z\u00fcricher Zeitung\", \"Die Zeit\") t\u00e4tig. Zahlreiche Auszeichnungen f\u00fcr ihre \u00dcbersetzungen aus dem Russischen, dem Serbokroatischen und dem Franz\u00f6sischen.<br \/>\n<br \/>\nIlma Rakusa lebt in Z\u00fcrich.","person_txt_short":"","person_img":"","person_website":"","person_links":null,"person_year":[80,81],"person_residencies":null,"person_residency_sort_stay_from":null,"person_residency_sort_stay_to":null,"person_practice_field":[119],"person_program":false,"person_locations":[{"person_city":"Z\u00fcrich","person_country":"Schweiz"}],"person_country":"","related_posts_event":[],"related_posts_news":[7440],"related_posts_post":null,"related_posts_schlosspost":null,"person_juror_fellow_relation":[6073,6105,6109,6113,6133,6172,6174,6181,6183,6190,6199,6202,6205,6218,6226,6233,6235,6244,6258,6272]},"_links":{"self":[{"href":"https:\/\/www.akademie-solitude.de\/de\/wp-json\/wp\/v2\/person\/5539","targetHints":{"allow":["GET"]}}],"collection":[{"href":"https:\/\/www.akademie-solitude.de\/de\/wp-json\/wp\/v2\/person"}],"about":[{"href":"https:\/\/www.akademie-solitude.de\/de\/wp-json\/wp\/v2\/types\/person"}],"author":[{"embeddable":true,"href":"https:\/\/www.akademie-solitude.de\/de\/wp-json\/wp\/v2\/users\/1"}],"acf:post":[{"embeddable":true,"href":"https:\/\/www.akademie-solitude.de\/de\/wp-json\/wp\/v2\/person\/6272"},{"embeddable":true,"href":"https:\/\/www.akademie-solitude.de\/de\/wp-json\/wp\/v2\/person\/6258"},{"embeddable":true,"href":"https:\/\/www.akademie-solitude.de\/de\/wp-json\/wp\/v2\/person\/6244"},{"embeddable":true,"href":"https:\/\/www.akademie-solitude.de\/de\/wp-json\/wp\/v2\/person\/6235"},{"embeddable":true,"href":"https:\/\/www.akademie-solitude.de\/de\/wp-json\/wp\/v2\/person\/6233"},{"embeddable":true,"href":"https:\/\/www.akademie-solitude.de\/de\/wp-json\/wp\/v2\/person\/6226"},{"embeddable":true,"href":"https:\/\/www.akademie-solitude.de\/de\/wp-json\/wp\/v2\/person\/6218"},{"embeddable":true,"href":"https:\/\/www.akademie-solitude.de\/de\/wp-json\/wp\/v2\/person\/6205"},{"embeddable":true,"href":"https:\/\/www.akademie-solitude.de\/de\/wp-json\/wp\/v2\/person\/6202"},{"embeddable":true,"href":"https:\/\/www.akademie-solitude.de\/de\/wp-json\/wp\/v2\/person\/6199"},{"embeddable":true,"href":"https:\/\/www.akademie-solitude.de\/de\/wp-json\/wp\/v2\/person\/6190"},{"embeddable":true,"href":"https:\/\/www.akademie-solitude.de\/de\/wp-json\/wp\/v2\/person\/6183"},{"embeddable":true,"href":"https:\/\/www.akademie-solitude.de\/de\/wp-json\/wp\/v2\/person\/6181"},{"embeddable":true,"href":"https:\/\/www.akademie-solitude.de\/de\/wp-json\/wp\/v2\/person\/6174"},{"embeddable":true,"href":"https:\/\/www.akademie-solitude.de\/de\/wp-json\/wp\/v2\/person\/6172"},{"embeddable":true,"href":"https:\/\/www.akademie-solitude.de\/de\/wp-json\/wp\/v2\/person\/6133"},{"embeddable":true,"href":"https:\/\/www.akademie-solitude.de\/de\/wp-json\/wp\/v2\/person\/6113"},{"embeddable":true,"href":"https:\/\/www.akademie-solitude.de\/de\/wp-json\/wp\/v2\/person\/6109"},{"embeddable":true,"href":"https:\/\/www.akademie-solitude.de\/de\/wp-json\/wp\/v2\/person\/6105"},{"embeddable":true,"href":"https:\/\/www.akademie-solitude.de\/de\/wp-json\/wp\/v2\/person\/6073"},{"embeddable":true,"href":"https:\/\/www.akademie-solitude.de\/de\/wp-json\/wp\/v2\/event\/7440"}],"acf:term":[{"embeddable":true,"taxonomy":"practice_field","href":"https:\/\/www.akademie-solitude.de\/de\/wp-json\/wp\/v2\/practice_field\/119"},{"embeddable":true,"taxonomy":"year_generation","href":"https:\/\/www.akademie-solitude.de\/de\/wp-json\/wp\/v2\/year_generation\/81"},{"embeddable":true,"taxonomy":"year_generation","href":"https:\/\/www.akademie-solitude.de\/de\/wp-json\/wp\/v2\/year_generation\/80"},{"embeddable":true,"taxonomy":"person_type","href":"https:\/\/www.akademie-solitude.de\/de\/wp-json\/wp\/v2\/person_type\/56"}],"wp:attachment":[{"href":"https:\/\/www.akademie-solitude.de\/de\/wp-json\/wp\/v2\/media?parent=5539"}],"wp:term":[{"taxonomy":"person_type","embeddable":true,"href":"https:\/\/www.akademie-solitude.de\/de\/wp-json\/wp\/v2\/person_type?post=5539"},{"taxonomy":"program","embeddable":true,"href":"https:\/\/www.akademie-solitude.de\/de\/wp-json\/wp\/v2\/program?post=5539"},{"taxonomy":"practice_field","embeddable":true,"href":"https:\/\/www.akademie-solitude.de\/de\/wp-json\/wp\/v2\/practice_field?post=5539"},{"taxonomy":"year_generation","embeddable":true,"href":"https:\/\/www.akademie-solitude.de\/de\/wp-json\/wp\/v2\/year_generation?post=5539"}],"curies":[{"name":"wp","href":"https:\/\/api.w.org\/{rel}","templated":true}]}}

In Rimavska Sobota (Slowakei) geboren. Studium der Slawistik und der Romanistik in Zürich, Paris und Sankt Petersburg.<br />
<br />
Seit 1971 als Assistentin und Lehrbeauftragte am Slawischen Seminar und am Institut für Allgemeine Sprachwissenschaft der Universität Zürich tätig.<br />
<br />
Freiberuflich als Schriftstellerin (u.a. bei Suhrkamp), Übersetzerin und Publizistin ("Neue Züricher Zeitung", "Die Zeit") tätig. Zahlreiche Auszeichnungen für ihre Übersetzungen aus dem Russischen, dem Serbokroatischen und dem Französischen.<br />
<br />
Ilma Rakusa lebt in Zürich.

Zürich
