{"id":5541,"date":"2020-03-26T14:47:19","date_gmt":"2020-03-26T13:47:19","guid":{"rendered":"https:\/\/www.akademie-solitude.de\/person\/lawrence-weiner\/"},"modified":"2020-08-12T17:27:19","modified_gmt":"2020-08-12T15:27:19","slug":"lawrence-weiner","status":"publish","type":"person","link":"https:\/\/www.akademie-solitude.de\/de\/person\/lawrence-weiner\/","title":{"rendered":"Lawrence  Weiner"},"content":{"rendered":"","protected":false},"author":1,"featured_media":0,"template":"","meta":{"_acf_changed":false,"inline_featured_image":false},"person_type":[56],"program":[],"practice_field":[121],"year_generation":[80,81],"class_list":["post-5541","person","type-person","status-publish","hentry","person_type-jurorinnen","practice_field-video-film-neue-medien","year_generation-80","year_generation-81"],"acf":{"person_id__old":"1434","person_name":{"person_name":"Lawrence","person_middlename":"","person_surname":"Weiner"},"person_metadata":"","person_position":[56],"person_job":"","person_txt":"Geboren 1942 in Bronx, New York.<br \/>\n<br \/>\nMitbegr\u00fcnder der Konzept-Kunst Mitte der sechziger Jahre.<br \/>\n<br \/>\nAls international anerkannter K\u00fcnstler in allen gro\u00dfen Ausstellungen und Sammlungen zeitgen\u00f6ssischer Kunst vertreten. 1992\/93 \"Platzverf\u00fchrung\", Kultur Region Stuttgart.<br \/>\n<br \/>\nLawrence Weiner lebt in New York.","person_txt_short":"","person_img":"","person_website":"","person_links":null,"person_year":[80,81],"person_residencies":null,"person_residency_sort_stay_from":null,"person_residency_sort_stay_to":null,"person_practice_field":[121],"person_program":false,"person_locations":[{"person_city":"New York","person_country":"USA"}],"person_country":"","related_posts_event":"","related_posts_news":"","related_posts_post":null,"related_posts_schlosspost":null,"person_juror_fellow_relation":[6120,6166,6188,6222]},"_links":{"self":[{"href":"https:\/\/www.akademie-solitude.de\/de\/wp-json\/wp\/v2\/person\/5541","targetHints":{"allow":["GET"]}}],"collection":[{"href":"https:\/\/www.akademie-solitude.de\/de\/wp-json\/wp\/v2\/person"}],"about":[{"href":"https:\/\/www.akademie-solitude.de\/de\/wp-json\/wp\/v2\/types\/person"}],"author":[{"embeddable":true,"href":"https:\/\/www.akademie-solitude.de\/de\/wp-json\/wp\/v2\/users\/1"}],"acf:post":[{"embeddable":true,"href":"https:\/\/www.akademie-solitude.de\/de\/wp-json\/wp\/v2\/person\/6222"},{"embeddable":true,"href":"https:\/\/www.akademie-solitude.de\/de\/wp-json\/wp\/v2\/person\/6188"},{"embeddable":true,"href":"https:\/\/www.akademie-solitude.de\/de\/wp-json\/wp\/v2\/person\/6166"},{"embeddable":true,"href":"https:\/\/www.akademie-solitude.de\/de\/wp-json\/wp\/v2\/person\/6120"}],"acf:term":[{"embeddable":true,"taxonomy":"practice_field","href":"https:\/\/www.akademie-solitude.de\/de\/wp-json\/wp\/v2\/practice_field\/121"},{"embeddable":true,"taxonomy":"year_generation","href":"https:\/\/www.akademie-solitude.de\/de\/wp-json\/wp\/v2\/year_generation\/81"},{"embeddable":true,"taxonomy":"year_generation","href":"https:\/\/www.akademie-solitude.de\/de\/wp-json\/wp\/v2\/year_generation\/80"},{"embeddable":true,"taxonomy":"person_type","href":"https:\/\/www.akademie-solitude.de\/de\/wp-json\/wp\/v2\/person_type\/56"}],"wp:attachment":[{"href":"https:\/\/www.akademie-solitude.de\/de\/wp-json\/wp\/v2\/media?parent=5541"}],"wp:term":[{"taxonomy":"person_type","embeddable":true,"href":"https:\/\/www.akademie-solitude.de\/de\/wp-json\/wp\/v2\/person_type?post=5541"},{"taxonomy":"program","embeddable":true,"href":"https:\/\/www.akademie-solitude.de\/de\/wp-json\/wp\/v2\/program?post=5541"},{"taxonomy":"practice_field","embeddable":true,"href":"https:\/\/www.akademie-solitude.de\/de\/wp-json\/wp\/v2\/practice_field?post=5541"},{"taxonomy":"year_generation","embeddable":true,"href":"https:\/\/www.akademie-solitude.de\/de\/wp-json\/wp\/v2\/year_generation?post=5541"}],"curies":[{"name":"wp","href":"https:\/\/api.w.org\/{rel}","templated":true}]}}

Geboren 1942 in Bronx, New York.<br />
<br />
Mitbegründer der Konzept-Kunst Mitte der sechziger Jahre.<br />
<br />
Als international anerkannter Künstler in allen großen Ausstellungen und Sammlungen zeitgenössischer Kunst vertreten. 1992/93 "Platzverführung", Kultur Region Stuttgart.<br />
<br />
Lawrence Weiner lebt in New York.
