{"id":5599,"date":"2020-03-26T14:47:24","date_gmt":"2020-03-26T13:47:24","guid":{"rendered":"https:\/\/www.akademie-solitude.de\/person\/kenn-a-kumpf\/"},"modified":"2020-08-12T17:27:28","modified_gmt":"2020-08-12T15:27:28","slug":"kenn-a-kumpf","status":"publish","type":"person","link":"https:\/\/www.akademie-solitude.de\/de\/person\/kenn-a-kumpf\/","title":{"rendered":"Kenn A.  Kumpf"},"content":{"rendered":"","protected":false},"author":1,"featured_media":0,"template":"","meta":{"_acf_changed":false,"inline_featured_image":false},"person_type":[57],"program":[346],"practice_field":[],"year_generation":[],"class_list":["post-5599","person","type-person","status-publish","hentry","person_type-stipendiatinnen","program-solitude-stipendium"],"acf":{"person_id__old":"1493","person_name":{"person_name":"Kenn A.","person_middlename":"","person_surname":"Kumpf"},"person_metadata":"","person_position":[57],"person_job":"","person_txt":"Geboren 1977 in Cincinnati, OH\/USA.<br \/>\n<br \/>\nKumpf komponiert seit 12 Jahren und ist zurzeit Doktorand an der Northwestern University in Evanston, IL\/USA. Studium bei Leonardo Balada, Augusta Read Thomas, Jay Alan Yim und Aaron Cassidy. Er gab auch Einf\u00fchrungs- und Geh\u00f6rbildungskurse an der Northwestern University.<br \/>\n<br \/>\nKumpf nahm an Meisterklassen bei Alvin Lucier und Mark Anthony Turnage teil. 2002 nahm er<br \/>\nKompositionsunterricht in Torroella\/Spanien. 2005 studierte er in Berlin bei Samuel Adler im Rahmen des FUBIS Music Composition Program und 2006 in Fontainebleau\/Frankreich bei Alain Gussain und Fran\u00e7ois Paris am American Conservatory. <br \/>\n<br \/>\nKompositionsauftr\u00e4ge erhielt Kumpf vom CUMC Handbell Choir (2006); der A. G. & Pearl Barnett Foundation (2005) und vom Marietta Honors\u2019 Chamber Choir (2004). <br \/>\n<br \/>\n2004 war er Gastkomponist und Dirigent<br \/>\nbeim Marietta Honors\u2019 Chamber Choir. Als S\u00e4nger war Kumpf Mitglied verschiedener Ch\u00f6re und als Solist f\u00fchrte er verschiedene Standardrepertoires auf, ist aber besonders an Oberton- und Kehlgesang sowie an anderen erweiterten Vokaltechniken interessiert.<br \/>\n<br \/>\nAusgew\u00e4hlte St\u00fccke: \u00bbThrough a Gradient\u00ab f\u00fcr Klarinette, Violine, Bratsche, Gitarre (2007),<br \/>\nInternational Contemporary Ensemble; \u00bbTattered Ruins of that Map\u00ab f\u00fcr Violine, Bratsche, Violoncello (2006), American Conservatory, Fontainebleau; \u00bbDirge\u00ab (mit Musik) f\u00fcr Klavier und Stimme (2006), Barnett voice competition; \u00bbEpisodes\u00ab f\u00fcr Bratsche und Cembalo<br \/>\n(2006), New Music in Vail Chapel, Evanston; \u00bbstand with your loving on the ending earth\u00ab f\u00fcr Sopran und Klavier (2005), Berlin FUBIS Konzert. <br \/>\n<br \/>\nKumpf erhielt 2006 ein Stipendium f\u00fcr das American Conservatory in Fontainebleau und gewann 2003 den ersten Preis beim Student Composer\u2019s Orchestra Competition, Carnegie Mellon\/USA.","person_txt_short":"","person_img":"","person_website":"","person_links":null,"person_year":false,"person_residencies":[{"person_stay_from":"20070803","person_stay_to":"20070819"}],"person_residency_sort_stay_from":null,"person_residency_sort_stay_to":null,"person_practice_field":false,"person_program":[346],"person_locations":[{"person_city":"Chicago","person_country":"USA"},{"person_city":"IL","person_country":""}],"person_country":"","related_posts_event":[7219,18434],"related_posts_news":"","related_posts_post":null,"related_posts_schlosspost":null,"person_fellow_juror_relation":""},"_links":{"self":[{"href":"https:\/\/www.akademie-solitude.de\/de\/wp-json\/wp\/v2\/person\/5599","targetHints":{"allow":["GET"]}}],"collection":[{"href":"https:\/\/www.akademie-solitude.de\/de\/wp-json\/wp\/v2\/person"}],"about":[{"href":"https:\/\/www.akademie-solitude.de\/de\/wp-json\/wp\/v2\/types\/person"}],"author":[{"embeddable":true,"href":"https:\/\/www.akademie-solitude.de\/de\/wp-json\/wp\/v2\/users\/1"}],"acf:post":[{"embeddable":true,"href":"https:\/\/www.akademie-solitude.de\/de\/wp-json\/wp\/v2\/event\/18434"},{"embeddable":true,"href":"https:\/\/www.akademie-solitude.de\/de\/wp-json\/wp\/v2\/event\/7219"}],"acf:term":[{"embeddable":true,"taxonomy":"program","href":"https:\/\/www.akademie-solitude.de\/de\/wp-json\/wp\/v2\/program\/346"},{"embeddable":true,"taxonomy":"person_type","href":"https:\/\/www.akademie-solitude.de\/de\/wp-json\/wp\/v2\/person_type\/57"}],"wp:attachment":[{"href":"https:\/\/www.akademie-solitude.de\/de\/wp-json\/wp\/v2\/media?parent=5599"}],"wp:term":[{"taxonomy":"person_type","embeddable":true,"href":"https:\/\/www.akademie-solitude.de\/de\/wp-json\/wp\/v2\/person_type?post=5599"},{"taxonomy":"program","embeddable":true,"href":"https:\/\/www.akademie-solitude.de\/de\/wp-json\/wp\/v2\/program?post=5599"},{"taxonomy":"practice_field","embeddable":true,"href":"https:\/\/www.akademie-solitude.de\/de\/wp-json\/wp\/v2\/practice_field?post=5599"},{"taxonomy":"year_generation","embeddable":true,"href":"https:\/\/www.akademie-solitude.de\/de\/wp-json\/wp\/v2\/year_generation?post=5599"}],"curies":[{"name":"wp","href":"https:\/\/api.w.org\/{rel}","templated":true}]}}

Geboren 1977 in Cincinnati, OH/USA.<br />
<br />
Kumpf komponiert seit 12 Jahren und ist zurzeit Doktorand an der Northwestern University in Evanston, IL/USA. Studium bei Leonardo Balada, Augusta Read Thomas, Jay Alan Yim und Aaron Cassidy. Er gab auch Einführungs- und Gehörbildungskurse an der Northwestern University.<br />
<br />
Kumpf nahm an Meisterklassen bei Alvin Lucier und Mark Anthony Turnage teil. 2002 nahm er<br />
Kompositionsunterricht in Torroella/Spanien. 2005 studierte er in Berlin bei Samuel Adler im Rahmen des FUBIS Music Composition Program und 2006 in Fontainebleau/Frankreich bei Alain Gussain und François Paris am American Conservatory. <br />
<br />
Kompositionsaufträge erhielt Kumpf vom CUMC Handbell Choir (2006); der A. G. & Pearl Barnett Foundation (2005) und vom Marietta Honors’ Chamber Choir (2004). <br />
<br />
2004 war er Gastkomponist und Dirigent<br />
beim Marietta Honors’ Chamber Choir. Als Sänger war Kumpf Mitglied verschiedener Chöre und als Solist führte er verschiedene Standardrepertoires auf, ist aber besonders an Oberton- und Kehlgesang sowie an anderen erweiterten Vokaltechniken interessiert.<br />
<br />
Ausgewählte Stücke: »Through a Gradient« für Klarinette, Violine, Bratsche, Gitarre (2007),<br />
International Contemporary Ensemble; »Tattered Ruins of that Map« für Violine, Bratsche, Violoncello (2006), American Conservatory, Fontainebleau; »Dirge« (mit Musik) für Klavier und Stimme (2006), Barnett voice competition; »Episodes« für Bratsche und Cembalo<br />
(2006), New Music in Vail Chapel, Evanston; »stand with your loving on the ending earth« für Sopran und Klavier (2005), Berlin FUBIS Konzert. <br />
<br />
Kumpf erhielt 2006 ein Stipendium für das American Conservatory in Fontainebleau und gewann 2003 den ersten Preis beim Student Composer’s Orchestra Competition, Carnegie Mellon/USA.
