{"id":5606,"date":"2020-03-26T14:47:24","date_gmt":"2020-03-26T13:47:24","guid":{"rendered":"https:\/\/www.akademie-solitude.de\/person\/marios-joannou-elia\/"},"modified":"2020-08-12T17:27:28","modified_gmt":"2020-08-12T15:27:28","slug":"marios-joannou-elia","status":"publish","type":"person","link":"https:\/\/www.akademie-solitude.de\/de\/person\/marios-joannou-elia\/","title":{"rendered":"Marios Joannou  Elia"},"content":{"rendered":"","protected":false},"author":1,"featured_media":0,"template":"","meta":{"_acf_changed":false,"inline_featured_image":false},"person_type":[57],"program":[346],"practice_field":[],"year_generation":[],"class_list":["post-5606","person","type-person","status-publish","hentry","person_type-stipendiatinnen","program-solitude-stipendium"],"acf":{"person_id__old":"1500","person_name":{"person_name":"Marios Joannou","person_middlename":"","person_surname":"Elia"},"person_metadata":"","person_position":[57],"person_job":"","person_txt":"Geboren 1978 in Zypern.  <br \/>\n <br \/>\nElia schloss 2004 sein Studium der Gitarre, Musikp\u00e4dagogik, Komposition und Musiktheorie an der Universit\u00e4t Mozarteum in Salzburg\/\u00d6sterreich mit dem B. A. ab. Danach studierte er bei Klaus Huber<br \/>\nan der Hochschule f\u00fcr Musik in Basel\/Schweiz. 2005 erhielt er an der Universit\u00e4t Mozarteum den M. A. in Komposition in der Klasse von Adriana H\u00f6lszky. <br \/>\n<br \/>\nBis 2006 absolvierte er bei Adriana H\u00f6lszky zudem ein Postgraduierten-Studium f\u00fcr Komposition. Er nahm an<br \/>\nMeisterklassen von Karlheinz Stockhausen, Helmut Lachenmann, Georges Aperghis, Beat Furrer, Boguslaw Schaeffer und Richard Boulanger teil. <br \/>\n<br \/>\nAusgew\u00e4hlte St\u00fccke: \u00bbElpis\u00ab f\u00fcr Akkordeonorchester (2006\/2007); \u00bbAkanthai (Thorns)\u00ab f\u00fcr Kammerorchester (2006); \u00bbDer Fl\u00f6tenzauberfl\u00f6te\u00ab Musiktheater f\u00fcr vier S\u00e4nger, f\u00fcnf Schauspieler und gro\u00dfes Ensemble<br \/>\n(2005\/2006); \u00bbErdbeeren und Trauben\u00ab f\u00fcr Streichtrio (2004); \u00bbStrophes\u00ab, Multimedia-Komposition f\u00fcr elf Stimmen und instrumentales Ensemble (2003\/2004). <br \/>\n<br \/>\nElia wurde vielfach ausgezeichnet, u. a. 2006 mit dem Preis des 1. Internationalen Kompositionswettbewerbs<br \/>\nder Hamburger Klangwerktage, dem 12. Kompositionswettbewerb im Rahmen des Wiener<br \/>\nSommer-Seminars f\u00fcr Neue Musik und dem 1. Preis des Savarez-Corelli Wettbewerbs in Salzburg.","person_txt_short":"","person_img":"","person_website":"","person_links":null,"person_year":false,"person_residencies":[{"person_stay_from":"20070803","person_stay_to":"20070819"}],"person_residency_sort_stay_from":null,"person_residency_sort_stay_to":null,"person_practice_field":false,"person_program":[346],"person_locations":[{"person_city":"Salzburg","person_country":"\u00d6sterreich"}],"person_country":"","related_posts_event":[7219,7412,18434,18627],"related_posts_news":"","related_posts_post":null,"related_posts_schlosspost":null,"person_fellow_juror_relation":""},"_links":{"self":[{"href":"https:\/\/www.akademie-solitude.de\/de\/wp-json\/wp\/v2\/person\/5606","targetHints":{"allow":["GET"]}}],"collection":[{"href":"https:\/\/www.akademie-solitude.de\/de\/wp-json\/wp\/v2\/person"}],"about":[{"href":"https:\/\/www.akademie-solitude.de\/de\/wp-json\/wp\/v2\/types\/person"}],"author":[{"embeddable":true,"href":"https:\/\/www.akademie-solitude.de\/de\/wp-json\/wp\/v2\/users\/1"}],"acf:post":[{"embeddable":true,"href":"https:\/\/www.akademie-solitude.de\/de\/wp-json\/wp\/v2\/event\/18627"},{"embeddable":true,"href":"https:\/\/www.akademie-solitude.de\/de\/wp-json\/wp\/v2\/event\/18434"},{"embeddable":true,"href":"https:\/\/www.akademie-solitude.de\/de\/wp-json\/wp\/v2\/event\/7412"},{"embeddable":true,"href":"https:\/\/www.akademie-solitude.de\/de\/wp-json\/wp\/v2\/event\/7219"}],"acf:term":[{"embeddable":true,"taxonomy":"program","href":"https:\/\/www.akademie-solitude.de\/de\/wp-json\/wp\/v2\/program\/346"},{"embeddable":true,"taxonomy":"person_type","href":"https:\/\/www.akademie-solitude.de\/de\/wp-json\/wp\/v2\/person_type\/57"}],"wp:attachment":[{"href":"https:\/\/www.akademie-solitude.de\/de\/wp-json\/wp\/v2\/media?parent=5606"}],"wp:term":[{"taxonomy":"person_type","embeddable":true,"href":"https:\/\/www.akademie-solitude.de\/de\/wp-json\/wp\/v2\/person_type?post=5606"},{"taxonomy":"program","embeddable":true,"href":"https:\/\/www.akademie-solitude.de\/de\/wp-json\/wp\/v2\/program?post=5606"},{"taxonomy":"practice_field","embeddable":true,"href":"https:\/\/www.akademie-solitude.de\/de\/wp-json\/wp\/v2\/practice_field?post=5606"},{"taxonomy":"year_generation","embeddable":true,"href":"https:\/\/www.akademie-solitude.de\/de\/wp-json\/wp\/v2\/year_generation?post=5606"}],"curies":[{"name":"wp","href":"https:\/\/api.w.org\/{rel}","templated":true}]}}

Geboren 1978 in Zypern.  <br />
 <br />
Elia schloss 2004 sein Studium der Gitarre, Musikpädagogik, Komposition und Musiktheorie an der Universität Mozarteum in Salzburg/Österreich mit dem B. A. ab. Danach studierte er bei Klaus Huber<br />
an der Hochschule für Musik in Basel/Schweiz. 2005 erhielt er an der Universität Mozarteum den M. A. in Komposition in der Klasse von Adriana Hölszky. <br />
<br />
Bis 2006 absolvierte er bei Adriana Hölszky zudem ein Postgraduierten-Studium für Komposition. Er nahm an<br />
Meisterklassen von Karlheinz Stockhausen, Helmut Lachenmann, Georges Aperghis, Beat Furrer, Boguslaw Schaeffer und Richard Boulanger teil. <br />
<br />
Ausgewählte Stücke: »Elpis« für Akkordeonorchester (2006/2007); »Akanthai (Thorns)« für Kammerorchester (2006); »Der Flötenzauberflöte« Musiktheater für vier Sänger, fünf Schauspieler und großes Ensemble<br />
(2005/2006); »Erdbeeren und Trauben« für Streichtrio (2004); »Strophes«, Multimedia-Komposition für elf Stimmen und instrumentales Ensemble (2003/2004). <br />
<br />
Elia wurde vielfach ausgezeichnet, u. a. 2006 mit dem Preis des 1. Internationalen Kompositionswettbewerbs<br />
der Hamburger Klangwerktage, dem 12. Kompositionswettbewerb im Rahmen des Wiener<br />
Sommer-Seminars für Neue Musik und dem 1. Preis des Savarez-Corelli Wettbewerbs in Salzburg.

Österreich
