{"id":5638,"date":"2020-03-26T14:47:28","date_gmt":"2020-03-26T13:47:28","guid":{"rendered":"https:\/\/www.akademie-solitude.de\/person\/vlad-nanca\/"},"modified":"2020-08-12T17:30:56","modified_gmt":"2020-08-12T15:30:56","slug":"vlad-nanca","status":"publish","type":"person","link":"https:\/\/www.akademie-solitude.de\/de\/person\/vlad-nanca\/","title":{"rendered":"Vlad  Nanca"},"content":{"rendered":"","protected":false},"author":1,"featured_media":0,"template":"","meta":{"_acf_changed":false,"inline_featured_image":false},"person_type":[57],"program":[347],"practice_field":[],"year_generation":[90,91,92],"class_list":["post-5638","person","type-person","status-publish","hentry","person_type-stipendiatinnen","program-solitude-exchange-network","year_generation-90","year_generation-91","year_generation-92"],"acf":{"person_id__old":"1532","person_name":{"person_name":"Vlad","person_middlename":"","person_surname":"Nanca"},"person_metadata":"","person_position":[57],"person_job":"","person_txt":"Geboren 1979 in Bukarest. <br \/>\n<br \/>\nEr studierte Fotografie und Video an der Universit\u00e4t der K\u00fcnste in Bukarest. <br \/>\n<br \/>\nAusgew\u00e4hlte EInzelausstellungen sind \u00bbSwing Me\u00ab (Oxford\/Gro\u00dfbritannien und International Center for Contemporary Arts, Bukarest, 2001), das Projekt im \u00f6ffentlichen Raum \u00bbFraming Huesca\u00ab in Huesca\/Spanien (2002), \u00bbDown to Earth\u00ab (CIRKUS Galerie, SKC, Belgrad\/Serbien, 2003) und \u00bbTerrorism\u00ab (Sex Trade Gallery, Bukarest, 2005). <br \/>\n<br \/>\nAusgew\u00e4hlte Gruppenausstellungen sind \u00bb11 Young Photographers\u00ab (New Gallery, Bukarest, 2001), \u00bbRelocation Academy\/Shake Society\u00ab (Casino Luxembourg, 2004), \u00bbOn difference #1\u00ab (W\u00fcrttembergischer Kunstverein Stuttgart, 2005), \u00bbPlaying with Terrorism\u00ab (MASC Stiftung, Wien, 2005) and \u00bbBlack Box - Contemporary Romanian Videoart\u00ab (House of Arts, Brno\/Tschechische Republik, 2006). <br \/>\n<br \/>\nSeit 2003  moderiert er die \u00bbIncepem\u00ab Email-Liste (groups.yahoo.com\/group\/incepem) und schreibt f\u00fcr verschiedene Online-Zeitschriften (www.dirtpress.com, www.fstopmagazine.com). <br \/>\n<br \/>\nVon 2001-2002 nahm er am European Voluntary Service in Huesca\/Spanien teil. 2002 erhielt Nanca ein Stipendium des MAP Programms (P\u00e9pini\u00e8res euro\u00e9ennes pour jenues artists) in Paris und 2005 vom quartier21, Museums Quartier in Wien.<br \/>\n<br \/>\nVlad Nanca ist Teilnehmer des Austauschprogramms zwischen der Akademie Schloss Solitude und \u00bbArtist in Residence \u2013 Bukarest\u00ab.","person_txt_short":"","person_img":"","person_website":"","person_links":null,"person_year":[90,91,92],"person_residencies":[{"person_stay_from":"20061001","person_stay_to":"20061231"}],"person_residency_sort_stay_from":null,"person_residency_sort_stay_to":null,"person_practice_field":false,"person_program":[347],"person_locations":[{"person_city":"Bukarest","person_country":"Rum\u00e4nien"}],"person_country":"","related_posts_event":[7195,7203,18410,18418],"related_posts_news":[42671],"related_posts_post":null,"related_posts_schlosspost":null,"person_fellow_juror_relation":""},"_links":{"self":[{"href":"https:\/\/www.akademie-solitude.de\/de\/wp-json\/wp\/v2\/person\/5638","targetHints":{"allow":["GET"]}}],"collection":[{"href":"https:\/\/www.akademie-solitude.de\/de\/wp-json\/wp\/v2\/person"}],"about":[{"href":"https:\/\/www.akademie-solitude.de\/de\/wp-json\/wp\/v2\/types\/person"}],"author":[{"embeddable":true,"href":"https:\/\/www.akademie-solitude.de\/de\/wp-json\/wp\/v2\/users\/1"}],"acf:post":[{"embeddable":true,"href":"https:\/\/www.akademie-solitude.de\/de\/wp-json\/wp\/v2\/news\/42671"},{"embeddable":true,"href":"https:\/\/www.akademie-solitude.de\/de\/wp-json\/wp\/v2\/event\/18418"},{"embeddable":true,"href":"https:\/\/www.akademie-solitude.de\/de\/wp-json\/wp\/v2\/event\/18410"},{"embeddable":true,"href":"https:\/\/www.akademie-solitude.de\/de\/wp-json\/wp\/v2\/event\/7203"},{"embeddable":true,"href":"https:\/\/www.akademie-solitude.de\/de\/wp-json\/wp\/v2\/event\/7195"}],"acf:term":[{"embeddable":true,"taxonomy":"program","href":"https:\/\/www.akademie-solitude.de\/de\/wp-json\/wp\/v2\/program\/347"},{"embeddable":true,"taxonomy":"year_generation","href":"https:\/\/www.akademie-solitude.de\/de\/wp-json\/wp\/v2\/year_generation\/92"},{"embeddable":true,"taxonomy":"year_generation","href":"https:\/\/www.akademie-solitude.de\/de\/wp-json\/wp\/v2\/year_generation\/91"},{"embeddable":true,"taxonomy":"year_generation","href":"https:\/\/www.akademie-solitude.de\/de\/wp-json\/wp\/v2\/year_generation\/90"},{"embeddable":true,"taxonomy":"person_type","href":"https:\/\/www.akademie-solitude.de\/de\/wp-json\/wp\/v2\/person_type\/57"}],"wp:attachment":[{"href":"https:\/\/www.akademie-solitude.de\/de\/wp-json\/wp\/v2\/media?parent=5638"}],"wp:term":[{"taxonomy":"person_type","embeddable":true,"href":"https:\/\/www.akademie-solitude.de\/de\/wp-json\/wp\/v2\/person_type?post=5638"},{"taxonomy":"program","embeddable":true,"href":"https:\/\/www.akademie-solitude.de\/de\/wp-json\/wp\/v2\/program?post=5638"},{"taxonomy":"practice_field","embeddable":true,"href":"https:\/\/www.akademie-solitude.de\/de\/wp-json\/wp\/v2\/practice_field?post=5638"},{"taxonomy":"year_generation","embeddable":true,"href":"https:\/\/www.akademie-solitude.de\/de\/wp-json\/wp\/v2\/year_generation?post=5638"}],"curies":[{"name":"wp","href":"https:\/\/api.w.org\/{rel}","templated":true}]}}

Geboren 1979 in Bukarest. <br />
<br />
Er studierte Fotografie und Video an der Universität der Künste in Bukarest. <br />
<br />
Ausgewählte EInzelausstellungen sind »Swing Me« (Oxford/Großbritannien und International Center for Contemporary Arts, Bukarest, 2001), das Projekt im öffentlichen Raum »Framing Huesca« in Huesca/Spanien (2002), »Down to Earth« (CIRKUS Galerie, SKC, Belgrad/Serbien, 2003) und »Terrorism« (Sex Trade Gallery, Bukarest, 2005). <br />
<br />
Ausgewählte Gruppenausstellungen sind »11 Young Photographers« (New Gallery, Bukarest, 2001), »Relocation Academy/Shake Society« (Casino Luxembourg, 2004), »On difference #1« (Württembergischer Kunstverein Stuttgart, 2005), »Playing with Terrorism« (MASC Stiftung, Wien, 2005) and »Black Box - Contemporary Romanian Videoart« (House of Arts, Brno/Tschechische Republik, 2006). <br />
<br />
Seit 2003  moderiert er die »Incepem« Email-Liste (groups.yahoo.com/group/incepem) und schreibt für verschiedene Online-Zeitschriften (www.dirtpress.com, www.fstopmagazine.com). <br />
<br />
Von 2001-2002 nahm er am European Voluntary Service in Huesca/Spanien teil. 2002 erhielt Nanca ein Stipendium des MAP Programms (Pépinières euroéennes pour jenues artists) in Paris und 2005 vom quartier21, Museums Quartier in Wien.<br />
<br />
Vlad Nanca ist Teilnehmer des Austauschprogramms zwischen der Akademie Schloss Solitude und »Artist in Residence – Bukarest«.

Rumänien
