{"id":5639,"date":"2020-03-26T14:47:28","date_gmt":"2020-03-26T13:47:28","guid":{"rendered":"https:\/\/www.akademie-solitude.de\/person\/denes-krusovszky\/"},"modified":"2020-08-12T17:27:35","modified_gmt":"2020-08-12T15:27:35","slug":"denes-krusovszky","status":"publish","type":"person","link":"https:\/\/www.akademie-solitude.de\/de\/person\/denes-krusovszky\/","title":{"rendered":"D\u00e9nes  Krusovszky"},"content":{"rendered":"","protected":false},"author":1,"featured_media":0,"template":"","meta":{"_acf_changed":false,"inline_featured_image":false},"person_type":[57],"program":[347],"practice_field":[],"year_generation":[92,93,94],"class_list":["post-5639","person","type-person","status-publish","hentry","person_type-stipendiatinnen","program-solitude-exchange-network","year_generation-92","year_generation-93","year_generation-94"],"acf":{"person_id__old":"1533","person_name":{"person_name":"D\u00e9nes","person_middlename":"","person_surname":"Krusovszky"},"person_metadata":"","person_position":[57],"person_job":"","person_txt":"Geboren 1982 in Debrecen\/Ungarn.<br \/>\n<br \/>\nD\u00e9nes Krusovszky ist Lyriker, Kritiker und Herausgeber der <i>Pushkin Utca<\/i> [Puschkin Stra\u00dfe], einer Vierteljahresschrift der Et\u00f6v\u00f6s Lor\u00e1nd Universit\u00e4t von Budapest und der <i>JAK World Literature Series<\/i> (eine Buchreihe zeitgen\u00f6ssischer fremdsprachiger Belletristik und Lyrik in ungarischer \u00dcbersetzung, die zum einen junge ausl\u00e4ndische Schriftsteller vorstellt, zum anderen junge ungarische \u00dcbersetzer).<br \/>\n<br \/>\nKrusovszky studierte ungarische Sprache und Literatur und Vergleichende Literaturwissenschaft an der Et\u00f6v\u00f6s Lor\u00e1nd Universit\u00e4t, Budapest. Anfang 2009 wird er dar\u00fcber hinaus sein Studium der \u00c4sthetik abschlie\u00dfen.<br \/>\n<br \/>\nBislang hat D\u00e9nes Krusovszky den Gedichtband <i>Az \u00f6sszes nevem<\/i> [Alle meine Namen] (2006) ver\u00f6ffentlicht, sein zweites Buch erscheint im April 2009. Au\u00dferdem erschienen seine Gedichte in verschiedenen Anthologien.<br \/>\nZusammen mit zehn anderen jungen Lyrikern f\u00fchrte er ab 2005 einen Lyrik-Blog im Internet mit dem Namen \u00bbTelep\u00ab [\u00bbSiedlung\u00ab, <a>www.telep.freeblog.hu<\/a>). Eine Anthologie der Beitr\u00e4ge wird im Juni 2009 ver\u00f6ffentlicht.<br \/>\n<br \/>\nD\u00e9nes Krusovszky nahm an einigen internationalen Workshops teil, wie dem Projekt \u00bbCrossing Places\u00ab (<a>www.crossingplaces.eu\/content<\/a>) welcher 2007 in Thessaloniki, Barcelona, Mailand und Venedig stattfand. Au\u00dferdem war er Teilnehmer an einem gemeinsamen Workshop zum Thema \u00dcbersetzen zusammen mit anderen jungen ungarischen und serbischen Dichtern in Trsic\/Serbien und beim Workshop Re:verse in Szigliget\/Ungarn.<br \/>\n<br \/>\nAnfang 2008 erhielt Krusovszky das M\u00f3ricz Zsigmond Literatur-Stipendium und im selben Jahr wurde ihm der Junior Prima Preis verliehen. <br \/>\n<br \/>\nSeine Gedichte wurden ins Italienische, Spanische, Serbische und ins Kroatische \u00fcbersetzt.<br \/>\n<br \/>\nD\u00e9nes Krusovszky ist Teilnehmer des Austauschprogramms zwischen der Akademie Schloss Solitude und jungen ungarischen Schriftstellern in Budapest.","person_txt_short":"","person_img":"","person_website":"","person_links":null,"person_year":[92,93,94],"person_residencies":[{"person_stay_from":"20090720","person_stay_to":"20091031"}],"person_residency_sort_stay_from":null,"person_residency_sort_stay_to":null,"person_practice_field":false,"person_program":[347],"person_locations":[{"person_city":"Budapest","person_country":"Ungarn"}],"person_country":"","related_posts_event":[7318,7345,18533,18560],"related_posts_news":"","related_posts_post":null,"related_posts_schlosspost":null,"person_fellow_juror_relation":""},"_links":{"self":[{"href":"https:\/\/www.akademie-solitude.de\/de\/wp-json\/wp\/v2\/person\/5639","targetHints":{"allow":["GET"]}}],"collection":[{"href":"https:\/\/www.akademie-solitude.de\/de\/wp-json\/wp\/v2\/person"}],"about":[{"href":"https:\/\/www.akademie-solitude.de\/de\/wp-json\/wp\/v2\/types\/person"}],"author":[{"embeddable":true,"href":"https:\/\/www.akademie-solitude.de\/de\/wp-json\/wp\/v2\/users\/1"}],"acf:post":[{"embeddable":true,"href":"https:\/\/www.akademie-solitude.de\/de\/wp-json\/wp\/v2\/event\/18560"},{"embeddable":true,"href":"https:\/\/www.akademie-solitude.de\/de\/wp-json\/wp\/v2\/event\/18533"},{"embeddable":true,"href":"https:\/\/www.akademie-solitude.de\/de\/wp-json\/wp\/v2\/event\/7345"},{"embeddable":true,"href":"https:\/\/www.akademie-solitude.de\/de\/wp-json\/wp\/v2\/event\/7318"}],"acf:term":[{"embeddable":true,"taxonomy":"program","href":"https:\/\/www.akademie-solitude.de\/de\/wp-json\/wp\/v2\/program\/347"},{"embeddable":true,"taxonomy":"year_generation","href":"https:\/\/www.akademie-solitude.de\/de\/wp-json\/wp\/v2\/year_generation\/94"},{"embeddable":true,"taxonomy":"year_generation","href":"https:\/\/www.akademie-solitude.de\/de\/wp-json\/wp\/v2\/year_generation\/93"},{"embeddable":true,"taxonomy":"year_generation","href":"https:\/\/www.akademie-solitude.de\/de\/wp-json\/wp\/v2\/year_generation\/92"},{"embeddable":true,"taxonomy":"person_type","href":"https:\/\/www.akademie-solitude.de\/de\/wp-json\/wp\/v2\/person_type\/57"}],"wp:attachment":[{"href":"https:\/\/www.akademie-solitude.de\/de\/wp-json\/wp\/v2\/media?parent=5639"}],"wp:term":[{"taxonomy":"person_type","embeddable":true,"href":"https:\/\/www.akademie-solitude.de\/de\/wp-json\/wp\/v2\/person_type?post=5639"},{"taxonomy":"program","embeddable":true,"href":"https:\/\/www.akademie-solitude.de\/de\/wp-json\/wp\/v2\/program?post=5639"},{"taxonomy":"practice_field","embeddable":true,"href":"https:\/\/www.akademie-solitude.de\/de\/wp-json\/wp\/v2\/practice_field?post=5639"},{"taxonomy":"year_generation","embeddable":true,"href":"https:\/\/www.akademie-solitude.de\/de\/wp-json\/wp\/v2\/year_generation?post=5639"}],"curies":[{"name":"wp","href":"https:\/\/api.w.org\/{rel}","templated":true}]}}

Dénes  Krusovszky

Dénes

Geboren 1982 in Debrecen/Ungarn.<br />
<br />
Dénes Krusovszky ist Lyriker, Kritiker und Herausgeber der <i>Pushkin Utca</i> [Puschkin Straße], einer Vierteljahresschrift der Etövös Loránd Universität von Budapest und der <i>JAK World Literature Series</i> (eine Buchreihe zeitgenössischer fremdsprachiger Belletristik und Lyrik in ungarischer Übersetzung, die zum einen junge ausländische Schriftsteller vorstellt, zum anderen junge ungarische Übersetzer).<br />
<br />
Krusovszky studierte ungarische Sprache und Literatur und Vergleichende Literaturwissenschaft an der Etövös Loránd Universität, Budapest. Anfang 2009 wird er darüber hinaus sein Studium der Ästhetik abschließen.<br />
<br />
Bislang hat Dénes Krusovszky den Gedichtband <i>Az összes nevem</i> [Alle meine Namen] (2006) veröffentlicht, sein zweites Buch erscheint im April 2009. Außerdem erschienen seine Gedichte in verschiedenen Anthologien.<br />
Zusammen mit zehn anderen jungen Lyrikern führte er ab 2005 einen Lyrik-Blog im Internet mit dem Namen »Telep« [»Siedlung«, <a>www.telep.freeblog.hu</a>). Eine Anthologie der Beiträge wird im Juni 2009 veröffentlicht.<br />
<br />
Dénes Krusovszky nahm an einigen internationalen Workshops teil, wie dem Projekt »Crossing Places« (<a>www.crossingplaces.eu/content</a>) welcher 2007 in Thessaloniki, Barcelona, Mailand und Venedig stattfand. Außerdem war er Teilnehmer an einem gemeinsamen Workshop zum Thema Übersetzen zusammen mit anderen jungen ungarischen und serbischen Dichtern in Trsic/Serbien und beim Workshop Re:verse in Szigliget/Ungarn.<br />
<br />
Anfang 2008 erhielt Krusovszky das Móricz Zsigmond Literatur-Stipendium und im selben Jahr wurde ihm der Junior Prima Preis verliehen. <br />
<br />
Seine Gedichte wurden ins Italienische, Spanische, Serbische und ins Kroatische übersetzt.<br />
<br />
Dénes Krusovszky ist Teilnehmer des Austauschprogramms zwischen der Akademie Schloss Solitude und jungen ungarischen Schriftstellern in Budapest.
