{"id":5664,"date":"2020-03-26T14:47:30","date_gmt":"2020-03-26T13:47:30","guid":{"rendered":"https:\/\/www.akademie-solitude.de\/person\/kristjan-varnik\/"},"modified":"2020-08-12T17:27:39","modified_gmt":"2020-08-12T15:27:39","slug":"kristjan-varnik","status":"publish","type":"person","link":"https:\/\/www.akademie-solitude.de\/de\/person\/kristjan-varnik\/","title":{"rendered":"Kristjan  Varnik"},"content":{"rendered":"","protected":false},"author":1,"featured_media":0,"template":"","meta":{"_acf_changed":false,"inline_featured_image":false},"person_type":[57],"program":[],"practice_field":[],"year_generation":[88,89,90],"class_list":["post-5664","person","type-person","status-publish","hentry","person_type-stipendiatinnen","year_generation-88","year_generation-89","year_generation-90"],"acf":{"person_id__old":"1558","person_name":{"person_name":"Kristjan","person_middlename":"","person_surname":"Varnik"},"person_metadata":"","person_position":[57],"person_job":"","person_txt":"Geboren 1978 in Boston.<br>\n<br>\nStudierte Informatik an der New York University. Arbeitet als Softwareentwickler und Mentor f\u00fcr Sch\u00fcler. Seit 1995 produziert und experimentiert er mit elektronischer \/ Computermusik.<br>\n<br>\nAusgew\u00e4hlte Projekte: Entwicklung einer Internetsoftware f\u00fcr Major Airlines (New York, 2000), Entwicklung und Pr\u00e4sentation einer Musiksoftware bei DorkbotNYC (New York, 2001) und Entwicklung einer Websoftware f\u00fcr Major Media Company (Boston, 2002).<br>\n<br>\nW\u00e4hrend des Stipendiums wird Kristjan Varnik an der Entwicklung des Auracle Projekts arbeiten.","person_txt_short":"","person_img":"","person_website":"<a href=\"http:\/\/www.RZ-1.com\">www.RZ-1.com<\/a>","person_links":null,"person_year":[88,89,90],"person_residencies":[{"person_stay_from":"20040901","person_stay_to":"20041031"}],"person_residency_sort_stay_from":null,"person_residency_sort_stay_to":null,"person_practice_field":false,"person_program":false,"person_locations":[{"person_city":"Boston","person_country":"USA"}],"person_country":"","related_posts_event":"","related_posts_news":"","related_posts_post":null,"related_posts_schlosspost":null,"person_fellow_juror_relation":[5487]},"_links":{"self":[{"href":"https:\/\/www.akademie-solitude.de\/de\/wp-json\/wp\/v2\/person\/5664","targetHints":{"allow":["GET"]}}],"collection":[{"href":"https:\/\/www.akademie-solitude.de\/de\/wp-json\/wp\/v2\/person"}],"about":[{"href":"https:\/\/www.akademie-solitude.de\/de\/wp-json\/wp\/v2\/types\/person"}],"author":[{"embeddable":true,"href":"https:\/\/www.akademie-solitude.de\/de\/wp-json\/wp\/v2\/users\/1"}],"acf:post":[{"embeddable":true,"href":"https:\/\/www.akademie-solitude.de\/de\/wp-json\/wp\/v2\/person\/5487"}],"acf:term":[{"embeddable":true,"taxonomy":"year_generation","href":"https:\/\/www.akademie-solitude.de\/de\/wp-json\/wp\/v2\/year_generation\/90"},{"embeddable":true,"taxonomy":"year_generation","href":"https:\/\/www.akademie-solitude.de\/de\/wp-json\/wp\/v2\/year_generation\/89"},{"embeddable":true,"taxonomy":"year_generation","href":"https:\/\/www.akademie-solitude.de\/de\/wp-json\/wp\/v2\/year_generation\/88"},{"embeddable":true,"taxonomy":"person_type","href":"https:\/\/www.akademie-solitude.de\/de\/wp-json\/wp\/v2\/person_type\/57"}],"wp:attachment":[{"href":"https:\/\/www.akademie-solitude.de\/de\/wp-json\/wp\/v2\/media?parent=5664"}],"wp:term":[{"taxonomy":"person_type","embeddable":true,"href":"https:\/\/www.akademie-solitude.de\/de\/wp-json\/wp\/v2\/person_type?post=5664"},{"taxonomy":"program","embeddable":true,"href":"https:\/\/www.akademie-solitude.de\/de\/wp-json\/wp\/v2\/program?post=5664"},{"taxonomy":"practice_field","embeddable":true,"href":"https:\/\/www.akademie-solitude.de\/de\/wp-json\/wp\/v2\/practice_field?post=5664"},{"taxonomy":"year_generation","embeddable":true,"href":"https:\/\/www.akademie-solitude.de\/de\/wp-json\/wp\/v2\/year_generation?post=5664"}],"curies":[{"name":"wp","href":"https:\/\/api.w.org\/{rel}","templated":true}]}}

Geboren 1978 in Boston.<br>
<br>
Studierte Informatik an der New York University. Arbeitet als Softwareentwickler und Mentor für Schüler. Seit 1995 produziert und experimentiert er mit elektronischer / Computermusik.<br>
<br>
Ausgewählte Projekte: Entwicklung einer Internetsoftware für Major Airlines (New York, 2000), Entwicklung und Präsentation einer Musiksoftware bei DorkbotNYC (New York, 2001) und Entwicklung einer Websoftware für Major Media Company (Boston, 2002).<br>
<br>
Während des Stipendiums wird Kristjan Varnik an der Entwicklung des Auracle Projekts arbeiten.
