{"id":5679,"date":"2020-03-26T14:47:32","date_gmt":"2020-03-26T13:47:32","guid":{"rendered":"https:\/\/www.akademie-solitude.de\/person\/matthias-bruhn\/"},"modified":"2020-08-12T17:27:41","modified_gmt":"2020-08-12T15:27:41","slug":"matthias-bruhn","status":"publish","type":"person","link":"https:\/\/www.akademie-solitude.de\/de\/person\/matthias-bruhn\/","title":{"rendered":"Matthias  Bruhn"},"content":{"rendered":"","protected":false},"author":1,"featured_media":0,"template":"","meta":{"_acf_changed":false,"inline_featured_image":false},"person_type":[57],"program":[],"practice_field":[],"year_generation":[88,89,90],"class_list":["post-5679","person","type-person","status-publish","hentry","person_type-stipendiatinnen","year_generation-88","year_generation-89","year_generation-90"],"acf":{"person_id__old":"1573","person_name":{"person_name":"Matthias","person_middlename":"","person_surname":"Bruhn"},"person_metadata":"","person_position":[57],"person_job":"Helmholtz Zentrum f\u00fcr Kulturtechnik","person_txt":"Geboren 1966 in Neum\u00fcnster.<br>\n<br>\nStudium der Kunstgeschichte, Philosophie und Neueren deutschen Literatur an der Universit\u00e4t Hamburg (1986-1992). Verschiedene Studienaufenthalte in Rom und Paris. 1997 promoviert Matthias Bruhn zu \u201eNicolas Poussins Korrespondenz\u201c.<br>\n<br>\nVon 1997 bis 2001 ist er wissenschaftlicher Mitarbeiter der Forschungsstelle Politische Ikonographie im Warburg-Haus der Universit\u00e4t Hamburg. Seit 1995 verschiedene Lehrauftr\u00e4ge an der Universit\u00e4t Hamburg und der Humboldt-Universit\u00e4t zu Berlin.<br>\n<br>\nClark Art Institute Fellowship 2000; J. Paul Getty Postdoctoral Fellowship 2001.<br>\n<br>\nMatthias Bruhn ist Mitgr\u00fcnder und Redakteur von \u201eArtHist \u2013 Netzwerk f\u00fcr Kunstgeschichte im H-Net\u201c (www.arthist.net), im Verbund von Humanities &amp; Social Sciences Online der Michigan State University.<br>\n<br>\nIm Fr\u00fchjahr 2003 erschien sein Buch \u201eBildwirtschaft \u2013 zur Verwaltung und Verwertung der Sichtbarkeit\u201c, VDG, Weimar.<br>\n<br>\nW\u00e4hrend seines Stipendiums auf Solitude wird Matthias Bruhn eine Studie \u00fcber Marketing-Ratgeber f\u00fcr professionelle Fotografen schreiben.","person_txt_short":"","person_img":"","person_website":"","person_links":null,"person_year":[88,89,90],"person_residencies":[{"person_stay_from":"20031101","person_stay_to":"20040430"}],"person_residency_sort_stay_from":null,"person_residency_sort_stay_to":null,"person_practice_field":false,"person_program":false,"person_locations":[{"person_city":"Berlin","person_country":"Deutschland"}],"person_country":"","related_posts_event":[7144,18359],"related_posts_news":"","related_posts_post":null,"related_posts_schlosspost":null,"person_fellow_juror_relation":""},"_links":{"self":[{"href":"https:\/\/www.akademie-solitude.de\/de\/wp-json\/wp\/v2\/person\/5679","targetHints":{"allow":["GET"]}}],"collection":[{"href":"https:\/\/www.akademie-solitude.de\/de\/wp-json\/wp\/v2\/person"}],"about":[{"href":"https:\/\/www.akademie-solitude.de\/de\/wp-json\/wp\/v2\/types\/person"}],"author":[{"embeddable":true,"href":"https:\/\/www.akademie-solitude.de\/de\/wp-json\/wp\/v2\/users\/1"}],"acf:post":[{"embeddable":true,"href":"https:\/\/www.akademie-solitude.de\/de\/wp-json\/wp\/v2\/event\/18359"},{"embeddable":true,"href":"https:\/\/www.akademie-solitude.de\/de\/wp-json\/wp\/v2\/event\/7144"}],"acf:term":[{"embeddable":true,"taxonomy":"year_generation","href":"https:\/\/www.akademie-solitude.de\/de\/wp-json\/wp\/v2\/year_generation\/90"},{"embeddable":true,"taxonomy":"year_generation","href":"https:\/\/www.akademie-solitude.de\/de\/wp-json\/wp\/v2\/year_generation\/89"},{"embeddable":true,"taxonomy":"year_generation","href":"https:\/\/www.akademie-solitude.de\/de\/wp-json\/wp\/v2\/year_generation\/88"},{"embeddable":true,"taxonomy":"person_type","href":"https:\/\/www.akademie-solitude.de\/de\/wp-json\/wp\/v2\/person_type\/57"}],"wp:attachment":[{"href":"https:\/\/www.akademie-solitude.de\/de\/wp-json\/wp\/v2\/media?parent=5679"}],"wp:term":[{"taxonomy":"person_type","embeddable":true,"href":"https:\/\/www.akademie-solitude.de\/de\/wp-json\/wp\/v2\/person_type?post=5679"},{"taxonomy":"program","embeddable":true,"href":"https:\/\/www.akademie-solitude.de\/de\/wp-json\/wp\/v2\/program?post=5679"},{"taxonomy":"practice_field","embeddable":true,"href":"https:\/\/www.akademie-solitude.de\/de\/wp-json\/wp\/v2\/practice_field?post=5679"},{"taxonomy":"year_generation","embeddable":true,"href":"https:\/\/www.akademie-solitude.de\/de\/wp-json\/wp\/v2\/year_generation?post=5679"}],"curies":[{"name":"wp","href":"https:\/\/api.w.org\/{rel}","templated":true}]}}

Helmholtz Zentrum für Kulturtechnik

Geboren 1966 in Neumünster.<br>
<br>
Studium der Kunstgeschichte, Philosophie und Neueren deutschen Literatur an der Universität Hamburg (1986-1992). Verschiedene Studienaufenthalte in Rom und Paris. 1997 promoviert Matthias Bruhn zu „Nicolas Poussins Korrespondenz“.<br>
<br>
Von 1997 bis 2001 ist er wissenschaftlicher Mitarbeiter der Forschungsstelle Politische Ikonographie im Warburg-Haus der Universität Hamburg. Seit 1995 verschiedene Lehraufträge an der Universität Hamburg und der Humboldt-Universität zu Berlin.<br>
<br>
Clark Art Institute Fellowship 2000; J. Paul Getty Postdoctoral Fellowship 2001.<br>
<br>
Matthias Bruhn ist Mitgründer und Redakteur von „ArtHist – Netzwerk für Kunstgeschichte im H-Net“ (www.arthist.net), im Verbund von Humanities &amp; Social Sciences Online der Michigan State University.<br>
<br>
Im Frühjahr 2003 erschien sein Buch „Bildwirtschaft – zur Verwaltung und Verwertung der Sichtbarkeit“, VDG, Weimar.<br>
<br>
Während seines Stipendiums auf Solitude wird Matthias Bruhn eine Studie über Marketing-Ratgeber für professionelle Fotografen schreiben.
