{"id":5696,"date":"2020-03-26T14:47:33","date_gmt":"2020-03-26T13:47:33","guid":{"rendered":"https:\/\/www.akademie-solitude.de\/person\/asmus-trautsch\/"},"modified":"2020-08-12T17:27:44","modified_gmt":"2020-08-12T15:27:44","slug":"asmus-trautsch","status":"publish","type":"person","link":"https:\/\/www.akademie-solitude.de\/de\/person\/asmus-trautsch\/","title":{"rendered":"Asmus  Trautsch"},"content":{"rendered":"","protected":false},"author":1,"featured_media":0,"template":"","meta":{"_acf_changed":false,"inline_featured_image":false},"person_type":[57],"program":[],"practice_field":[115],"year_generation":[94,95,96],"class_list":["post-5696","person","type-person","status-publish","hentry","person_type-stipendiatinnen","practice_field-geisteswissenschaften","year_generation-94","year_generation-95","year_generation-96"],"acf":{"person_id__old":"1591","person_name":{"person_name":"Asmus","person_middlename":"","person_surname":"Trautsch"},"person_metadata":"","person_position":[57],"person_job":"","person_txt":"<p>Geboren 1976 in Kiel\/Deutschland.<br>\n<br>\nAsmus Trautsch studierte Komposition\/Musiktheorie an der Universit\u00e4t der K\u00fcnste in Berlin (Diplom 2004) und Philosophie sowie \u00c4ltere und Neuere Deutsche Literatur an der Berliner Humboldt-Universit\u00e4t. 2001\/2002 war er Gaststudent am University College London in Gro\u00dfbritannien.<br>\n<br>\nDerzeit promoviert Trautsch an der Humboldt-Universit\u00e4t in Philosophie zum Thema \u00bb\u00dcber den Begriff der tragischen Handlung\u00ab. 2008 war er als Gastwissenschaftler f\u00fcr Philosophie an der New Yorker Columbia University.<br>\n<br>\nGemeinsam mit Bettina Hartz gr\u00fcndete Asmus Trautsch 2003 den LUNARDI Verlag, der zeitgen\u00f6ssische und experimentelle Literatur ver\u00f6ffentlicht.<br>\n<br>\nEbenfalls 2003 gr\u00fcndete er den Verein Klangnetz, der junge Komponisten in Berlin f\u00f6rdert. Zu den bisherigen Projekten des Vereins geh\u00f6ren Konzertreisen, etwa in die Schweiz, nach Island, Polen, Tschechien, Russland oder Israel sowie Kooperationen mit anderen Musikern und Videok\u00fcnstlern, Bildenden K\u00fcnstlern, T\u00e4nzern und Schriftstellern.<br>\n<br>\nTrautsch erhielt zahlreiche Stipendien und Preise, darunter von 2006 bis 2009 und von 1999 bis 2004 Stipendien der Studienstiftung des Deutschen Volkes und 2006 das NaF\u00f6G-Stipendium des Berliner Senates.<br>\n<br>\nSeine Ver\u00f6ffentlichungen beinhalten wissenschaftliche Texte, Essays, Gedichte und Kompositionen. Er h\u00e4lt regelm\u00e4\u00dfig Vortr\u00e4ge an Universit\u00e4ten und anderen wissenschaftlichen Institutionen.<br>\n<br>\nPublikationen (Auswahl): \u00bbLeidenschaftliche Individualit\u00e4t. Zur tragischen Verfassung gesteigerten Lebens bei Schopenhauer, Nietzsche und Camus\u00ab in: Lore H\u00fchn (Hrsg.): Die Philosophie des Tragischen \u02c6 Schopenhauer, Schelling, Nietzsche. Berlin\/New York: De Gruyter 2011; Treibbojen. Gedichte. Berlin: Verlagshaus J. Frank 2010; Schopenhauer und das Trauerspiel der Gelassenheit, in: Schopenhauer-Jahrbuch, vol. 90, W\u00fcrzburg: K\u00f6nigshausen &amp; Neumann 2009. Was ist Leben? Festgabe f\u00fcr Volker Gerhardt zum 65. Geburtstag. Hrsg. zusammen mit Simon Springmann. Berlin: Duncker &amp; Humblot 2009.<\/p>","person_txt_short":"","person_img":"","person_website":"","person_links":null,"person_year":[94,95,96],"person_residencies":[{"person_stay_from":"20101001","person_stay_to":"20110331"}],"person_residency_sort_stay_from":null,"person_residency_sort_stay_to":null,"person_practice_field":[115],"person_program":false,"person_locations":[{"person_city":"Berlin","person_country":"Deutschland"}],"person_country":"","related_posts_event":[7418,7424,7441,7484,7485,7523,18633,18639,18656,18699,18700,18738],"related_posts_news":[7418,7424,7441,7484,7485,7523],"related_posts_post":null,"related_posts_schlosspost":null,"person_fellow_juror_relation":[5473]},"_links":{"self":[{"href":"https:\/\/www.akademie-solitude.de\/de\/wp-json\/wp\/v2\/person\/5696","targetHints":{"allow":["GET"]}}],"collection":[{"href":"https:\/\/www.akademie-solitude.de\/de\/wp-json\/wp\/v2\/person"}],"about":[{"href":"https:\/\/www.akademie-solitude.de\/de\/wp-json\/wp\/v2\/types\/person"}],"author":[{"embeddable":true,"href":"https:\/\/www.akademie-solitude.de\/de\/wp-json\/wp\/v2\/users\/1"}],"acf:post":[{"embeddable":true,"href":"https:\/\/www.akademie-solitude.de\/de\/wp-json\/wp\/v2\/person\/5473"},{"embeddable":true,"href":"https:\/\/www.akademie-solitude.de\/de\/wp-json\/wp\/v2\/event\/18738"},{"embeddable":true,"href":"https:\/\/www.akademie-solitude.de\/de\/wp-json\/wp\/v2\/event\/18700"},{"embeddable":true,"href":"https:\/\/www.akademie-solitude.de\/de\/wp-json\/wp\/v2\/event\/18699"},{"embeddable":true,"href":"https:\/\/www.akademie-solitude.de\/de\/wp-json\/wp\/v2\/event\/18656"},{"embeddable":true,"href":"https:\/\/www.akademie-solitude.de\/de\/wp-json\/wp\/v2\/event\/18639"},{"embeddable":true,"href":"https:\/\/www.akademie-solitude.de\/de\/wp-json\/wp\/v2\/event\/18633"},{"embeddable":true,"href":"https:\/\/www.akademie-solitude.de\/de\/wp-json\/wp\/v2\/event\/7523"},{"embeddable":true,"href":"https:\/\/www.akademie-solitude.de\/de\/wp-json\/wp\/v2\/event\/7485"},{"embeddable":true,"href":"https:\/\/www.akademie-solitude.de\/de\/wp-json\/wp\/v2\/event\/7484"},{"embeddable":true,"href":"https:\/\/www.akademie-solitude.de\/de\/wp-json\/wp\/v2\/event\/7441"},{"embeddable":true,"href":"https:\/\/www.akademie-solitude.de\/de\/wp-json\/wp\/v2\/event\/7424"},{"embeddable":true,"href":"https:\/\/www.akademie-solitude.de\/de\/wp-json\/wp\/v2\/event\/7418"}],"acf:term":[{"embeddable":true,"taxonomy":"practice_field","href":"https:\/\/www.akademie-solitude.de\/de\/wp-json\/wp\/v2\/practice_field\/115"},{"embeddable":true,"taxonomy":"year_generation","href":"https:\/\/www.akademie-solitude.de\/de\/wp-json\/wp\/v2\/year_generation\/96"},{"embeddable":true,"taxonomy":"year_generation","href":"https:\/\/www.akademie-solitude.de\/de\/wp-json\/wp\/v2\/year_generation\/95"},{"embeddable":true,"taxonomy":"year_generation","href":"https:\/\/www.akademie-solitude.de\/de\/wp-json\/wp\/v2\/year_generation\/94"},{"embeddable":true,"taxonomy":"person_type","href":"https:\/\/www.akademie-solitude.de\/de\/wp-json\/wp\/v2\/person_type\/57"}],"wp:attachment":[{"href":"https:\/\/www.akademie-solitude.de\/de\/wp-json\/wp\/v2\/media?parent=5696"}],"wp:term":[{"taxonomy":"person_type","embeddable":true,"href":"https:\/\/www.akademie-solitude.de\/de\/wp-json\/wp\/v2\/person_type?post=5696"},{"taxonomy":"program","embeddable":true,"href":"https:\/\/www.akademie-solitude.de\/de\/wp-json\/wp\/v2\/program?post=5696"},{"taxonomy":"practice_field","embeddable":true,"href":"https:\/\/www.akademie-solitude.de\/de\/wp-json\/wp\/v2\/practice_field?post=5696"},{"taxonomy":"year_generation","embeddable":true,"href":"https:\/\/www.akademie-solitude.de\/de\/wp-json\/wp\/v2\/year_generation?post=5696"}],"curies":[{"name":"wp","href":"https:\/\/api.w.org\/{rel}","templated":true}]}}

<p>Geboren 1976 in Kiel/Deutschland.<br>
<br>
Asmus Trautsch studierte Komposition/Musiktheorie an der Universität der Künste in Berlin (Diplom 2004) und Philosophie sowie Ältere und Neuere Deutsche Literatur an der Berliner Humboldt-Universität. 2001/2002 war er Gaststudent am University College London in Großbritannien.<br>
<br>
Derzeit promoviert Trautsch an der Humboldt-Universität in Philosophie zum Thema »Über den Begriff der tragischen Handlung«. 2008 war er als Gastwissenschaftler für Philosophie an der New Yorker Columbia University.<br>
<br>
Gemeinsam mit Bettina Hartz gründete Asmus Trautsch 2003 den LUNARDI Verlag, der zeitgenössische und experimentelle Literatur veröffentlicht.<br>
<br>
Ebenfalls 2003 gründete er den Verein Klangnetz, der junge Komponisten in Berlin fördert. Zu den bisherigen Projekten des Vereins gehören Konzertreisen, etwa in die Schweiz, nach Island, Polen, Tschechien, Russland oder Israel sowie Kooperationen mit anderen Musikern und Videokünstlern, Bildenden Künstlern, Tänzern und Schriftstellern.<br>
<br>
Trautsch erhielt zahlreiche Stipendien und Preise, darunter von 2006 bis 2009 und von 1999 bis 2004 Stipendien der Studienstiftung des Deutschen Volkes und 2006 das NaFöG-Stipendium des Berliner Senates.<br>
<br>
Seine Veröffentlichungen beinhalten wissenschaftliche Texte, Essays, Gedichte und Kompositionen. Er hält regelmäßig Vorträge an Universitäten und anderen wissenschaftlichen Institutionen.<br>
<br>
Publikationen (Auswahl): »Leidenschaftliche Individualität. Zur tragischen Verfassung gesteigerten Lebens bei Schopenhauer, Nietzsche und Camus« in: Lore Hühn (Hrsg.): Die Philosophie des Tragischen ˆ Schopenhauer, Schelling, Nietzsche. Berlin/New York: De Gruyter 2011; Treibbojen. Gedichte. Berlin: Verlagshaus J. Frank 2010; Schopenhauer und das Trauerspiel der Gelassenheit, in: Schopenhauer-Jahrbuch, vol. 90, Würzburg: Königshausen &amp; Neumann 2009. Was ist Leben? Festgabe für Volker Gerhardt zum 65. Geburtstag. Hrsg. zusammen mit Simon Springmann. Berlin: Duncker &amp; Humblot 2009.</p>
