{"id":5707,"date":"2020-03-26T14:47:33","date_gmt":"2020-03-26T13:47:33","guid":{"rendered":"https:\/\/www.akademie-solitude.de\/person\/philippe-perreaux\/"},"modified":"2020-08-12T17:27:46","modified_gmt":"2020-08-12T15:27:46","slug":"philippe-perreaux","status":"publish","type":"person","link":"https:\/\/www.akademie-solitude.de\/de\/person\/philippe-perreaux\/","title":{"rendered":"Philippe  Perreaux"},"content":{"rendered":"","protected":false},"author":1,"featured_media":0,"template":"","meta":{"_acf_changed":false,"inline_featured_image":false},"person_type":[57],"program":[],"practice_field":[],"year_generation":[90,91,92],"class_list":["post-5707","person","type-person","status-publish","hentry","person_type-stipendiatinnen","year_generation-90","year_generation-91","year_generation-92"],"acf":{"person_id__old":"1602","person_name":{"person_name":"Philippe","person_middlename":"","person_surname":"Perreaux"},"person_metadata":"","person_position":[57],"person_job":"","person_txt":"Geboren 1975 in Lausanne\/Schweiz. <br>\n<br>\nEr studierte Rechtswissenschaften an der Universit\u00e4t Z\u00fcrich und promovierte dort zum Thema \u201eFotojournalismus im Urheber- und Wettbewerbsrecht\u201c bei Prof. Dr. Manfred Rehbinder. Er befasste sich dabei mit den Grundrissen der ungeschriebenen Gesetze und Marktstrukturen der Bildbranche, den praktischen Auslegungsproblemen des urheberrechtlichen Werkbegriffs und Fragen des Urheberrechtsschutzes und des gewerblichen Rechtsschutzes. In diesem Zusammenhang hielt er auch Vortr\u00e4ge an verschiedenen Foren.<br>\n<br>\nAb 1991 war Perreaux Mitarbeiter der Bildagentur KEYSTONE und seit 2001 ist er dort juristischer Berater bez\u00fcglich Immaterialg\u00fcter und pers\u00f6nlichkeitsrechtlichen Fragen. Er ist ebenfalls Mitarbeiter der Konzertagentur Allblues GmbH.<br>\n<br>\nSeit 2006 ist Philippe Perreaux Jurist bei B\u00fchler &amp; Lienert, Steuer- und Rechtsberatung. Er ist hier vor allem im Bereich der Immaterial-Medien und IT-Recht t\u00e4tig.","person_txt_short":"","person_img":"","person_website":"","person_links":null,"person_year":[90,91,92],"person_residencies":[{"person_stay_from":"20070201","person_stay_to":"20070506"}],"person_residency_sort_stay_from":null,"person_residency_sort_stay_to":null,"person_practice_field":false,"person_program":false,"person_locations":[{"person_city":"Z\u00fcrich","person_country":"Schweiz"}],"person_country":"","related_posts_event":[7287,18502],"related_posts_news":"","related_posts_post":null,"related_posts_schlosspost":null,"person_fellow_juror_relation":""},"_links":{"self":[{"href":"https:\/\/www.akademie-solitude.de\/de\/wp-json\/wp\/v2\/person\/5707","targetHints":{"allow":["GET"]}}],"collection":[{"href":"https:\/\/www.akademie-solitude.de\/de\/wp-json\/wp\/v2\/person"}],"about":[{"href":"https:\/\/www.akademie-solitude.de\/de\/wp-json\/wp\/v2\/types\/person"}],"author":[{"embeddable":true,"href":"https:\/\/www.akademie-solitude.de\/de\/wp-json\/wp\/v2\/users\/1"}],"acf:post":[{"embeddable":true,"href":"https:\/\/www.akademie-solitude.de\/de\/wp-json\/wp\/v2\/event\/18502"},{"embeddable":true,"href":"https:\/\/www.akademie-solitude.de\/de\/wp-json\/wp\/v2\/event\/7287"}],"acf:term":[{"embeddable":true,"taxonomy":"year_generation","href":"https:\/\/www.akademie-solitude.de\/de\/wp-json\/wp\/v2\/year_generation\/92"},{"embeddable":true,"taxonomy":"year_generation","href":"https:\/\/www.akademie-solitude.de\/de\/wp-json\/wp\/v2\/year_generation\/91"},{"embeddable":true,"taxonomy":"year_generation","href":"https:\/\/www.akademie-solitude.de\/de\/wp-json\/wp\/v2\/year_generation\/90"},{"embeddable":true,"taxonomy":"person_type","href":"https:\/\/www.akademie-solitude.de\/de\/wp-json\/wp\/v2\/person_type\/57"}],"wp:attachment":[{"href":"https:\/\/www.akademie-solitude.de\/de\/wp-json\/wp\/v2\/media?parent=5707"}],"wp:term":[{"taxonomy":"person_type","embeddable":true,"href":"https:\/\/www.akademie-solitude.de\/de\/wp-json\/wp\/v2\/person_type?post=5707"},{"taxonomy":"program","embeddable":true,"href":"https:\/\/www.akademie-solitude.de\/de\/wp-json\/wp\/v2\/program?post=5707"},{"taxonomy":"practice_field","embeddable":true,"href":"https:\/\/www.akademie-solitude.de\/de\/wp-json\/wp\/v2\/practice_field?post=5707"},{"taxonomy":"year_generation","embeddable":true,"href":"https:\/\/www.akademie-solitude.de\/de\/wp-json\/wp\/v2\/year_generation?post=5707"}],"curies":[{"name":"wp","href":"https:\/\/api.w.org\/{rel}","templated":true}]}}

Geboren 1975 in Lausanne/Schweiz. <br>
<br>
Er studierte Rechtswissenschaften an der Universität Zürich und promovierte dort zum Thema „Fotojournalismus im Urheber- und Wettbewerbsrecht“ bei Prof. Dr. Manfred Rehbinder. Er befasste sich dabei mit den Grundrissen der ungeschriebenen Gesetze und Marktstrukturen der Bildbranche, den praktischen Auslegungsproblemen des urheberrechtlichen Werkbegriffs und Fragen des Urheberrechtsschutzes und des gewerblichen Rechtsschutzes. In diesem Zusammenhang hielt er auch Vorträge an verschiedenen Foren.<br>
<br>
Ab 1991 war Perreaux Mitarbeiter der Bildagentur KEYSTONE und seit 2001 ist er dort juristischer Berater bezüglich Immaterialgüter und persönlichkeitsrechtlichen Fragen. Er ist ebenfalls Mitarbeiter der Konzertagentur Allblues GmbH.<br>
<br>
Seit 2006 ist Philippe Perreaux Jurist bei Bühler &amp; Lienert, Steuer- und Rechtsberatung. Er ist hier vor allem im Bereich der Immaterial-Medien und IT-Recht tätig.

Zürich
