{"id":5737,"date":"2020-03-26T14:47:38","date_gmt":"2020-03-26T13:47:38","guid":{"rendered":"https:\/\/www.akademie-solitude.de\/person\/olaf-bach\/"},"modified":"2020-08-12T17:27:51","modified_gmt":"2020-08-12T15:27:51","slug":"olaf-bach","status":"publish","type":"person","link":"https:\/\/www.akademie-solitude.de\/de\/person\/olaf-bach\/","title":{"rendered":"Olaf  Bach"},"content":{"rendered":"","protected":false},"author":1,"featured_media":0,"template":"","meta":{"_acf_changed":false,"inline_featured_image":false},"person_type":[57],"program":[],"practice_field":[116],"year_generation":[96,97,98],"class_list":["post-5737","person","type-person","status-publish","hentry","person_type-stipendiatinnen","practice_field-wirtschaft-wirtschaftswissenschaften","year_generation-96","year_generation-97","year_generation-98"],"acf":{"person_id__old":"1632","person_name":{"person_name":"Olaf","person_middlename":"","person_surname":"Bach"},"person_metadata":"","person_position":[57],"person_job":"","person_txt":"<p>Geboren 1977 in Mainz\/Deutschland.<\/p>\n<p>Olaf Bach studierte Wirtschaftswissenschaften an der Universit\u00e4t St. Gallen sowie Geschichte an der Universit\u00e4t Bielefeld, der University of Edinburgh und der Fernuniversit\u00e4t Hagen.<\/p>\n<p>2008 promovierte er zum Dr. oec. an der Universit\u00e4t St. Gallen mit seiner im Campus-Verlag erschienenen Dissertation <em>Die Erfindung der Globalisierung. Entstehung und Wandel eines zeitgeschichtlichen Grundbegriffs<\/em>. Er arbeitet als Projektleiter im Bereich der internationalen Strategieberatung in Zu\u0308rich und ist Gastprofessor f\u00fcr Wirtschaftswissenschaften an der Wei\u00dfensee Kunsthochschule Berlin. Olaf Bach publizierte Artikel, Essays und Rezensionen in der F.A.Z., Merkur, Schweizer Monat, io new management und in der Zeitschrift fu\u0308r Unternehmensgeschichte. Zudem ist Olaf Bach Lehrbeauftragter f\u00fcr strategische Organisationsentwicklung an der Universit\u00e4t St. Gallen.<\/p>\n<p>Er erhielt das Stipendium des Schweizerischen Nationalfonds fu\u0308r ein Forschungsjahr an der University of Chicago sowie den ersten Preis im Essay-Wettbewerb der Friedrich-August-von-Hayek-Gesellschaft e.V.<br>\n&nbsp;<\/p>\n<p>&nbsp;<\/p>","person_txt_short":"","person_img":"","person_website":"","person_links":null,"person_year":[96,97,98],"person_residencies":[{"person_stay_from":"20111101","person_stay_to":"20120430"}],"person_residency_sort_stay_from":null,"person_residency_sort_stay_to":null,"person_practice_field":[116],"person_program":false,"person_locations":[{"person_city":"Z\u00fcrich","person_country":"Schweiz"}],"person_country":"","related_posts_event":[7730,7737,7407,18622],"related_posts_news":[7407,7730,7737,19297,19309],"related_posts_post":null,"related_posts_schlosspost":null,"person_fellow_juror_relation":[5467]},"_links":{"self":[{"href":"https:\/\/www.akademie-solitude.de\/de\/wp-json\/wp\/v2\/person\/5737","targetHints":{"allow":["GET"]}}],"collection":[{"href":"https:\/\/www.akademie-solitude.de\/de\/wp-json\/wp\/v2\/person"}],"about":[{"href":"https:\/\/www.akademie-solitude.de\/de\/wp-json\/wp\/v2\/types\/person"}],"author":[{"embeddable":true,"href":"https:\/\/www.akademie-solitude.de\/de\/wp-json\/wp\/v2\/users\/1"}],"acf:post":[{"embeddable":true,"href":"https:\/\/www.akademie-solitude.de\/de\/wp-json\/wp\/v2\/person\/5467"},{"embeddable":true,"href":"https:\/\/www.akademie-solitude.de\/de\/wp-json\/wp\/v2\/news\/19309"},{"embeddable":true,"href":"https:\/\/www.akademie-solitude.de\/de\/wp-json\/wp\/v2\/news\/19297"},{"embeddable":true,"href":"https:\/\/www.akademie-solitude.de\/de\/wp-json\/wp\/v2\/event\/18622"},{"embeddable":true,"href":"https:\/\/www.akademie-solitude.de\/de\/wp-json\/wp\/v2\/event\/7407"},{"embeddable":true,"href":"https:\/\/www.akademie-solitude.de\/de\/wp-json\/wp\/v2\/news\/7737"},{"embeddable":true,"href":"https:\/\/www.akademie-solitude.de\/de\/wp-json\/wp\/v2\/news\/7730"}],"acf:term":[{"embeddable":true,"taxonomy":"practice_field","href":"https:\/\/www.akademie-solitude.de\/de\/wp-json\/wp\/v2\/practice_field\/116"},{"embeddable":true,"taxonomy":"year_generation","href":"https:\/\/www.akademie-solitude.de\/de\/wp-json\/wp\/v2\/year_generation\/98"},{"embeddable":true,"taxonomy":"year_generation","href":"https:\/\/www.akademie-solitude.de\/de\/wp-json\/wp\/v2\/year_generation\/97"},{"embeddable":true,"taxonomy":"year_generation","href":"https:\/\/www.akademie-solitude.de\/de\/wp-json\/wp\/v2\/year_generation\/96"},{"embeddable":true,"taxonomy":"person_type","href":"https:\/\/www.akademie-solitude.de\/de\/wp-json\/wp\/v2\/person_type\/57"}],"wp:attachment":[{"href":"https:\/\/www.akademie-solitude.de\/de\/wp-json\/wp\/v2\/media?parent=5737"}],"wp:term":[{"taxonomy":"person_type","embeddable":true,"href":"https:\/\/www.akademie-solitude.de\/de\/wp-json\/wp\/v2\/person_type?post=5737"},{"taxonomy":"program","embeddable":true,"href":"https:\/\/www.akademie-solitude.de\/de\/wp-json\/wp\/v2\/program?post=5737"},{"taxonomy":"practice_field","embeddable":true,"href":"https:\/\/www.akademie-solitude.de\/de\/wp-json\/wp\/v2\/practice_field?post=5737"},{"taxonomy":"year_generation","embeddable":true,"href":"https:\/\/www.akademie-solitude.de\/de\/wp-json\/wp\/v2\/year_generation?post=5737"}],"curies":[{"name":"wp","href":"https:\/\/api.w.org\/{rel}","templated":true}]}}

<p>Geboren 1977 in Mainz/Deutschland.</p>
<p>Olaf Bach studierte Wirtschaftswissenschaften an der Universität St. Gallen sowie Geschichte an der Universität Bielefeld, der University of Edinburgh und der Fernuniversität Hagen.</p>
<p>2008 promovierte er zum Dr. oec. an der Universität St. Gallen mit seiner im Campus-Verlag erschienenen Dissertation <em>Die Erfindung der Globalisierung. Entstehung und Wandel eines zeitgeschichtlichen Grundbegriffs</em>. Er arbeitet als Projektleiter im Bereich der internationalen Strategieberatung in Zürich und ist Gastprofessor für Wirtschaftswissenschaften an der Weißensee Kunsthochschule Berlin. Olaf Bach publizierte Artikel, Essays und Rezensionen in der F.A.Z., Merkur, Schweizer Monat, io new management und in der Zeitschrift für Unternehmensgeschichte. Zudem ist Olaf Bach Lehrbeauftragter für strategische Organisationsentwicklung an der Universität St. Gallen.</p>
<p>Er erhielt das Stipendium des Schweizerischen Nationalfonds für ein Forschungsjahr an der University of Chicago sowie den ersten Preis im Essay-Wettbewerb der Friedrich-August-von-Hayek-Gesellschaft e.V.<br>
&nbsp;</p>
<p>&nbsp;</p>

Zürich
