{"id":5764,"date":"2020-03-26T14:47:40","date_gmt":"2020-03-26T13:47:40","guid":{"rendered":"https:\/\/www.akademie-solitude.de\/person\/krzysztof-visconti\/"},"modified":"2020-08-12T17:27:54","modified_gmt":"2020-08-12T15:27:54","slug":"krzysztof-visconti","status":"publish","type":"person","link":"https:\/\/www.akademie-solitude.de\/de\/person\/krzysztof-visconti\/","title":{"rendered":"Krzysztof  Visconti"},"content":{"rendered":"","protected":false},"author":1,"featured_media":0,"template":"","meta":{"_acf_changed":false,"inline_featured_image":false},"person_type":[57],"program":[493],"practice_field":[109],"year_generation":[83,84],"class_list":["post-5764","person","type-person","status-publish","hentry","person_type-stipendiatinnen","program-sonderstipendien","practice_field-sonderprogramme","year_generation-83","year_generation-84"],"acf":{"person_id__old":"1663","person_name":{"person_name":"Krzysztof","person_middlename":"","person_surname":"Visconti"},"person_metadata":"","person_position":[57],"person_job":"","person_txt":"Videok\u00fcnstler, geb. 1964, lebt in Lodz.<br \/>\n<br \/>\nAls K\u00fcnstler und Organisator zahlreiche Film-, Video- und Kunstprojekte, u.a. 1992-94 mit dem Kunstzentrum Tacheles (Berlin), 1992 Gr\u00fcndung der Initiative A & C zur F\u00f6rderung von Kontakten zwischen polnischen und deutschen K\u00fcnstlern.<br \/>\n<br \/>\nAb1994 Arbeit f\u00fcr die polnische Redaktion bei SFB 4 Multi Kulti in Berlin.<br \/>\n<br \/>\n1996, Teilnahme am Videofestival WRO Wroclaw (Polen).<br \/>\n<br \/>\nSeit 1997 Student an der Filmhochschule Lodz.","person_txt_short":"","person_img":"","person_website":"","person_links":null,"person_year":[83,84],"person_residencies":[{"person_stay_from":"19980501","person_stay_to":"19980707"}],"person_residency_sort_stay_from":null,"person_residency_sort_stay_to":null,"person_practice_field":[109],"person_program":[493],"person_locations":[{"person_city":"Lodz","person_country":"Polen"}],"person_country":"","related_posts_event":"","related_posts_news":"","related_posts_post":null,"related_posts_schlosspost":null,"person_fellow_juror_relation":[5526]},"_links":{"self":[{"href":"https:\/\/www.akademie-solitude.de\/de\/wp-json\/wp\/v2\/person\/5764","targetHints":{"allow":["GET"]}}],"collection":[{"href":"https:\/\/www.akademie-solitude.de\/de\/wp-json\/wp\/v2\/person"}],"about":[{"href":"https:\/\/www.akademie-solitude.de\/de\/wp-json\/wp\/v2\/types\/person"}],"author":[{"embeddable":true,"href":"https:\/\/www.akademie-solitude.de\/de\/wp-json\/wp\/v2\/users\/1"}],"acf:post":[{"embeddable":true,"href":"https:\/\/www.akademie-solitude.de\/de\/wp-json\/wp\/v2\/person\/5526"}],"acf:term":[{"embeddable":true,"taxonomy":"program","href":"https:\/\/www.akademie-solitude.de\/de\/wp-json\/wp\/v2\/program\/493"},{"embeddable":true,"taxonomy":"practice_field","href":"https:\/\/www.akademie-solitude.de\/de\/wp-json\/wp\/v2\/practice_field\/109"},{"embeddable":true,"taxonomy":"year_generation","href":"https:\/\/www.akademie-solitude.de\/de\/wp-json\/wp\/v2\/year_generation\/84"},{"embeddable":true,"taxonomy":"year_generation","href":"https:\/\/www.akademie-solitude.de\/de\/wp-json\/wp\/v2\/year_generation\/83"},{"embeddable":true,"taxonomy":"person_type","href":"https:\/\/www.akademie-solitude.de\/de\/wp-json\/wp\/v2\/person_type\/57"}],"wp:attachment":[{"href":"https:\/\/www.akademie-solitude.de\/de\/wp-json\/wp\/v2\/media?parent=5764"}],"wp:term":[{"taxonomy":"person_type","embeddable":true,"href":"https:\/\/www.akademie-solitude.de\/de\/wp-json\/wp\/v2\/person_type?post=5764"},{"taxonomy":"program","embeddable":true,"href":"https:\/\/www.akademie-solitude.de\/de\/wp-json\/wp\/v2\/program?post=5764"},{"taxonomy":"practice_field","embeddable":true,"href":"https:\/\/www.akademie-solitude.de\/de\/wp-json\/wp\/v2\/practice_field?post=5764"},{"taxonomy":"year_generation","embeddable":true,"href":"https:\/\/www.akademie-solitude.de\/de\/wp-json\/wp\/v2\/year_generation?post=5764"}],"curies":[{"name":"wp","href":"https:\/\/api.w.org\/{rel}","templated":true}]}}

Videokünstler, geb. 1964, lebt in Lodz.<br />
<br />
Als Künstler und Organisator zahlreiche Film-, Video- und Kunstprojekte, u.a. 1992-94 mit dem Kunstzentrum Tacheles (Berlin), 1992 Gründung der Initiative A & C zur Förderung von Kontakten zwischen polnischen und deutschen Künstlern.<br />
<br />
Ab1994 Arbeit für die polnische Redaktion bei SFB 4 Multi Kulti in Berlin.<br />
<br />
1996, Teilnahme am Videofestival WRO Wroclaw (Polen).<br />
<br />
Seit 1997 Student an der Filmhochschule Lodz.
