{"id":5785,"date":"2020-03-26T14:47:42","date_gmt":"2020-03-26T13:47:42","guid":{"rendered":"https:\/\/www.akademie-solitude.de\/person\/thomas-plaichinger\/"},"modified":"2020-08-12T17:27:58","modified_gmt":"2020-08-12T15:27:58","slug":"thomas-plaichinger","status":"publish","type":"person","link":"https:\/\/www.akademie-solitude.de\/de\/person\/thomas-plaichinger\/","title":{"rendered":"Thomas  Plaichinger"},"content":{"rendered":"","protected":false},"author":1,"featured_media":0,"template":"","meta":{"_acf_changed":false,"inline_featured_image":false},"person_type":[57],"program":[],"practice_field":[119],"year_generation":[77,78],"class_list":["post-5785","person","type-person","status-publish","hentry","person_type-stipendiatinnen","practice_field-literatur","year_generation-77","year_generation-78"],"acf":{"person_id__old":"1690","person_name":{"person_name":"Thomas","person_middlename":"","person_surname":"Plaichinger"},"person_metadata":"","person_position":[57],"person_job":"","person_txt":"Geboren 1960 in Salzburg.<br \/>\n<br \/>\nGewann 1989 den F\u00f6rderpreis f\u00fcr Literatur der Stadt Hamburg; Reisestipendium des Bundesinnenministeriums f\u00fcr Unterricht und Kunst, Wien 1991. Reisestipendium des Wiener Ministeriums 1994.<br \/>\n<br \/>\nPublikationen: u.a. drei historische Sachb\u00fccher (Edition Syros-Alternatives 1986, 1987, 1988); Das Bild des Kometen (Bielefeld 1989); Mademoiselle im Hafen (1989); Der Mittelpunkt des Wartens (1994); Festland (1995); Jakob (1997); Libretto zur Oper \"Triest\" UA an der Berliner Kammeroper 1998.","person_txt_short":"","person_img":"","person_website":"","person_links":null,"person_year":[77,78],"person_residencies":[{"person_stay_from":"19920901","person_stay_to":"19930228"}],"person_residency_sort_stay_from":null,"person_residency_sort_stay_to":null,"person_practice_field":[119],"person_program":false,"person_locations":[{"person_city":"Hamburg","person_country":"Deutschland"}],"person_country":"","related_posts_event":"","related_posts_news":"","related_posts_post":null,"related_posts_schlosspost":null,"person_fellow_juror_relation":[5549]},"_links":{"self":[{"href":"https:\/\/www.akademie-solitude.de\/de\/wp-json\/wp\/v2\/person\/5785","targetHints":{"allow":["GET"]}}],"collection":[{"href":"https:\/\/www.akademie-solitude.de\/de\/wp-json\/wp\/v2\/person"}],"about":[{"href":"https:\/\/www.akademie-solitude.de\/de\/wp-json\/wp\/v2\/types\/person"}],"author":[{"embeddable":true,"href":"https:\/\/www.akademie-solitude.de\/de\/wp-json\/wp\/v2\/users\/1"}],"acf:post":[{"embeddable":true,"href":"https:\/\/www.akademie-solitude.de\/de\/wp-json\/wp\/v2\/person\/5549"}],"acf:term":[{"embeddable":true,"taxonomy":"practice_field","href":"https:\/\/www.akademie-solitude.de\/de\/wp-json\/wp\/v2\/practice_field\/119"},{"embeddable":true,"taxonomy":"year_generation","href":"https:\/\/www.akademie-solitude.de\/de\/wp-json\/wp\/v2\/year_generation\/78"},{"embeddable":true,"taxonomy":"year_generation","href":"https:\/\/www.akademie-solitude.de\/de\/wp-json\/wp\/v2\/year_generation\/77"},{"embeddable":true,"taxonomy":"person_type","href":"https:\/\/www.akademie-solitude.de\/de\/wp-json\/wp\/v2\/person_type\/57"}],"wp:attachment":[{"href":"https:\/\/www.akademie-solitude.de\/de\/wp-json\/wp\/v2\/media?parent=5785"}],"wp:term":[{"taxonomy":"person_type","embeddable":true,"href":"https:\/\/www.akademie-solitude.de\/de\/wp-json\/wp\/v2\/person_type?post=5785"},{"taxonomy":"program","embeddable":true,"href":"https:\/\/www.akademie-solitude.de\/de\/wp-json\/wp\/v2\/program?post=5785"},{"taxonomy":"practice_field","embeddable":true,"href":"https:\/\/www.akademie-solitude.de\/de\/wp-json\/wp\/v2\/practice_field?post=5785"},{"taxonomy":"year_generation","embeddable":true,"href":"https:\/\/www.akademie-solitude.de\/de\/wp-json\/wp\/v2\/year_generation?post=5785"}],"curies":[{"name":"wp","href":"https:\/\/api.w.org\/{rel}","templated":true}]}}

Geboren 1960 in Salzburg.<br />
<br />
Gewann 1989 den Förderpreis für Literatur der Stadt Hamburg; Reisestipendium des Bundesinnenministeriums für Unterricht und Kunst, Wien 1991. Reisestipendium des Wiener Ministeriums 1994.<br />
<br />
Publikationen: u.a. drei historische Sachbücher (Edition Syros-Alternatives 1986, 1987, 1988); Das Bild des Kometen (Bielefeld 1989); Mademoiselle im Hafen (1989); Der Mittelpunkt des Wartens (1994); Festland (1995); Jakob (1997); Libretto zur Oper "Triest" UA an der Berliner Kammeroper 1998.
